{"id":100089,"date":"2026-03-12T18:56:38","date_gmt":"2026-03-12T18:56:38","guid":{"rendered":"https:\/\/brandss.com.py\/index\/?post_type=product&#038;p=100089"},"modified":"2026-03-12T18:58:11","modified_gmt":"2026-03-12T18:58:11","slug":"perfume-unisex-montana-collection-edition-1-edp-100ml","status":"publish","type":"product","link":"https:\/\/brandss.com.py\/index\/producto\/perfume-unisex-montana-collection-edition-1-edp-100ml\/","title":{"rendered":"PERFUME UNISEX MONTANA COLLECTION EDITION 1 EDP 100ML"},"content":{"rendered":"<p><img loading=\"lazy\" decoding=\"async\" class=\"\" src=\"https:\/\/static.wixstatic.com\/media\/4f6ea0_f48953374dfc4e2fb45e12a96a663301.jpg\/v1\/fit\/w_2500,h_1330,al_c\/4f6ea0_f48953374dfc4e2fb45e12a96a663301.jpg\" alt=\"PARFUMS MONTANA PARIS | Eau de toilette Parfum de Femme\" width=\"103\" height=\"52\" \/><\/p>\n<h1>COLLECTION EDITION 1<\/h1>\n<p><strong><em>Una refinada armon\u00eda olfativa con acordes chispeantes y sensuales.<\/em><\/strong><\/p>\n<p><span dir=\"auto\">Est\u00e1 impregnado de una fragancia cautivadora que te distingue con sofisticaci\u00f3n y lujo. <\/span><span dir=\"auto\">Una mezcla arom\u00e1tica especial y vibrante que aumenta tu belleza y estimula tu sensaci\u00f3n de confianza. <\/span><span dir=\"auto\">Disfruta de tu propia belleza y brilla en los m\u00e1s altos niveles de atractivo con esta mezcla arom\u00e1tica \u00fanica. <\/span><span dir=\"auto\">Es una fragancia para toda ocasi\u00f3n, para hombres y mujeres con buen gusto y esp\u00edritu libre.<\/span><\/p>\n<p>&nbsp;<\/p>\n<h3>Notas Olfativas<\/h3>\n<p>&nbsp;<\/p>\n<p>Montana Collection Edition 1 es un sofisticado Eau De Parfum presentado en 1986 que encarna la elegancia atemporal y la sofisticaci\u00f3n moderna.. Esta lujosa fragancia se abre con refrescantes notas de salida de bergamota y lim\u00f3n, creando una experiencia arom\u00e1tica vigorizante y cautivadora.. Perfecto para quienes aprecian las fragancias cl\u00e1sicas con un toque contempor\u00e1neo, este eau de parfum ofrece una duraci\u00f3n prolongada y una calidad excepcional que lo ha convertido en una opci\u00f3n favorita desde su introducci\u00f3n.<\/p>\n<p><strong>Notas de salida:<\/strong> bergamota, cardamomo, pimienta negra.<\/p>\n<p><strong>Notas de coraz\u00f3n:<\/strong> mandarina, melocot\u00f3n, frambuesa.<\/p>\n<p><strong>Notas de fondo:<\/strong> s\u00e1ndalo, cedro, almizcle.<\/p>\n","protected":false},"excerpt":{"rendered":"<p>COLLECTION EDITION 1 Una refinada armon\u00eda olfativa con acordes chispeantes y sensuales. Est\u00e1 impregnado de una fragancia cautivadora que te<\/p>\n","protected":false},"featured_media":100090,"comment_status":"open","ping_status":"closed","template":"","meta":{"nf_dc_page":""},"product_brand":[2140],"product_cat":[84],"product_tag":[3099],"class_list":{"0":"post-100089","1":"product","2":"type-product","3":"status-publish","4":"has-post-thumbnail","6":"product_brand-montana","7":"product_cat-perfumeria","8":"product_tag-3099","10":"first","11":"instock","12":"sale","13":"shipping-taxable","14":"purchasable","15":"product-type-simple"},"_links":{"self":[{"href":"https:\/\/brandss.com.py\/index\/wp-json\/wp\/v2\/product\/100089","targetHints":{"allow":["GET"]}}],"collection":[{"href":"https:\/\/brandss.com.py\/index\/wp-json\/wp\/v2\/product"}],"about":[{"href":"https:\/\/brandss.com.py\/index\/wp-json\/wp\/v2\/types\/product"}],"replies":[{"embeddable":true,"href":"https:\/\/brandss.com.py\/index\/wp-json\/wp\/v2\/comments?post=100089"}],"version-history":[{"count":1,"href":"https:\/\/brandss.com.py\/index\/wp-json\/wp\/v2\/product\/100089\/revisions"}],"predecessor-version":[{"id":100092,"href":"https:\/\/brandss.com.py\/index\/wp-json\/wp\/v2\/product\/100089\/revisions\/100092"}],"wp:featuredmedia":[{"embeddable":true,"href":"https:\/\/brandss.com.py\/index\/wp-json\/wp\/v2\/media\/100090"}],"wp:attachment":[{"href":"https:\/\/brandss.com.py\/index\/wp-json\/wp\/v2\/media?parent=100089"}],"wp:term":[{"taxonomy":"product_brand","embeddable":true,"href":"https:\/\/brandss.com.py\/index\/wp-json\/wp\/v2\/product_brand?post=100089"},{"taxonomy":"product_cat","embeddable":true,"href":"https:\/\/brandss.com.py\/index\/wp-json\/wp\/v2\/product_cat?post=100089"},{"taxonomy":"product_tag","embeddable":true,"href":"https:\/\/brandss.com.py\/index\/wp-json\/wp\/v2\/product_tag?post=100089"}],"curies":[{"name":"wp","href":"https:\/\/api.w.org\/{rel}","templated":true}]}}