{"id":100115,"date":"2026-03-13T13:03:15","date_gmt":"2026-03-13T13:03:15","guid":{"rendered":"https:\/\/brandss.com.py\/index\/?post_type=product&#038;p=100115"},"modified":"2026-03-13T13:03:55","modified_gmt":"2026-03-13T13:03:55","slug":"perfume-femenino-agatha-un-soir-a-paris-edp-100ml","status":"publish","type":"product","link":"https:\/\/brandss.com.py\/index\/producto\/perfume-femenino-agatha-un-soir-a-paris-edp-100ml\/","title":{"rendered":"PERFUME FEMENINO AGATHA UN SOIR A PARIS EDP 100ML"},"content":{"rendered":"<p><img loading=\"lazy\" decoding=\"async\" class=\"\" src=\"https:\/\/mir-s3-cdn-cf.behance.net\/project_modules\/max_1200_webp\/f3b8b973241339.5c030751020ca.jpg\" alt=\"Agatha Paris :: Behance\" width=\"145\" height=\"102\" \/><\/p>\n<h1>UN SOIR A PARIS<\/h1>\n<p>Los perfumes AGATHA reflejan la elegancia y el estilo moderno y chic de la mujer parisina. En cada perfume ofrece aromas que te hacen vivir diferentes momentos del d\u00eda en los lugares simb\u00f3licos de Par\u00eds. Un soir a Paris te recuerda las noches rom\u00e1nticas y divertidas de Par\u00eds.<\/p>\n<p><span dir=\"auto\">Un Soir A Paris captura la esencia del encanto parisino cl\u00e1sico, lo que lo convierte en la fragancia perfecta para las mujeres que aprecian la elegancia atemporal y los aromas rom\u00e1nticos. <\/span>Este Eau De Parfum ofrece una experiencia olfativa duradera, asegurando que su encantador aroma perdure durante todo el d\u00eda, perfecto para cualquier ocasi\u00f3n. Ideal tanto para el d\u00eda como para la noche, esta fragancia se adapta perfectamente a cualquier ocasi\u00f3n, desde una salida informal hasta una velada sofisticada, ofreciendo versatilidad para la mujer moderna.<\/p>\n<p>&nbsp;<\/p>\n<h3>Notas Olfativas<\/h3>\n<p>&nbsp;<\/p>\n<p><span dir=\"auto\">Un Soir A Paris, dise\u00f1ado para capturar la atm\u00f3sfera m\u00e1gica de la capital francesa. Esta exquisita fragancia femenina fue creada por uno de los perfumistas contempor\u00e1neos m\u00e1s destacados, Philippe Bousseton, quien logr\u00f3 crear una obra maestra que realza la feminidad y la elegancia. <\/span><span dir=\"auto\">Agatha Un Soir A Paris pertenece a la familia olfativa frutal-floral. Su composici\u00f3n se abre con vibrantes notas de frambuesa, neroli y mandarina. En su coraz\u00f3n, el jazm\u00edn sambac, la flor de naranjo y el pachul\u00ed realzan sutilmente el gusto exquisito de quien lo usa, mientras que la deliciosa vainilla, el almizcle y el \u00e1mbar dejan una fragancia sofisticada en su piel.<\/span><\/p>\n<p><strong><span dir=\"auto\">Notas de salida:<\/span><\/strong><span dir=\"auto\"> neroli, frambuesa, mandarina.<\/span><br \/>\n<strong><span dir=\"auto\">Notas de coraz\u00f3n:<\/span><\/strong><span dir=\"auto\"> flor de naranjo, pachul\u00ed, jazm\u00edn sambac.<\/span><br \/>\n<strong><span dir=\"auto\">Notas de fondo:<\/span><\/strong><span dir=\"auto\"> \u00e1mbar gris, almizcle, vainilla.<\/span><\/p>\n","protected":false},"excerpt":{"rendered":"<p>UN SOIR A PARIS Los perfumes AGATHA reflejan la elegancia y el estilo moderno y chic de la mujer parisina.<\/p>\n","protected":false},"featured_media":100116,"comment_status":"open","ping_status":"closed","template":"","meta":{"nf_dc_page":""},"product_brand":[2034],"product_cat":[84],"product_tag":[3105],"class_list":{"0":"post-100115","1":"product","2":"type-product","3":"status-publish","4":"has-post-thumbnail","6":"product_brand-agatha","7":"product_cat-perfumeria","8":"product_tag-3105","10":"first","11":"instock","12":"shipping-taxable","13":"purchasable","14":"product-type-simple"},"_links":{"self":[{"href":"https:\/\/brandss.com.py\/index\/wp-json\/wp\/v2\/product\/100115","targetHints":{"allow":["GET"]}}],"collection":[{"href":"https:\/\/brandss.com.py\/index\/wp-json\/wp\/v2\/product"}],"about":[{"href":"https:\/\/brandss.com.py\/index\/wp-json\/wp\/v2\/types\/product"}],"replies":[{"embeddable":true,"href":"https:\/\/brandss.com.py\/index\/wp-json\/wp\/v2\/comments?post=100115"}],"version-history":[{"count":1,"href":"https:\/\/brandss.com.py\/index\/wp-json\/wp\/v2\/product\/100115\/revisions"}],"predecessor-version":[{"id":100118,"href":"https:\/\/brandss.com.py\/index\/wp-json\/wp\/v2\/product\/100115\/revisions\/100118"}],"wp:featuredmedia":[{"embeddable":true,"href":"https:\/\/brandss.com.py\/index\/wp-json\/wp\/v2\/media\/100116"}],"wp:attachment":[{"href":"https:\/\/brandss.com.py\/index\/wp-json\/wp\/v2\/media?parent=100115"}],"wp:term":[{"taxonomy":"product_brand","embeddable":true,"href":"https:\/\/brandss.com.py\/index\/wp-json\/wp\/v2\/product_brand?post=100115"},{"taxonomy":"product_cat","embeddable":true,"href":"https:\/\/brandss.com.py\/index\/wp-json\/wp\/v2\/product_cat?post=100115"},{"taxonomy":"product_tag","embeddable":true,"href":"https:\/\/brandss.com.py\/index\/wp-json\/wp\/v2\/product_tag?post=100115"}],"curies":[{"name":"wp","href":"https:\/\/api.w.org\/{rel}","templated":true}]}}