{"id":100119,"date":"2026-03-13T13:31:35","date_gmt":"2026-03-13T13:31:35","guid":{"rendered":"https:\/\/brandss.com.py\/index\/?post_type=product&#038;p=100119"},"modified":"2026-03-13T13:32:00","modified_gmt":"2026-03-13T13:32:00","slug":"perfume-femenino-agatha-paris-dream-edt-100ml","status":"publish","type":"product","link":"https:\/\/brandss.com.py\/index\/producto\/perfume-femenino-agatha-paris-dream-edt-100ml\/","title":{"rendered":"PERFUME FEMENINO AGATHA PARIS DREAM EDT 100ML"},"content":{"rendered":"<p><img loading=\"lazy\" decoding=\"async\" class=\"\" src=\"https:\/\/mir-s3-cdn-cf.behance.net\/project_modules\/max_1200_webp\/f3b8b973241339.5c030751020ca.jpg\" alt=\"Agatha Paris :: Behance\" width=\"108\" height=\"76\" \/><\/p>\n<h1>DREAM<\/h1>\n<p>Esta fragancia refinada, ligera y serena est\u00e1 creada para mujeres rom\u00e1nticas y so\u00f1adoras que disfrutan del d\u00eda a d\u00eda y poseen una naturaleza alegre y relajada. Agatha Dream se presenta en un frasco cil\u00edndrico de vidrio, caracter\u00edstico de la marca, en un intenso tono rosa.<\/p>\n<h3>Notas Olfativas<\/h3>\n<p>Agatha Dream es un lujoso eau de toilette con una fragancia frutal-floral para mujer, lanzado en 2019. Concisa y perfectamente equilibrada, la fragancia se abre delicadamente con notas dulces, jugosas y ligeramente \u00e1cidas de grosella negra. El coraz\u00f3n de Dream se despliega con exquisitas notas especiadas de jazm\u00edn blanco, entrelazadas en las notas de fondo con el encantador, delicioso y fresco aroma de las frambuesas dulces.<\/p>\n<p><strong>Nota de salida:<\/strong> mandarina italiana, cassis (grosella negra).<\/p>\n<p><strong>Nota de coraz\u00f3n:<\/strong> peon\u00eda roja, jazm\u00edn salvaje.<\/p>\n<p><strong>Nota de fondo:<\/strong> frambuesa, mora, pralina, vainilla, s\u00e1ndalo, almizcle<\/p>\n","protected":false},"excerpt":{"rendered":"<p>DREAM Esta fragancia refinada, ligera y serena est\u00e1 creada para mujeres rom\u00e1nticas y so\u00f1adoras que disfrutan del d\u00eda a d\u00eda<\/p>\n","protected":false},"featured_media":100120,"comment_status":"open","ping_status":"closed","template":"","meta":{"nf_dc_page":""},"product_brand":[2034],"product_cat":[84],"product_tag":[3106],"class_list":{"0":"post-100119","1":"product","2":"type-product","3":"status-publish","4":"has-post-thumbnail","6":"product_brand-agatha","7":"product_cat-perfumeria","8":"product_tag-3106","10":"first","11":"instock","12":"shipping-taxable","13":"purchasable","14":"product-type-simple"},"_links":{"self":[{"href":"https:\/\/brandss.com.py\/index\/wp-json\/wp\/v2\/product\/100119","targetHints":{"allow":["GET"]}}],"collection":[{"href":"https:\/\/brandss.com.py\/index\/wp-json\/wp\/v2\/product"}],"about":[{"href":"https:\/\/brandss.com.py\/index\/wp-json\/wp\/v2\/types\/product"}],"replies":[{"embeddable":true,"href":"https:\/\/brandss.com.py\/index\/wp-json\/wp\/v2\/comments?post=100119"}],"version-history":[{"count":1,"href":"https:\/\/brandss.com.py\/index\/wp-json\/wp\/v2\/product\/100119\/revisions"}],"predecessor-version":[{"id":100123,"href":"https:\/\/brandss.com.py\/index\/wp-json\/wp\/v2\/product\/100119\/revisions\/100123"}],"wp:featuredmedia":[{"embeddable":true,"href":"https:\/\/brandss.com.py\/index\/wp-json\/wp\/v2\/media\/100120"}],"wp:attachment":[{"href":"https:\/\/brandss.com.py\/index\/wp-json\/wp\/v2\/media?parent=100119"}],"wp:term":[{"taxonomy":"product_brand","embeddable":true,"href":"https:\/\/brandss.com.py\/index\/wp-json\/wp\/v2\/product_brand?post=100119"},{"taxonomy":"product_cat","embeddable":true,"href":"https:\/\/brandss.com.py\/index\/wp-json\/wp\/v2\/product_cat?post=100119"},{"taxonomy":"product_tag","embeddable":true,"href":"https:\/\/brandss.com.py\/index\/wp-json\/wp\/v2\/product_tag?post=100119"}],"curies":[{"name":"wp","href":"https:\/\/api.w.org\/{rel}","templated":true}]}}