{"id":100147,"date":"2026-03-13T17:21:20","date_gmt":"2026-03-13T17:21:20","guid":{"rendered":"https:\/\/brandss.com.py\/index\/?post_type=product&#038;p=100147"},"modified":"2026-04-06T19:15:04","modified_gmt":"2026-04-06T19:15:04","slug":"acondicionador-capilar-wella-professionals-fusion-intense-repair-1litro","status":"publish","type":"product","link":"https:\/\/brandss.com.py\/index\/producto\/acondicionador-capilar-wella-professionals-fusion-intense-repair-1litro\/","title":{"rendered":"ACONDICIONADOR CAPILAR WELLA PROFESSIONALS FUSION INTENSE REPAIR 1 LITRO"},"content":{"rendered":"<p><img loading=\"lazy\" decoding=\"async\" class=\"\" src=\"https:\/\/cdn.freebiesupply.com\/logos\/large\/2x\/wella-1-logo-black-and-white.png\" alt=\"Wella Logo PNG Transparent &amp; SVG Vector - Freebie Supply\" width=\"72\" height=\"72\" \/><\/p>\n<h1>FUSION INTENSE REPAIR<\/h1>\n<p><span dir=\"auto\">La l\u00ednea\u00a0<\/span><strong><span dir=\"auto\">Fusion<\/span><\/strong><span dir=\"auto\"> es completa y especializada para cabellos propensos a la rotura. Ya sea por factores t\u00e9rmicos, exposici\u00f3n excesiva al sol o tratamientos qu\u00edmicos, Wella Fusion garantiza resultados inmediatos y un 95 % de protecci\u00f3n para tu cabello. <img loading=\"lazy\" decoding=\"async\" class=\"alignleft\" src=\"https:\/\/http2.mlstatic.com\/D_NQ_NP_2X_718075-MLB93305696514_092025-F.webp\" width=\"542\" height=\"542\" \/><\/span><\/p>\n<p><span dir=\"auto\">La l\u00ednea incluye 4 productos de acci\u00f3n intensa y duradera. Con ingredientes ricos en amino\u00e1cidos que penetran en el interior de la fibra capilar y act\u00faan tambi\u00e9n externamente, ofreciendo resistencia a la rotura y mejorando el aspecto del cabello, como suavidad, brillo, hidrataci\u00f3n y un efecto antifrizz. \u00a1Estos productos son expertos en restaurar la salud de tu cabello!<\/span><\/p>\n<p><span dir=\"auto\">El acondicionador Wella Professionals Fusion Intense Repair<\/span><span dir=\"auto\">\u00a0desenreda\u00a0el cabello, dej\u00e1ndolo suave e hidratado. Proporciona suavidad y resistencia al cabello. Adem\u00e1s, cuenta con la tecnolog\u00eda Fusion que penetra profundamente en las fibras capilares, reparando la estructura, hidratando el cabello, protegiendo la queratina y fortaleciendo las hebras, reduciendo la rotura causada por da\u00f1os mec\u00e1nicos como el cepillado y las herramientas de peinado con calor.<\/span><\/p>\n<p><span dir=\"auto\"> Tambi\u00e9n garantiza la reconstrucci\u00f3n de la fibra capilar y suavidad incluso para el cabello m\u00e1s da\u00f1ado.<\/span><\/p>\n<p><b><span dir=\"auto\">Resultado:<\/span><\/b><span dir=\"auto\">\u00a0Tu cabello est\u00e1 desenredado, hasta un 95% m\u00e1s resistente a la rotura y tiene una fragancia lujosa.<\/span><\/p>\n<p><b><span dir=\"auto\">Modo de empleo:<\/span><\/b><span dir=\"auto\">\u00a0Aplica el champ\u00fa en las ra\u00edces del cabello mojado y masajea hasta que haga espuma. Extiende el producto hasta las puntas. Enjuaga. Si es necesario, repite la aplicaci\u00f3n.<\/span><\/p>\n","protected":false},"excerpt":{"rendered":"<p>FUSION INTENSE REPAIR La l\u00ednea\u00a0Fusion es completa y especializada para cabellos propensos a la rotura. Ya sea por factores t\u00e9rmicos,<\/p>\n","protected":false},"featured_media":100148,"comment_status":"open","ping_status":"closed","template":"","meta":{"nf_dc_page":""},"product_brand":[99],"product_cat":[85],"product_tag":[3383],"class_list":{"0":"post-100147","1":"product","2":"type-product","3":"status-publish","4":"has-post-thumbnail","6":"product_brand-wella","7":"product_cat-cosmeticos","8":"product_tag-3383","10":"first","11":"instock","12":"shipping-taxable","13":"purchasable","14":"product-type-simple"},"_links":{"self":[{"href":"https:\/\/brandss.com.py\/index\/wp-json\/wp\/v2\/product\/100147","targetHints":{"allow":["GET"]}}],"collection":[{"href":"https:\/\/brandss.com.py\/index\/wp-json\/wp\/v2\/product"}],"about":[{"href":"https:\/\/brandss.com.py\/index\/wp-json\/wp\/v2\/types\/product"}],"replies":[{"embeddable":true,"href":"https:\/\/brandss.com.py\/index\/wp-json\/wp\/v2\/comments?post=100147"}],"version-history":[{"count":2,"href":"https:\/\/brandss.com.py\/index\/wp-json\/wp\/v2\/product\/100147\/revisions"}],"predecessor-version":[{"id":100156,"href":"https:\/\/brandss.com.py\/index\/wp-json\/wp\/v2\/product\/100147\/revisions\/100156"}],"wp:featuredmedia":[{"embeddable":true,"href":"https:\/\/brandss.com.py\/index\/wp-json\/wp\/v2\/media\/100148"}],"wp:attachment":[{"href":"https:\/\/brandss.com.py\/index\/wp-json\/wp\/v2\/media?parent=100147"}],"wp:term":[{"taxonomy":"product_brand","embeddable":true,"href":"https:\/\/brandss.com.py\/index\/wp-json\/wp\/v2\/product_brand?post=100147"},{"taxonomy":"product_cat","embeddable":true,"href":"https:\/\/brandss.com.py\/index\/wp-json\/wp\/v2\/product_cat?post=100147"},{"taxonomy":"product_tag","embeddable":true,"href":"https:\/\/brandss.com.py\/index\/wp-json\/wp\/v2\/product_tag?post=100147"}],"curies":[{"name":"wp","href":"https:\/\/api.w.org\/{rel}","templated":true}]}}