{"id":100220,"date":"2026-03-14T13:22:51","date_gmt":"2026-03-14T13:22:51","guid":{"rendered":"https:\/\/brandss.com.py\/index\/?post_type=product&#038;p=100220"},"modified":"2026-04-27T18:27:26","modified_gmt":"2026-04-27T18:27:26","slug":"perfume-femenino-salvador-dali-laguna-edt-100ml","status":"publish","type":"product","link":"https:\/\/brandss.com.py\/index\/producto\/perfume-femenino-salvador-dali-laguna-edt-100ml\/","title":{"rendered":"PERFUME FEMENINO SALVADOR DAL\u00cd LAGUNA EDT 100ML"},"content":{"rendered":"<p><img loading=\"lazy\" decoding=\"async\" class=\"\" src=\"https:\/\/upload.wikimedia.org\/wikipedia\/commons\/0\/05\/Salvador_dali_signature.svg\" alt=\"Ta'\u00e3nga:Salvador dali signature.svg - Vikipet\u00e3\" width=\"88\" height=\"29\" \/><\/p>\n<h1>LAGUNA<\/h1>\n<h5><em><span dir=\"auto\">Atractiva. Alegre. Magn\u00edfica.\u00a0<\/span><\/em><\/h5>\n<p><span dir=\"auto\">Es una fragancia sorprendente, ex\u00f3tica y sensual que revela la frescura de las aguas turquesas y los aromas de flores coloridas. Laguna de Salvador Dal\u00ed se inspir\u00f3 en la costa. Esa maravillosa sensaci\u00f3n del sol acariciando la piel, de las olas envolviendo el cuerpo. Es una fragancia cremosa y juvenil con el poder de despertar alegr\u00eda y bienestar. Un perfume refrescante y misterioso. Una fragancia deliciosa y ligera, pensada para la sensibilidad olfativa de las mujeres j\u00f3venes. El perfume Laguna posee una riqueza arom\u00e1tica que te transporta desde largos viajes a destinos ex\u00f3ticos hasta una inmersi\u00f3n en aguas cristalinas. <img loading=\"lazy\" decoding=\"async\" class=\"alignleft\" src=\"https:\/\/www.essenciasshop.co.jp\/cdn\/shop\/files\/e4213e243da9497baffb3e0db8a3f167_2023062512561_1200x.jpg?v=1749722201\" width=\"616\" height=\"616\" \/><\/span><\/p>\n<p data-start=\"200\" data-end=\"396\">Inspirado en el universo surrealista del ic\u00f3nico artista espa\u00f1ol\u00a0Salvador Dal\u00ed,\u00a0<em data-start=\"281\" data-end=\"289\">Laguna<\/em>\u00a0es un perfume femenino lanzado en\u00a01991, que une arte y fragancia en una composici\u00f3n \u00fanica y envolvente. Su frasco azul turquesa, con la forma de\u00a0labios y nariz, evoca la sensualidad y los elementos de las obras de Dal\u00ed, evocando la belleza ex\u00f3tica de una playa mediterr\u00e1nea.<\/p>\n<p data-start=\"200\" data-end=\"396\">\n<h3>Notas Olfativas<\/h3>\n<p>&nbsp;<\/p>\n<p>Emb\u00e1rcate en un viaje a una imaginaria costa turquesa de un oc\u00e9ano lejano con Salvador Dal\u00ed Laguna para mujer. Sus notas evocan la frescura y la libertad del agua, as\u00ed como el aroma de coloridas flores ex\u00f3ticas. D\u00e9jate llevar por una ola de frescura sensual que revitaliza cuerpo y mente. Desde el primer momento, te recibir\u00e1 una gama de notas frutales que incluyen frambuesa dulce, melocot\u00f3n, ciruela, pi\u00f1a, pomelo agridulce, mandarina fresca y lim\u00f3n. El coraz\u00f3n cautiva tus sentidos con lirio del valle, rosa egipcia, jazm\u00edn e iris. Posteriormente, se complementan con notas amaderadas de cedro y s\u00e1ndalo, junto con vainilla dulce, haba tonka, coco y el inimitable pachul\u00ed, almizcle y \u00e1mbar.<\/p>\n<p><strong>Notas de salida:<\/strong> lim\u00f3n marroqu\u00ed, pi\u00f1a, ciruela, hojas de g\u00e1lbano, mandarina, melocot\u00f3n, pomelo, frambuesa.<\/p>\n<p><strong>Notas de coraz\u00f3n:<\/strong> iris italiano, jazm\u00edn, rosa egipcia, lirio de los valles, palo de rosa brasile\u00f1o.<\/p>\n<p><strong>Notas de fondo:<\/strong> haba tonka, \u00e1mbar, pachul\u00ed, coco, almizcle, vainilla, cedro, s\u00e1ndalo de madagascar.<\/p>\n<p>&nbsp;<\/p>\n","protected":false},"excerpt":{"rendered":"<p>LAGUNA Atractiva. Alegre. Magn\u00edfica.\u00a0 Es una fragancia sorprendente, ex\u00f3tica y sensual que revela la frescura de las aguas turquesas y<\/p>\n","protected":false},"featured_media":100221,"comment_status":"open","ping_status":"closed","template":"","meta":{"nf_dc_page":""},"product_brand":[3131],"product_cat":[84],"product_tag":[3133],"class_list":{"0":"post-100220","1":"product","2":"type-product","3":"status-publish","4":"has-post-thumbnail","6":"product_brand-salvador-dali","7":"product_cat-perfumeria","8":"product_tag-3133","10":"first","11":"instock","12":"shipping-taxable","13":"purchasable","14":"product-type-simple"},"_links":{"self":[{"href":"https:\/\/brandss.com.py\/index\/wp-json\/wp\/v2\/product\/100220","targetHints":{"allow":["GET"]}}],"collection":[{"href":"https:\/\/brandss.com.py\/index\/wp-json\/wp\/v2\/product"}],"about":[{"href":"https:\/\/brandss.com.py\/index\/wp-json\/wp\/v2\/types\/product"}],"replies":[{"embeddable":true,"href":"https:\/\/brandss.com.py\/index\/wp-json\/wp\/v2\/comments?post=100220"}],"version-history":[{"count":1,"href":"https:\/\/brandss.com.py\/index\/wp-json\/wp\/v2\/product\/100220\/revisions"}],"predecessor-version":[{"id":100225,"href":"https:\/\/brandss.com.py\/index\/wp-json\/wp\/v2\/product\/100220\/revisions\/100225"}],"wp:featuredmedia":[{"embeddable":true,"href":"https:\/\/brandss.com.py\/index\/wp-json\/wp\/v2\/media\/100221"}],"wp:attachment":[{"href":"https:\/\/brandss.com.py\/index\/wp-json\/wp\/v2\/media?parent=100220"}],"wp:term":[{"taxonomy":"product_brand","embeddable":true,"href":"https:\/\/brandss.com.py\/index\/wp-json\/wp\/v2\/product_brand?post=100220"},{"taxonomy":"product_cat","embeddable":true,"href":"https:\/\/brandss.com.py\/index\/wp-json\/wp\/v2\/product_cat?post=100220"},{"taxonomy":"product_tag","embeddable":true,"href":"https:\/\/brandss.com.py\/index\/wp-json\/wp\/v2\/product_tag?post=100220"}],"curies":[{"name":"wp","href":"https:\/\/api.w.org\/{rel}","templated":true}]}}