{"id":100248,"date":"2026-03-14T14:50:23","date_gmt":"2026-03-14T14:50:23","guid":{"rendered":"https:\/\/brandss.com.py\/index\/?post_type=product&#038;p=100248"},"modified":"2026-03-14T14:50:39","modified_gmt":"2026-03-14T14:50:39","slug":"perfume-masculino-gilles-cantuel-arsenal-grey-edp-100ml","status":"publish","type":"product","link":"https:\/\/brandss.com.py\/index\/producto\/perfume-masculino-gilles-cantuel-arsenal-grey-edp-100ml\/","title":{"rendered":"PERFUME MASCULINO GILLES CANTUEL ARSENAL GREY EDP 100ML"},"content":{"rendered":"<p><img loading=\"lazy\" decoding=\"async\" class=\"\" src=\"https:\/\/excellenceimp.com.br\/images\/stories\/virtuemart\/manufacturer\/resized\/0-gilles-cantuel_0x400.jpg\" alt=\"Manufacturer Details GILLES CANTUEL\" width=\"185\" height=\"87\" \/><\/p>\n<h1>ARSENAL GREY<\/h1>\n<p><span dir=\"auto\">Moderna, cautivadora y seductora.\u00a0<\/span><span dir=\"auto\">Arsenal Grey<\/span><span dir=\"auto\">\u00a0de\u00a0<\/span><span dir=\"auto\">Gilles Cantuel <\/span><span dir=\"auto\">es una fragancia c\u00e1lida y sensual que despierta los sentidos. Una fragancia acometedora e inolvidable, que no pasara desapercibido. Perfecto para aquellos que buscan una fragancia elegante y con car\u00e1cter.<br \/>\n<\/span><\/p>\n<h3>Notas Olfativas<\/h3>\n<p>Arsenal Grey Gilles Cantuel es una fragancia c\u00e1lida y sensual que despierta los sentidos. Arsenal Grey abre con una explosi\u00f3n de frutas frescas con mandarina, naranja y bergamota. En el coraz\u00f3n, un bouquet floral de violeta, rosa, an\u00eds y neroli. Finalmente, las notas de fondo con s\u00e1ndalo, vetiver y maderas ex\u00f3ticas.<\/p>\n<p><strong>Notas de salida:<\/strong> lim\u00f3n, bergamota, mandarina, g\u00e1lbano.<br \/>\n<strong>Notas de coraz\u00f3n:<\/strong> neroli, lavanda, an\u00eds, hojas de violeta.<br \/>\n<strong>Notas de fondo:<\/strong> vetiver, incienso, notas amaderadas.<\/p>\n","protected":false},"excerpt":{"rendered":"<p>ARSENAL GREY Moderna, cautivadora y seductora.\u00a0Arsenal Grey\u00a0de\u00a0Gilles Cantuel es una fragancia c\u00e1lida y sensual que despierta los sentidos. Una fragancia<\/p>\n","protected":false},"featured_media":100249,"comment_status":"open","ping_status":"closed","template":"","meta":{"nf_dc_page":""},"product_brand":[3145],"product_cat":[84],"product_tag":[3149],"class_list":{"0":"post-100248","1":"product","2":"type-product","3":"status-publish","4":"has-post-thumbnail","6":"product_brand-gilles-cantuel","7":"product_cat-perfumeria","8":"product_tag-3149","10":"first","11":"instock","12":"shipping-taxable","13":"purchasable","14":"product-type-simple"},"_links":{"self":[{"href":"https:\/\/brandss.com.py\/index\/wp-json\/wp\/v2\/product\/100248","targetHints":{"allow":["GET"]}}],"collection":[{"href":"https:\/\/brandss.com.py\/index\/wp-json\/wp\/v2\/product"}],"about":[{"href":"https:\/\/brandss.com.py\/index\/wp-json\/wp\/v2\/types\/product"}],"replies":[{"embeddable":true,"href":"https:\/\/brandss.com.py\/index\/wp-json\/wp\/v2\/comments?post=100248"}],"version-history":[{"count":1,"href":"https:\/\/brandss.com.py\/index\/wp-json\/wp\/v2\/product\/100248\/revisions"}],"predecessor-version":[{"id":100253,"href":"https:\/\/brandss.com.py\/index\/wp-json\/wp\/v2\/product\/100248\/revisions\/100253"}],"wp:featuredmedia":[{"embeddable":true,"href":"https:\/\/brandss.com.py\/index\/wp-json\/wp\/v2\/media\/100249"}],"wp:attachment":[{"href":"https:\/\/brandss.com.py\/index\/wp-json\/wp\/v2\/media?parent=100248"}],"wp:term":[{"taxonomy":"product_brand","embeddable":true,"href":"https:\/\/brandss.com.py\/index\/wp-json\/wp\/v2\/product_brand?post=100248"},{"taxonomy":"product_cat","embeddable":true,"href":"https:\/\/brandss.com.py\/index\/wp-json\/wp\/v2\/product_cat?post=100248"},{"taxonomy":"product_tag","embeddable":true,"href":"https:\/\/brandss.com.py\/index\/wp-json\/wp\/v2\/product_tag?post=100248"}],"curies":[{"name":"wp","href":"https:\/\/api.w.org\/{rel}","templated":true}]}}