{"id":100278,"date":"2026-03-14T18:09:05","date_gmt":"2026-03-14T18:09:05","guid":{"rendered":"https:\/\/brandss.com.py\/index\/?post_type=product&#038;p=100278"},"modified":"2026-04-23T17:12:49","modified_gmt":"2026-04-23T17:12:49","slug":"crema-para-contorno-ojos-skin1004-madagascar-centella-probio-cica-bakuchiol-20ml","status":"publish","type":"product","link":"https:\/\/brandss.com.py\/index\/producto\/crema-para-contorno-ojos-skin1004-madagascar-centella-probio-cica-bakuchiol-20ml\/","title":{"rendered":"CREMA PARA CONTORNO OJOS SKIN1004 MADAGASCAR CENTELLA PROBIO-CICA BAKUCHIOL 20ML"},"content":{"rendered":"<p><img loading=\"lazy\" decoding=\"async\" class=\"\" src=\"https:\/\/heyskinday.com\/cdn\/shop\/collections\/skin1004_logo.png?v=1714498278\" alt=\"Skin1004 | Korean Beauty | HeySkinday\" width=\"111\" height=\"111\" \/><\/p>\n<h1>PROBIO-CICA BAKUCHIOL<\/h1>\n<p>Es una crema eficaz para los ojos\u00a0que combina potentes ingredientes naturales para combatir los signos del envejecimiento en el contorno de los ojos. La f\u00f3rmula contiene bakuchiol, una suave pero potente alternativa vegetal al retinol, que ayuda a reducir las arrugas y a mejorar la elasticidad de la piel sin causar irritaci\u00f3n. Especialmente formulada para pieles sensibles, esta crema ofrece una hidrataci\u00f3n profunda gracias a ingredientes como el \u00e1cido hialur\u00f3nico y el squalane, que aportan suavidad y flexibilidad a la piel.<img decoding=\"async\" class=\"alignright\" src=\"https:\/\/somiskincare.com\/cdn\/shop\/files\/skin1004-cream-probio-cica-bakuchiol-eye-cream-39172049305846_1440x_62f05e4e-45c9-4c7f-9483-332d2e03ba45.webp?v=1721096328\" \/><\/p>\n<h3 class=\"ff-heading fs-heading-5-base\">Ingredientes clave<\/h3>\n<div class=\"accordion__label-icons ff-heading fs-heading-5-base\"><\/div>\n<div id=\"accordion-content-accordion_6Hd4PJ\" class=\"accordion__content fs-body-100 rte non-page-rte measure\" aria-hidden=\"false\">\n<p><strong>Bakuchiol (5,000 ppm): <\/strong>un retinol de origen vegetal que ayuda a mejorar las arrugas.<\/p>\n<p><strong>Acetil hexapeptide-8:<\/strong>\u00a0tambi\u00e9n conocido como Argireline, es un p\u00e9ptido sint\u00e9tico que destaca por sus propiedades antiarrugas, similar al botox, ya que relaja los m\u00fasculos faciales y reduce la formaci\u00f3n de l\u00edneas de expresi\u00f3n. En el contorno de ojos, combate las patas de gallo, la hinchaz\u00f3n, las ojeras, mejora la textura y elasticidad de la piel, proporcionando un efecto tensor y reafirmante, adem\u00e1s de hidratar y nutrir.<\/p>\n<p><strong>Extracto de Centella Asi\u00e1tica: <\/strong>la Centella Asi\u00e1tica contiene ingredientes activos como el \u00e1cido madec\u00e1sico y el asiatic\u00f3sido, que ayudan en la s\u00edntesis de col\u00e1geno, promoviendo una excelente cicatrizaci\u00f3n de heridas y regeneraci\u00f3n de la piel. Tambi\u00e9n tiene propiedades calmantes que ayudan en el cuidado de problemas. Adem\u00e1s, protege la piel de los radicales libres y revitaliza la piel cansada<\/p>\n<p><strong>Probio-cica:<\/strong> un complejo patentado de lactobacilos fermentados con TECA, que ayuda a fortalecer la barrera cut\u00e1nea, mejorar la hidrataci\u00f3n de la piel y protegerla del da\u00f1o ambiental.<\/p>\n<p><strong>TECA:<\/strong> un extracto de centella asiatica fermentado con enzimas, que ayuda a aumentar la absorci\u00f3n de los ingredientes activos y a mejorar la eficacia de la crema.<\/p>\n<p><strong>Ceramidas NP:<\/strong> un tipo de ceramida que ayuda a fortalecer la barrera cut\u00e1nea y a prevenir la p\u00e9rdida de humedad.Aceites y mantecas hidratantes: Una mezcla de aceites y mantecas de origen natural, como el aceite de macadamia y el aceite de semilla de moringa, que nutren intensamente la piel y la dejan suave y flexible.<\/p>\n<p><strong>Phytosphingosine, Madecassic Acid, and Asiaticoside:<\/strong> estos son otros compuestos de la Centella Asi\u00e1tica que tienen propiedades antiinflamatorias, calmantes y cicatrizantes.<\/p>\n<p><strong>Fitoesteroles:<\/strong> estos compuestos vegetales ayudan a proteger la piel del da\u00f1o ambiental.<\/p>\n<p><strong>\u00c1cido hialur\u00f3nico: <\/strong>penetra en las distintas capas de la piel y proporciona una hidrataci\u00f3n profunda y duradera.<\/p>\n<p><strong>Escualano:<\/strong> es un ingrediente natural que aporta m\u00faltiples beneficios al contorno de ojos, como hidrataci\u00f3n profunda, mejora de la elasticidad, reducci\u00f3n de la inflamaci\u00f3n y protecci\u00f3n antioxidante.<\/p>\n<\/div>\n<h3><strong>Beneficios <img decoding=\"async\" class=\"alignleft\" src=\"https:\/\/sentisenti.com\/cdn\/shop\/files\/skin1004-madagascar-centella-probio-cica-bakuchiol-eye-sentisenti.jpg?v=1742929052&amp;width=600\" \/><\/strong><\/h3>\n<ul>\n<li><strong>Reduce las arrugas y las l\u00edneas de expresi\u00f3n:<\/strong>\u00a0Contiene bakuchiol, una alternativa vegetal al retinol, que reduce eficazmente los signos del envejecimiento sin causar irritaci\u00f3n cut\u00e1nea.<\/li>\n<li><strong>Adecuado para pieles sensibles:<\/strong>\u00a0La f\u00f3rmula es suave y est\u00e1 especialmente formulada para ser adecuada para la piel sensible del contorno de los ojos.<\/li>\n<li><strong>Profundamente hidratante:<\/strong>\u00a0Enriquecido con \u00e1cido hialur\u00f3nico y squalane que ayuda a mantener el equilibrio de hidrataci\u00f3n de la piel, dando como resultado una piel suave y flexible.<\/li>\n<li><strong>Calmante y reafirmante:<\/strong>\u00a0Contiene extracto fermentado de Centella Asi\u00e1tica para calmar, reparar y reforzar la barrera cut\u00e1nea.<\/li>\n<li><strong>R\u00e1pida absorci\u00f3n:<\/strong>\u00a0Su textura suave se absorbe r\u00e1pidamente y no deja sensaci\u00f3n pegajosa, por lo que es ideal para el uso diario.<\/li>\n<\/ul>\n<h3><strong>Uso<\/strong><\/h3>\n<ol>\n<li><strong>Aplique una peque\u00f1a cantidad:<\/strong>\u00a0Tome una peque\u00f1a cantidad de la crema para el contorno de ojos en la yema del dedo.<\/li>\n<li><strong>Masajee suavemente la crema para que penetre:\u00a0<\/strong>Utilice la yema del dedo o el aplicador suministrado para masajear suavemente la crema alrededor del contorno de los ojos. Conc\u00e9ntrese en las zonas donde las l\u00edneas finas y las arrugas son m\u00e1s prominentes.<\/li>\n<li><strong>Util\u00edcela por la ma\u00f1ana y por la noche:<\/strong>\u00a0Para obtener los mejores resultados, aplique la crema tanto por la ma\u00f1ana como por la noche, despu\u00e9s de la limpieza y antes de aplicar su crema facial habitual.<\/li>\n<\/ol>\n","protected":false},"excerpt":{"rendered":"<p>PROBIO-CICA BAKUCHIOL Es una crema eficaz para los ojos\u00a0que combina potentes ingredientes naturales para combatir los signos del envejecimiento en<\/p>\n","protected":false},"featured_media":100279,"comment_status":"open","ping_status":"closed","template":"","meta":{"nf_dc_page":""},"product_brand":[2689],"product_cat":[104],"product_tag":[3158],"class_list":{"0":"post-100278","1":"product","2":"type-product","3":"status-publish","4":"has-post-thumbnail","6":"product_brand-skin1004","7":"product_cat-skin-care","8":"product_tag-3158","10":"first","11":"instock","12":"shipping-taxable","13":"purchasable","14":"product-type-simple"},"_links":{"self":[{"href":"https:\/\/brandss.com.py\/index\/wp-json\/wp\/v2\/product\/100278","targetHints":{"allow":["GET"]}}],"collection":[{"href":"https:\/\/brandss.com.py\/index\/wp-json\/wp\/v2\/product"}],"about":[{"href":"https:\/\/brandss.com.py\/index\/wp-json\/wp\/v2\/types\/product"}],"replies":[{"embeddable":true,"href":"https:\/\/brandss.com.py\/index\/wp-json\/wp\/v2\/comments?post=100278"}],"version-history":[{"count":1,"href":"https:\/\/brandss.com.py\/index\/wp-json\/wp\/v2\/product\/100278\/revisions"}],"predecessor-version":[{"id":100286,"href":"https:\/\/brandss.com.py\/index\/wp-json\/wp\/v2\/product\/100278\/revisions\/100286"}],"wp:featuredmedia":[{"embeddable":true,"href":"https:\/\/brandss.com.py\/index\/wp-json\/wp\/v2\/media\/100279"}],"wp:attachment":[{"href":"https:\/\/brandss.com.py\/index\/wp-json\/wp\/v2\/media?parent=100278"}],"wp:term":[{"taxonomy":"product_brand","embeddable":true,"href":"https:\/\/brandss.com.py\/index\/wp-json\/wp\/v2\/product_brand?post=100278"},{"taxonomy":"product_cat","embeddable":true,"href":"https:\/\/brandss.com.py\/index\/wp-json\/wp\/v2\/product_cat?post=100278"},{"taxonomy":"product_tag","embeddable":true,"href":"https:\/\/brandss.com.py\/index\/wp-json\/wp\/v2\/product_tag?post=100278"}],"curies":[{"name":"wp","href":"https:\/\/api.w.org\/{rel}","templated":true}]}}