{"id":100339,"date":"2026-03-18T14:08:32","date_gmt":"2026-03-18T14:08:32","guid":{"rendered":"https:\/\/brandss.com.py\/index\/?post_type=product&#038;p=100339"},"modified":"2026-04-14T13:22:14","modified_gmt":"2026-04-14T13:22:14","slug":"perfume-masculino-maison-alhambra-so-candid-pour-homme-edp-100ml","status":"publish","type":"product","link":"https:\/\/brandss.com.py\/index\/producto\/perfume-masculino-maison-alhambra-so-candid-pour-homme-edp-100ml\/","title":{"rendered":"PERFUME MASCULINO MAISON ALHAMBRA SO CANDID POUR HOMME EDP 100ML"},"content":{"rendered":"<p><img loading=\"lazy\" decoding=\"async\" class=\"\" src=\"https:\/\/www.intenseoud.com\/cdn\/shop\/files\/6_af48202d-7832-4d48-8ab5-ffbf40f04a96.webp?v=1764114264\" width=\"139\" height=\"139\" \/><\/p>\n<h1>SO CANDID POUR HOMME<\/h1>\n<p>Ad\u00e9ntrate en un mundo donde la elegancia se une al carisma con Candid Pour Homme. Ideal para el caballero moderno que valora la sofisticaci\u00f3n y la individualidad, esta fragancia ha sido creada para dejar huella. El frasco vaporizador est\u00e1 dise\u00f1ado para una f\u00e1cil aplicaci\u00f3n, permiti\u00e9ndote combinarla a lo largo del d\u00eda para una experiencia arom\u00e1tica m\u00e1s intensa.<img loading=\"lazy\" decoding=\"async\" class=\"alignleft\" src=\"https:\/\/www.intenseoud.com\/cdn\/shop\/files\/3_21cf1535-f41b-4f16-b131-b60633c03ce5.jpg?v=1764114264\" width=\"690\" height=\"690\" \/><\/p>\n<p>Este perfume concentrado no es solo una fragancia; es una expresi\u00f3n de tu confianza y personalidad, convirti\u00e9ndose en el compa\u00f1ero perfecto para cualquier ocasi\u00f3n, ya sean eventos formales, salidas informales o el uso diario. Su perfil olfativo exclusivo lo distingue de lo convencional, permiti\u00e9ndote disfrutar de un viaje olfativo \u00fanico, memorable y cautivador.<\/p>\n<p>&nbsp;<\/p>\n<h3>Notas Olfativas<\/h3>\n<p>&nbsp;<\/p>\n<p><span dir=\"auto\">So Candid Pour Homme es una fragancia vibrante e irresistible que combina la frescura c\u00edtrica con la profunda calidez gourmand. <\/span><\/p>\n<p><span dir=\"auto\">Se abre con el brillo c\u00edtrico de la naranja sanguina y la mandarina, equilibrado por la profundidad arom\u00e1tica de la salvia. El coraz\u00f3n revela una rica armon\u00eda de melocot\u00f3n, gardenia, jazm\u00edn y flor de naranjo, realzada con un toque de miel para una dulzura suave. <\/span><\/p>\n<p><span dir=\"auto\">La base perdura con caramelo, pachul\u00ed, cera de abeja y un toque de sal marina, creando un final sensual y adictivo. Perfecta para quienes aman un aroma seguro, audaz y deliciosamente refinado.<\/span><\/p>\n<p><strong><span dir=\"auto\">Notas de salida:<\/span><\/strong><span dir=\"auto\"> naranja sanguina, mandarina, salvia sclarea.<\/span><br \/>\n<strong><span dir=\"auto\">Notas de coraz\u00f3n:<\/span><\/strong><span dir=\"auto\"> melocot\u00f3n, gardenia, jazm\u00edn, flor de naranjo, miel.<\/span><br \/>\n<strong><span dir=\"auto\">Notas de fondo:<\/span><\/strong><span dir=\"auto\"> caramelo, pachul\u00ed, cera de abejas, sal marina.<\/span><\/p>\n","protected":false},"excerpt":{"rendered":"<p>SO CANDID POUR HOMME Ad\u00e9ntrate en un mundo donde la elegancia se une al carisma con Candid Pour Homme. Ideal<\/p>\n","protected":false},"featured_media":100340,"comment_status":"open","ping_status":"closed","template":"","meta":{"nf_dc_page":""},"product_brand":[107],"product_cat":[84],"product_tag":[3169],"class_list":{"0":"post-100339","1":"product","2":"type-product","3":"status-publish","4":"has-post-thumbnail","6":"product_brand-maison-alhambra","7":"product_cat-perfumeria","8":"product_tag-3169","10":"first","11":"instock","12":"shipping-taxable","13":"purchasable","14":"product-type-simple"},"_links":{"self":[{"href":"https:\/\/brandss.com.py\/index\/wp-json\/wp\/v2\/product\/100339","targetHints":{"allow":["GET"]}}],"collection":[{"href":"https:\/\/brandss.com.py\/index\/wp-json\/wp\/v2\/product"}],"about":[{"href":"https:\/\/brandss.com.py\/index\/wp-json\/wp\/v2\/types\/product"}],"replies":[{"embeddable":true,"href":"https:\/\/brandss.com.py\/index\/wp-json\/wp\/v2\/comments?post=100339"}],"version-history":[{"count":1,"href":"https:\/\/brandss.com.py\/index\/wp-json\/wp\/v2\/product\/100339\/revisions"}],"predecessor-version":[{"id":100345,"href":"https:\/\/brandss.com.py\/index\/wp-json\/wp\/v2\/product\/100339\/revisions\/100345"}],"wp:featuredmedia":[{"embeddable":true,"href":"https:\/\/brandss.com.py\/index\/wp-json\/wp\/v2\/media\/100340"}],"wp:attachment":[{"href":"https:\/\/brandss.com.py\/index\/wp-json\/wp\/v2\/media?parent=100339"}],"wp:term":[{"taxonomy":"product_brand","embeddable":true,"href":"https:\/\/brandss.com.py\/index\/wp-json\/wp\/v2\/product_brand?post=100339"},{"taxonomy":"product_cat","embeddable":true,"href":"https:\/\/brandss.com.py\/index\/wp-json\/wp\/v2\/product_cat?post=100339"},{"taxonomy":"product_tag","embeddable":true,"href":"https:\/\/brandss.com.py\/index\/wp-json\/wp\/v2\/product_tag?post=100339"}],"curies":[{"name":"wp","href":"https:\/\/api.w.org\/{rel}","templated":true}]}}