{"id":100356,"date":"2026-03-18T14:45:28","date_gmt":"2026-03-18T14:45:28","guid":{"rendered":"https:\/\/brandss.com.py\/index\/?post_type=product&#038;p=100356"},"modified":"2026-03-18T14:45:55","modified_gmt":"2026-03-18T14:45:55","slug":"spray-corporal-femenino-lattafa-yara-tous-200ml","status":"publish","type":"product","link":"https:\/\/brandss.com.py\/index\/producto\/spray-corporal-femenino-lattafa-yara-tous-200ml\/","title":{"rendered":"SPRAY CORPORAL FEMENINO LATTAFA YARA TOUS 200ML"},"content":{"rendered":"<p><img loading=\"lazy\" decoding=\"async\" class=\"\" src=\"https:\/\/myscentjourney.s3.us-east-2.amazonaws.com\/2022\/02\/14\/29KIascent_j_marca_1644871114_202.png\" alt=\"MSJ::LATTAFA\" width=\"89\" height=\"106\" \/><\/p>\n<h1>YARA TOUS<\/h1>\n<p>Mejora tu rutina de cuidado de la piel con el desodorante Yara Tous, el complemento perfecto del famoso perfume del mismo nombre. Elegante, cautivador y eficaz, realza cada gesto diario con un irresistible toque oriental y afrutado.<img loading=\"lazy\" decoding=\"async\" class=\"alignleft\" src=\"https:\/\/lapetisquera.com.py\/wp-content\/uploads\/2026\/01\/P8988496-2.png\" width=\"570\" height=\"570\" \/><\/p>\n<p>Desde la primera aplicaci\u00f3n, te envuelve en una frescura duradera, a la vez que desprende una estela femenina y sofisticada. Complementa a la perfecci\u00f3n tu fragancia Yara Tous, prolongando su duraci\u00f3n y proporcionando un confort absoluto.<\/p>\n<p>&nbsp;<\/p>\n<h3>Notas Olfativas<\/h3>\n<p>&nbsp;<\/p>\n<p><span dir=\"auto\">Esta fragancia se abre con una suave y cremosa mezcla de almizcle, vainilla y coco, que evoca una sensaci\u00f3n c\u00e1lida y ex\u00f3tica. En el coraz\u00f3n, la dulzura del s\u00e1ndalo, el az\u00facar y el malvavisco crea un contraste delicioso y juguet\u00f3n.<\/span><\/p>\n<p><span dir=\"auto\">Su base evoca un para\u00edso tropical con notas jugosas y vibrantes de mango y otras frutas tropicales, que le aportan un toque fresco y afrutado. Esta fragancia es perfecta para quienes disfrutan de un aroma dulce y tropical con un matiz c\u00e1lido y gourmand.<\/span><\/p>\n<p><strong><span dir=\"auto\">Notas de salida:<\/span><\/strong><span dir=\"auto\">\u00a0Almizcle, vainilla, coco.<\/span><br \/>\n<strong><span dir=\"auto\">Notas de coraz\u00f3n:<\/span><\/strong><span dir=\"auto\">\u00a0S\u00e1ndalo, az\u00facar, malvavisco.<\/span><br \/>\n<strong><span dir=\"auto\">Notas de fondo:<\/span><\/strong><span dir=\"auto\">\u00a0Frutas tropicales, mango.<\/span><\/p>\n","protected":false},"excerpt":{"rendered":"<p>YARA TOUS Mejora tu rutina de cuidado de la piel con el desodorante Yara Tous, el complemento perfecto del famoso<\/p>\n","protected":false},"featured_media":100357,"comment_status":"open","ping_status":"closed","template":"","meta":{"nf_dc_page":""},"product_brand":[109],"product_cat":[94],"product_tag":[3172],"class_list":{"0":"post-100356","1":"product","2":"type-product","3":"status-publish","4":"has-post-thumbnail","6":"product_brand-lattafa","7":"product_cat-higiene-personal","8":"product_tag-3172","10":"first","11":"instock","12":"shipping-taxable","13":"purchasable","14":"product-type-simple"},"_links":{"self":[{"href":"https:\/\/brandss.com.py\/index\/wp-json\/wp\/v2\/product\/100356","targetHints":{"allow":["GET"]}}],"collection":[{"href":"https:\/\/brandss.com.py\/index\/wp-json\/wp\/v2\/product"}],"about":[{"href":"https:\/\/brandss.com.py\/index\/wp-json\/wp\/v2\/types\/product"}],"replies":[{"embeddable":true,"href":"https:\/\/brandss.com.py\/index\/wp-json\/wp\/v2\/comments?post=100356"}],"version-history":[{"count":1,"href":"https:\/\/brandss.com.py\/index\/wp-json\/wp\/v2\/product\/100356\/revisions"}],"predecessor-version":[{"id":100361,"href":"https:\/\/brandss.com.py\/index\/wp-json\/wp\/v2\/product\/100356\/revisions\/100361"}],"wp:featuredmedia":[{"embeddable":true,"href":"https:\/\/brandss.com.py\/index\/wp-json\/wp\/v2\/media\/100357"}],"wp:attachment":[{"href":"https:\/\/brandss.com.py\/index\/wp-json\/wp\/v2\/media?parent=100356"}],"wp:term":[{"taxonomy":"product_brand","embeddable":true,"href":"https:\/\/brandss.com.py\/index\/wp-json\/wp\/v2\/product_brand?post=100356"},{"taxonomy":"product_cat","embeddable":true,"href":"https:\/\/brandss.com.py\/index\/wp-json\/wp\/v2\/product_cat?post=100356"},{"taxonomy":"product_tag","embeddable":true,"href":"https:\/\/brandss.com.py\/index\/wp-json\/wp\/v2\/product_tag?post=100356"}],"curies":[{"name":"wp","href":"https:\/\/api.w.org\/{rel}","templated":true}]}}