{"id":100404,"date":"2026-03-19T11:08:57","date_gmt":"2026-03-19T11:08:57","guid":{"rendered":"https:\/\/brandss.com.py\/index\/?post_type=product&#038;p=100404"},"modified":"2026-03-19T11:09:14","modified_gmt":"2026-03-19T11:09:14","slug":"spray-corporal-masculino-lattafa-asad-bourbon-200ml","status":"publish","type":"product","link":"https:\/\/brandss.com.py\/index\/producto\/spray-corporal-masculino-lattafa-asad-bourbon-200ml\/","title":{"rendered":"SPRAY CORPORAL MASCULINO LATTAFA ASAD BOURBON 200ML"},"content":{"rendered":"<p><img loading=\"lazy\" decoding=\"async\" class=\"\" src=\"https:\/\/myscentjourney.s3.us-east-2.amazonaws.com\/2022\/02\/14\/29KIascent_j_marca_1644871114_202.png\" alt=\"MSJ::LATTAFA\" width=\"77\" height=\"91\" \/><\/p>\n<h1>ASAD BOURBON<\/h1>\n<p>Descubre el poder de la fragancia masculina con el desodorante en spray Lattafa Asad Bourbon. Con 200 ml de esencia pura, este perfume corporal es ideal para el hombre moderno que busca una experiencia olfativa impactante y cautivadora. Asad Bourbon combina notas orientales que evocan sofisticaci\u00f3n y elegancia. Su f\u00f3rmula sin alcohol proporciona una aplicaci\u00f3n suave y c\u00f3moda, garantizando frescura durante todo el d\u00eda. Este desodorante es perfecto para cualquier ocasi\u00f3n, ya sea en el trabajo, en una cita o en eventos sociales. Su fragancia es intensa pero equilibrada, permiti\u00e9ndote destacar sin ser excesivo. Con un dise\u00f1o pr\u00e1ctico y f\u00e1cil de usar, Asad Bourbon es la opci\u00f3n ideal para hombres que valoran la calidad y la autenticidad en sus productos de cuidado personal. Experimenta la sensaci\u00f3n de confianza y frescura que te brinda este perfume y transforma tu rutina diaria en un momento especial.<\/p>\n<h3>Notas Olfativas<\/h3>\n<p>Del\u00e9itese con la esencia cautivadora del spray perfumado para hombres Asad Bourbon Deo, un spray corporal de primera calidad elaborado para que se sienta segura, fresca y elegante durante todo el d\u00eda. Inspirado en la lujosa profundidad de las finas fragancias, este spray perfumado est\u00e1 dise\u00f1ado para mujeres que aprecian un toque de sofisticaci\u00f3n en su rutina diaria.<\/p>\n<p>&nbsp;<\/p>\n<p><strong>Notas de salida:<\/strong> pimienta rosa, lavanda, ciruela mirabelle.<br \/>\n<strong>Notas de coraz\u00f3n:<\/strong> cacao, davana, nuez moscada.<br \/>\n<strong>Notas de fondo:<\/strong> vetiver, vainilla bourbon, \u00e1mbar.<\/p>\n","protected":false},"excerpt":{"rendered":"<p>ASAD BOURBON Descubre el poder de la fragancia masculina con el desodorante en spray Lattafa Asad Bourbon. Con 200 ml<\/p>\n","protected":false},"featured_media":100405,"comment_status":"open","ping_status":"closed","template":"","meta":{"nf_dc_page":""},"product_brand":[109],"product_cat":[94],"product_tag":[3181],"class_list":{"0":"post-100404","1":"product","2":"type-product","3":"status-publish","4":"has-post-thumbnail","6":"product_brand-lattafa","7":"product_cat-higiene-personal","8":"product_tag-3181","10":"first","11":"instock","12":"shipping-taxable","13":"purchasable","14":"product-type-simple"},"_links":{"self":[{"href":"https:\/\/brandss.com.py\/index\/wp-json\/wp\/v2\/product\/100404","targetHints":{"allow":["GET"]}}],"collection":[{"href":"https:\/\/brandss.com.py\/index\/wp-json\/wp\/v2\/product"}],"about":[{"href":"https:\/\/brandss.com.py\/index\/wp-json\/wp\/v2\/types\/product"}],"replies":[{"embeddable":true,"href":"https:\/\/brandss.com.py\/index\/wp-json\/wp\/v2\/comments?post=100404"}],"version-history":[{"count":1,"href":"https:\/\/brandss.com.py\/index\/wp-json\/wp\/v2\/product\/100404\/revisions"}],"predecessor-version":[{"id":100408,"href":"https:\/\/brandss.com.py\/index\/wp-json\/wp\/v2\/product\/100404\/revisions\/100408"}],"wp:featuredmedia":[{"embeddable":true,"href":"https:\/\/brandss.com.py\/index\/wp-json\/wp\/v2\/media\/100405"}],"wp:attachment":[{"href":"https:\/\/brandss.com.py\/index\/wp-json\/wp\/v2\/media?parent=100404"}],"wp:term":[{"taxonomy":"product_brand","embeddable":true,"href":"https:\/\/brandss.com.py\/index\/wp-json\/wp\/v2\/product_brand?post=100404"},{"taxonomy":"product_cat","embeddable":true,"href":"https:\/\/brandss.com.py\/index\/wp-json\/wp\/v2\/product_cat?post=100404"},{"taxonomy":"product_tag","embeddable":true,"href":"https:\/\/brandss.com.py\/index\/wp-json\/wp\/v2\/product_tag?post=100404"}],"curies":[{"name":"wp","href":"https:\/\/api.w.org\/{rel}","templated":true}]}}