{"id":100409,"date":"2026-03-19T11:19:49","date_gmt":"2026-03-19T11:19:49","guid":{"rendered":"https:\/\/brandss.com.py\/index\/?post_type=product&#038;p=100409"},"modified":"2026-03-19T11:20:06","modified_gmt":"2026-03-19T11:20:06","slug":"bruma-corporal-femenino-lattafa-eclaire-250ml","status":"publish","type":"product","link":"https:\/\/brandss.com.py\/index\/producto\/bruma-corporal-femenino-lattafa-eclaire-250ml\/","title":{"rendered":"BRUMA CORPORAL FEMENINO LATTAFA ECLAIRE 250ML"},"content":{"rendered":"<p><img loading=\"lazy\" decoding=\"async\" class=\"\" src=\"https:\/\/myscentjourney.s3.us-east-2.amazonaws.com\/2022\/02\/14\/29KIascent_j_marca_1644871114_202.png\" alt=\"MSJ::LATTAFA\" width=\"86\" height=\"102\" \/><\/p>\n<h1>ECLAIRE<\/h1>\n<p>Descubre la cautivadora esencia del perfume corporal \u00c9claire, una verdadera invitaci\u00f3n a la feminidad. Con 250 ml de fragancia pura, este perfume es ideal para quienes buscan una experiencia refrescante y ligera, perfecta para el d\u00eda a d\u00eda. Su f\u00f3rmula sin alcohol proporciona una aplicaci\u00f3n suave y c\u00f3moda sobre la piel, garantizando una sensaci\u00f3n de frescura duradera. La fragancia \u00c9claire es una armoniosa combinaci\u00f3n de notas florales y frutales que se entrelazan para crear un aura de elegancia y sofisticaci\u00f3n.<img decoding=\"async\" class=\"alignleft\" src=\"https:\/\/nextcell.com.ar\/wp-content\/uploads\/2025\/10\/505075661e134ad7922bee04a11a3c7etplv-fhlh96nyum-crop-webp_400_400.webp\" \/><\/p>\n<p>Cada aplicaci\u00f3n revela un toque delicado que realza la belleza natural, convirti\u00e9ndolo en el complemento perfecto para cualquier ocasi\u00f3n. Ideal para mujeres que desean expresar su personalidad con sutileza y encanto. Este perfume corporal es f\u00e1cil de aplicar y se convierte en un aliado en tu rutina de belleza, permiti\u00e9ndote sentirte segura y radiante durante todo el d\u00eda. Su pr\u00e1ctico envase de 250 ml es perfecto para llevar en el bolso, para que puedas refrescarte en cualquier momento. Experimenta la magia de Lattafa \u00c9claire y transforma tu rutina de cuidado personal en un ritual de placer.<\/p>\n<h3>Notas Olfativas<\/h3>\n<div class=\"descnew\"><span dir=\"auto\">La bruma perfumada ofrece una selecci\u00f3n de las fragancias m\u00e1s emblem\u00e1ticas de Lattafa. Esta bruma es una opci\u00f3n exquisita para quienes aprecian la esencia de los aromas m\u00e1s c\u00e9lebres. Perfecta para el d\u00eda a d\u00eda o para ocasiones especiales, aporta un toque de elegancia.<\/span><\/div>\n<div class=\"notesfinal\">\n<p><strong><span dir=\"auto\">Notas de salida: <\/span><\/strong><span dir=\"auto\">frutas, lirio, granada, aldeh\u00eddos.<\/span><\/p>\n<\/div>\n<div class=\"notesfinal\">\n<p><strong><span dir=\"auto\">Notas de coraz\u00f3n: <\/span><\/strong><span dir=\"auto\">nardo, jazm\u00edn, gardenia, ylang-ylang, madreselva, rosa, peon\u00eda.<\/span><\/p>\n<\/div>\n<div class=\"notesfinal\">\n<p><strong><span dir=\"auto\">Notas de fondo: <\/span><\/strong><span dir=\"auto\">vainilla, almizcle blanco, s\u00e1ndalo, ambrox\u00e1n.<\/span><\/p>\n<\/div>\n","protected":false},"excerpt":{"rendered":"<p>ECLAIRE Descubre la cautivadora esencia del perfume corporal \u00c9claire, una verdadera invitaci\u00f3n a la feminidad. Con 250 ml de fragancia<\/p>\n","protected":false},"featured_media":100410,"comment_status":"open","ping_status":"closed","template":"","meta":{"nf_dc_page":""},"product_brand":[109],"product_cat":[84],"product_tag":[3182],"class_list":{"0":"post-100409","1":"product","2":"type-product","3":"status-publish","4":"has-post-thumbnail","6":"product_brand-lattafa","7":"product_cat-perfumeria","8":"product_tag-3182","10":"first","11":"instock","12":"shipping-taxable","13":"purchasable","14":"product-type-simple"},"_links":{"self":[{"href":"https:\/\/brandss.com.py\/index\/wp-json\/wp\/v2\/product\/100409","targetHints":{"allow":["GET"]}}],"collection":[{"href":"https:\/\/brandss.com.py\/index\/wp-json\/wp\/v2\/product"}],"about":[{"href":"https:\/\/brandss.com.py\/index\/wp-json\/wp\/v2\/types\/product"}],"replies":[{"embeddable":true,"href":"https:\/\/brandss.com.py\/index\/wp-json\/wp\/v2\/comments?post=100409"}],"version-history":[{"count":1,"href":"https:\/\/brandss.com.py\/index\/wp-json\/wp\/v2\/product\/100409\/revisions"}],"predecessor-version":[{"id":100413,"href":"https:\/\/brandss.com.py\/index\/wp-json\/wp\/v2\/product\/100409\/revisions\/100413"}],"wp:featuredmedia":[{"embeddable":true,"href":"https:\/\/brandss.com.py\/index\/wp-json\/wp\/v2\/media\/100410"}],"wp:attachment":[{"href":"https:\/\/brandss.com.py\/index\/wp-json\/wp\/v2\/media?parent=100409"}],"wp:term":[{"taxonomy":"product_brand","embeddable":true,"href":"https:\/\/brandss.com.py\/index\/wp-json\/wp\/v2\/product_brand?post=100409"},{"taxonomy":"product_cat","embeddable":true,"href":"https:\/\/brandss.com.py\/index\/wp-json\/wp\/v2\/product_cat?post=100409"},{"taxonomy":"product_tag","embeddable":true,"href":"https:\/\/brandss.com.py\/index\/wp-json\/wp\/v2\/product_tag?post=100409"}],"curies":[{"name":"wp","href":"https:\/\/api.w.org\/{rel}","templated":true}]}}