{"id":100414,"date":"2026-03-19T11:36:10","date_gmt":"2026-03-19T11:36:10","guid":{"rendered":"https:\/\/brandss.com.py\/index\/?post_type=product&#038;p=100414"},"modified":"2026-03-19T11:36:38","modified_gmt":"2026-03-19T11:36:38","slug":"bruma-corporal-unisex-lattafa-sehr-250ml","status":"publish","type":"product","link":"https:\/\/brandss.com.py\/index\/producto\/bruma-corporal-unisex-lattafa-sehr-250ml\/","title":{"rendered":"BRUMA CORPORAL UNISEX LATTAFA SEHR 250ML"},"content":{"rendered":"<p><img loading=\"lazy\" decoding=\"async\" class=\"\" src=\"https:\/\/myscentjourney.s3.us-east-2.amazonaws.com\/2022\/02\/14\/29KIascent_j_marca_1644871114_202.png\" alt=\"MSJ::LATTAFA\" width=\"70\" height=\"83\" \/><\/p>\n<h1>SEHR<\/h1>\n<p data-path-to-node=\"1\"><span dir=\"auto\">Es una de las incorporaciones m\u00e1s fascinantes y lujosas al cat\u00e1logo de <\/span><span dir=\"auto\">Lattafa<\/span><span dir=\"auto\">, que traslada la sofisticaci\u00f3n de la perfumer\u00eda de nicho a una refrescante versi\u00f3n de 250 ml. Esta fragancia es una oda al misterio y la seducci\u00f3n, capturando la esencia de un Oriente moderno y sofisticado.<\/span><\/p>\n<p data-path-to-node=\"2\"><span dir=\"auto\">Esta bruma corporal est\u00e1 dise\u00f1ada para personalidades intensas que buscan una firma olfativa que irradie poder, calidez y un aura de sofisticaci\u00f3n nocturna. Es la elecci\u00f3n ideal para quienes aprecian la esencia de las fragancias orientales especiadas y desean la versatilidad de una bruma corporal que no renuncia a la profundidad. Si buscas una esencia que transmita una sensaci\u00f3n de lujo y confort, y un magnetismo innegable, Sehr es tu aliado indispensable. Atrae a quienes valoran la perfumer\u00eda \u00e1rabe contempor\u00e1nea y buscan una estela reconfortante y profundamente memorable.<\/span><\/p>\n<p data-path-to-node=\"3\"><span dir=\"auto\">Con el rendimiento superior que caracteriza a los \u00faltimos lanzamientos de Lattafa, esta bruma de 250 ml ofrece una duraci\u00f3n excepcional, dejando la piel perfumada con una estela de vainilla especiada durante varias horas. Es la aliada perfecta para climas templados, ocasiones especiales nocturnas o para el uso diario de quienes desean una presencia impactante y sofisticada. El frasco, con su est\u00e9tica elegante y misteriosa, refleja a la perfecci\u00f3n la naturaleza preciosa de un contenido que es, en esencia, una oda al encanto y al arte de la seducci\u00f3n olfativa.<\/span><\/p>\n<p data-path-to-node=\"4\"><span dir=\"auto\">Lattafa Splash Sehr<\/span><span dir=\"auto\">\u00a0es una inversi\u00f3n en misterio y elegancia cautivadora. Es una fragancia que transforma la calidez de las especias y la dulzura de la vainilla en un sello distintivo de lujo absoluto, garantizando una presencia c\u00e1lida, sofisticada e inolvidable que celebra la faceta m\u00e1s magn\u00e9tica de la perfumer\u00eda \u00e1rabe.<\/span><\/p>\n<p data-path-to-node=\"4\">\n<h3 data-path-to-node=\"4\">Notas Olfativas<\/h3>\n<p data-path-to-node=\"0\">\n<p data-path-to-node=\"0\"><span dir=\"auto\">Sehr Lattafa Mist<\/span><span dir=\"auto\">\u00a0\u00a0de\u00a0\u00a0<\/span><span dir=\"auto\">Lattafa Perfumes<\/span> <span dir=\"auto\">es una fragancia oriental vainilla unisex. Se trata de una fragancia nueva,\u00a0 lanzada en 2025. Su apertura se caracteriza por una rica nota de almendra amarga combinada con la frescura especiada de la canela, creando una experiencia c\u00e1lida y envolvente. En su coraz\u00f3n, la fragancia revela una textura aterciopelada de jazm\u00edn y pomarosa, que aportan un equilibrio floral a la composici\u00f3n. La base es extraordinariamente densa para un b\u00e1lsamo, con una fusi\u00f3n de vainilla, haba tonka y \u00e1mbar, que garantizan una estela resonante, dulce y ligeramente almendrada sobre la piel.<\/span><\/p>\n<p data-path-to-node=\"0\"><span dir=\"auto\"><strong>Notas de salida:<\/strong> almendra amarga, canela.<\/span><\/p>\n<p data-path-to-node=\"0\"><span dir=\"auto\"><strong>Notas de coraz\u00f3n:<\/strong> madera de akigala, pomarosa, jazm\u00edn.<\/span><\/p>\n<p data-path-to-node=\"0\"><span dir=\"auto\"><strong>Notas de fondo:<\/strong> absoluto de vainilla, haba tonka, \u00e1mbar.<\/span><\/p>\n","protected":false},"excerpt":{"rendered":"<p>SEHR Es una de las incorporaciones m\u00e1s fascinantes y lujosas al cat\u00e1logo de Lattafa, que traslada la sofisticaci\u00f3n de la<\/p>\n","protected":false},"featured_media":100415,"comment_status":"open","ping_status":"closed","template":"","meta":{"nf_dc_page":""},"product_brand":[109],"product_cat":[84],"product_tag":[3183],"class_list":{"0":"post-100414","1":"product","2":"type-product","3":"status-publish","4":"has-post-thumbnail","6":"product_brand-lattafa","7":"product_cat-perfumeria","8":"product_tag-3183","10":"first","11":"instock","12":"shipping-taxable","13":"purchasable","14":"product-type-simple"},"_links":{"self":[{"href":"https:\/\/brandss.com.py\/index\/wp-json\/wp\/v2\/product\/100414","targetHints":{"allow":["GET"]}}],"collection":[{"href":"https:\/\/brandss.com.py\/index\/wp-json\/wp\/v2\/product"}],"about":[{"href":"https:\/\/brandss.com.py\/index\/wp-json\/wp\/v2\/types\/product"}],"replies":[{"embeddable":true,"href":"https:\/\/brandss.com.py\/index\/wp-json\/wp\/v2\/comments?post=100414"}],"version-history":[{"count":1,"href":"https:\/\/brandss.com.py\/index\/wp-json\/wp\/v2\/product\/100414\/revisions"}],"predecessor-version":[{"id":100418,"href":"https:\/\/brandss.com.py\/index\/wp-json\/wp\/v2\/product\/100414\/revisions\/100418"}],"wp:featuredmedia":[{"embeddable":true,"href":"https:\/\/brandss.com.py\/index\/wp-json\/wp\/v2\/media\/100415"}],"wp:attachment":[{"href":"https:\/\/brandss.com.py\/index\/wp-json\/wp\/v2\/media?parent=100414"}],"wp:term":[{"taxonomy":"product_brand","embeddable":true,"href":"https:\/\/brandss.com.py\/index\/wp-json\/wp\/v2\/product_brand?post=100414"},{"taxonomy":"product_cat","embeddable":true,"href":"https:\/\/brandss.com.py\/index\/wp-json\/wp\/v2\/product_cat?post=100414"},{"taxonomy":"product_tag","embeddable":true,"href":"https:\/\/brandss.com.py\/index\/wp-json\/wp\/v2\/product_tag?post=100414"}],"curies":[{"name":"wp","href":"https:\/\/api.w.org\/{rel}","templated":true}]}}