{"id":100429,"date":"2026-03-19T13:18:32","date_gmt":"2026-03-19T13:18:32","guid":{"rendered":"https:\/\/brandss.com.py\/index\/?post_type=product&#038;p=100429"},"modified":"2026-03-19T13:19:00","modified_gmt":"2026-03-19T13:19:00","slug":"perfume-unisex-al-haramain-amber-oud-rouge-edp-120ml","status":"publish","type":"product","link":"https:\/\/brandss.com.py\/index\/producto\/perfume-unisex-al-haramain-amber-oud-rouge-edp-120ml\/","title":{"rendered":"PERFUME UNISEX AL HARAMAIN AMBER OUD ROUGE EDP 120ML"},"content":{"rendered":"<p><img loading=\"lazy\" decoding=\"async\" class=\"\" src=\"https:\/\/perfumesyperfumes.com\/cdn\/shop\/collections\/LOGO_AL_HARAMAIN.png?v=1717038567\" alt=\"PERFUME UNISEX AL HARAMAIN AMBER OUD GOLD EDP 120ML \u2013 Brands\" width=\"106\" height=\"106\" \/><\/p>\n<h1>AMBER OUD ROUGE<\/h1>\n<p>Es una fragancia c\u00e1lida y vibrante donde la sofisticaci\u00f3n se entrelaza con una sensualidad equilibrada. Tiene un car\u00e1cter claramente oriental, profundo y rico, lo que la hace perfecta tanto para mujeres como para hombres. Su mezcla de acordes te envuelve, dejando una impresi\u00f3n realmente placentera.<img loading=\"lazy\" decoding=\"async\" class=\"alignleft\" src=\"https:\/\/deenandnoor.com\/cdn\/shop\/files\/IMG-0195.webp?v=1753058331&amp;width=823\" width=\"610\" height=\"601\" \/><\/p>\n<p>Su composici\u00f3n armoniosa y verdaderamente lujosa es ideal para ocasiones especiales. Orientada a la noche y distintivamente oto\u00f1al-invernal en su naturaleza, sin duda se convertir\u00e1 en la estrella de tu colecci\u00f3n.<\/p>\n<p>&nbsp;<\/p>\n<h3>Notas Olfativas<\/h3>\n<p>&nbsp;<\/p>\n<p>Amber Oud ROUGE es un Eau de Parfum unisex que se abre con una cautivadora mezcla de azafr\u00e1n y almendra amarga, formando un d\u00fao picante y vibrante desde el principio.<\/p>\n<p>Este entrelazamiento armonioso captura la atenci\u00f3n y despierta el inter\u00e9s, despleg\u00e1ndose en un coraz\u00f3n floral-amaderado de jazm\u00edn y cedro, proporcionando profundidad y ternura. Esta simbiosis elegante y hermosa muestra una influencia oriental notable. Impresiona con los tonos sensuales de \u00e1mbar y almizcle, exudando refinamiento y lujo. Esta combinaci\u00f3n deja un rastro excepcionalmente duradero y rico. Este aroma rico y c\u00e1lido es perfecto para quienes buscan elegancia y proyecci\u00f3n en un solo perfume de lujo.<\/p>\n<p><strong>Notas de salida:<\/strong> almendras amargas, azafr\u00e1n.<br \/>\n<strong>Notas de coraz\u00f3n:<\/strong> cedro, jazm\u00edn egipcio.<br \/>\n<strong>Notas de fondo:<\/strong> almizcle, \u00e1mbar.<\/p>\n<div id=\"shopify-section-sections--17543443218681__footer\" class=\"shopify-section shopify-section-group-footer-group\">\n<footer class=\"footer color-scheme-1 gradient section-sections--17543443218681__footer-padding\">\n<div class=\"footer__content-top page-width\">\n<div class=\"footer__blocks-wrapper grid grid--1-col grid--2-col grid--4-col-tablet scroll-trigger animate--slide-in scroll-trigger--offscreen\" data-cascade=\"\">\n<div class=\"footer-block grid__item footer-block--menu scroll-trigger animate--slide-in scroll-trigger--offscreen\" data-cascade=\"\"><\/div>\n<\/div>\n<\/div>\n<\/footer>\n<\/div>\n<div data-nametag=\"shop-portal-provider\" data-portal-instance-id=\"0c96ab78-3b15-4338-8f1f-02d0fcdf7fa1\" data-type=\"modal\" data-variant=\"leadCapture\">\n<div class=\"fixed inset-0 z-max overflow-hidden flex items-center justify-center pointer-events-none invisible\" data-testid=\"authorize-modal-container\">\n<div class=\"absolute -m-px h-px w-px overflow-hidden whitespace-nowrap p-0\"><\/div>\n<\/div>\n<\/div>\n","protected":false},"excerpt":{"rendered":"<p>AMBER OUD ROUGE Es una fragancia c\u00e1lida y vibrante donde la sofisticaci\u00f3n se entrelaza con una sensualidad equilibrada. Tiene un<\/p>\n","protected":false},"featured_media":100430,"comment_status":"open","ping_status":"closed","template":"","meta":{"nf_dc_page":""},"product_brand":[114],"product_cat":[84],"product_tag":[3185],"class_list":{"0":"post-100429","1":"product","2":"type-product","3":"status-publish","4":"has-post-thumbnail","6":"product_brand-al-haramain","7":"product_cat-perfumeria","8":"product_tag-3185","10":"first","11":"instock","12":"shipping-taxable","13":"purchasable","14":"product-type-simple"},"_links":{"self":[{"href":"https:\/\/brandss.com.py\/index\/wp-json\/wp\/v2\/product\/100429","targetHints":{"allow":["GET"]}}],"collection":[{"href":"https:\/\/brandss.com.py\/index\/wp-json\/wp\/v2\/product"}],"about":[{"href":"https:\/\/brandss.com.py\/index\/wp-json\/wp\/v2\/types\/product"}],"replies":[{"embeddable":true,"href":"https:\/\/brandss.com.py\/index\/wp-json\/wp\/v2\/comments?post=100429"}],"version-history":[{"count":1,"href":"https:\/\/brandss.com.py\/index\/wp-json\/wp\/v2\/product\/100429\/revisions"}],"predecessor-version":[{"id":100435,"href":"https:\/\/brandss.com.py\/index\/wp-json\/wp\/v2\/product\/100429\/revisions\/100435"}],"wp:featuredmedia":[{"embeddable":true,"href":"https:\/\/brandss.com.py\/index\/wp-json\/wp\/v2\/media\/100430"}],"wp:attachment":[{"href":"https:\/\/brandss.com.py\/index\/wp-json\/wp\/v2\/media?parent=100429"}],"wp:term":[{"taxonomy":"product_brand","embeddable":true,"href":"https:\/\/brandss.com.py\/index\/wp-json\/wp\/v2\/product_brand?post=100429"},{"taxonomy":"product_cat","embeddable":true,"href":"https:\/\/brandss.com.py\/index\/wp-json\/wp\/v2\/product_cat?post=100429"},{"taxonomy":"product_tag","embeddable":true,"href":"https:\/\/brandss.com.py\/index\/wp-json\/wp\/v2\/product_tag?post=100429"}],"curies":[{"name":"wp","href":"https:\/\/api.w.org\/{rel}","templated":true}]}}