{"id":100452,"date":"2026-03-19T14:27:42","date_gmt":"2026-03-19T14:27:42","guid":{"rendered":"https:\/\/brandss.com.py\/index\/?post_type=product&#038;p=100452"},"modified":"2026-03-19T14:28:15","modified_gmt":"2026-03-19T14:28:15","slug":"perfume-masculino-al-haramain-laventure-fraiche-edp-100ml","status":"publish","type":"product","link":"https:\/\/brandss.com.py\/index\/producto\/perfume-masculino-al-haramain-laventure-fraiche-edp-100ml\/","title":{"rendered":"PERFUME MASCULINO AL HARAMAIN L&#8217;AVENTURE FRA\u00ceCHE EDP 100ML"},"content":{"rendered":"<p><img loading=\"lazy\" decoding=\"async\" class=\"\" src=\"https:\/\/perfumesyperfumes.com\/cdn\/shop\/collections\/LOGO_AL_HARAMAIN.png?v=1717038567\" alt=\"PERFUME UNISEX AL HARAMAIN AMBER OUD DUBAI NIGHT EXTRAIT PARFUM EDP 100ML \u2013  Brands\" width=\"115\" height=\"115\" \/><\/p>\n<h1>L&#8217;AVENTURE FRA\u00ceCHE<\/h1>\n<p>Es una fragancia que te transporta a una aventura vibrante y emocionante. <span dir=\"auto\">Disfrute del refrescante encanto de\u00a0<\/span><span dir=\"auto\">L&#8217;Aventure Fraiche Extrait de Parfum<\/span><span dir=\"auto\">\u00a0de\u00a0<\/span><span dir=\"auto\">Al Haramain. <\/span><span dir=\"auto\">Una invitaci\u00f3n a elevar tus sentidos y sumergirte en un mundo de frescura sin igual.<img loading=\"lazy\" decoding=\"async\" class=\"alignleft\" src=\"https:\/\/m.media-amazon.com\/images\/I\/611yvW5CtbL._AC_SL1080_.jpg\" width=\"542\" height=\"475\" \/><\/span><\/p>\n<p><span dir=\"auto\">L&#8217;Aventure Fraiche aporta un toque fresco a la elegancia cl\u00e1sica con sus notas c\u00edtricas y amaderadas. Es una <\/span><span dir=\"auto\">fragancia <\/span><span dir=\"auto\">vers\u00e1til, perfecta tanto para ocasiones informales como formales, que ofrece un aroma refrescante que perdura durante todo el d\u00eda.<\/span><\/p>\n<p>&nbsp;<\/p>\n<h3>Notas Olfativas<\/h3>\n<p>&nbsp;<\/p>\n<p>L&#8217;Aventure Fra\u00eeche se abre con una brillante y chispeante mezcla de bergamota, lim\u00f3n y jengibre<span dir=\"auto\"> le dan a la salida de este Extrait de Parfum una fragancia luminosa y energizante.\u00a0<\/span><span dir=\"auto\">A medida que la fragancia<\/span><span dir=\"auto\">\u00a0se desarrolla, emerge un delicado bouquet de t\u00e9, hojas de violeta y cardamomo, que le aporta un toque de distinci\u00f3n y sofisticaci\u00f3n. Las notas de fondo de acordes amaderados, almizcle y s\u00e1ndalo le confieren un final c\u00e1lido y reconfortante que deja una impresi\u00f3n fresca y seductora que perdura.<\/span><\/p>\n<p>Esta fragancia evoca energ\u00eda, confianza y un esp\u00edritu fresco y contempor\u00e1neo.<\/p>\n<ul>\n<li dir=\"ltr\"><strong><span dir=\"auto\">Notas de salida: <\/span><\/strong><span dir=\"auto\">l<\/span><span dir=\"auto\">im\u00f3n, bergamota, jengibre.<\/span><\/li>\n<li dir=\"ltr\"><strong><span dir=\"auto\">Nota de coraz\u00f3n: <\/span><\/strong><span dir=\"auto\">cardamomo, t\u00e9, hojas de violeta.<\/span><\/li>\n<li dir=\"ltr\"><strong><span dir=\"auto\">Notas de fondo:\u00a0<\/span><\/strong><span dir=\"auto\">acorde amaderado, almizcle, s\u00e1ndalo.<\/span><\/li>\n<\/ul>\n","protected":false},"excerpt":{"rendered":"<p>L&#8217;AVENTURE FRA\u00ceCHE Es una fragancia que te transporta a una aventura vibrante y emocionante. Disfrute del refrescante encanto de\u00a0L&#8217;Aventure Fraiche<\/p>\n","protected":false},"featured_media":100453,"comment_status":"open","ping_status":"closed","template":"","meta":{"nf_dc_page":""},"product_brand":[114],"product_cat":[84],"product_tag":[3188],"class_list":{"0":"post-100452","1":"product","2":"type-product","3":"status-publish","4":"has-post-thumbnail","6":"product_brand-al-haramain","7":"product_cat-perfumeria","8":"product_tag-3188","10":"first","11":"instock","12":"shipping-taxable","13":"purchasable","14":"product-type-simple"},"_links":{"self":[{"href":"https:\/\/brandss.com.py\/index\/wp-json\/wp\/v2\/product\/100452","targetHints":{"allow":["GET"]}}],"collection":[{"href":"https:\/\/brandss.com.py\/index\/wp-json\/wp\/v2\/product"}],"about":[{"href":"https:\/\/brandss.com.py\/index\/wp-json\/wp\/v2\/types\/product"}],"replies":[{"embeddable":true,"href":"https:\/\/brandss.com.py\/index\/wp-json\/wp\/v2\/comments?post=100452"}],"version-history":[{"count":1,"href":"https:\/\/brandss.com.py\/index\/wp-json\/wp\/v2\/product\/100452\/revisions"}],"predecessor-version":[{"id":100459,"href":"https:\/\/brandss.com.py\/index\/wp-json\/wp\/v2\/product\/100452\/revisions\/100459"}],"wp:featuredmedia":[{"embeddable":true,"href":"https:\/\/brandss.com.py\/index\/wp-json\/wp\/v2\/media\/100453"}],"wp:attachment":[{"href":"https:\/\/brandss.com.py\/index\/wp-json\/wp\/v2\/media?parent=100452"}],"wp:term":[{"taxonomy":"product_brand","embeddable":true,"href":"https:\/\/brandss.com.py\/index\/wp-json\/wp\/v2\/product_brand?post=100452"},{"taxonomy":"product_cat","embeddable":true,"href":"https:\/\/brandss.com.py\/index\/wp-json\/wp\/v2\/product_cat?post=100452"},{"taxonomy":"product_tag","embeddable":true,"href":"https:\/\/brandss.com.py\/index\/wp-json\/wp\/v2\/product_tag?post=100452"}],"curies":[{"name":"wp","href":"https:\/\/api.w.org\/{rel}","templated":true}]}}