{"id":100492,"date":"2026-03-19T17:58:46","date_gmt":"2026-03-19T17:58:46","guid":{"rendered":"https:\/\/brandss.com.py\/index\/?post_type=product&#038;p=100492"},"modified":"2026-03-19T17:59:06","modified_gmt":"2026-03-19T17:59:06","slug":"spray-corporal-femenino-asdaaf-ameerat-al-arab-prive-rose-200ml","status":"publish","type":"product","link":"https:\/\/brandss.com.py\/index\/producto\/spray-corporal-femenino-asdaaf-ameerat-al-arab-prive-rose-200ml\/","title":{"rendered":"SPRAY CORPORAL FEMENINO ASDAAF AMEERAT AL ARAB PRIV\u00c9 ROS\u00c9 200ML"},"content":{"rendered":"<p><img loading=\"lazy\" decoding=\"async\" class=\"\" src=\"https:\/\/karismaperfumes.com\/cdn\/shop\/collections\/asdaaf-logo.webp?v=1743864908\" alt=\"ASDAAF \u2013 Karisma Perfumes\" width=\"108\" height=\"108\" \/><\/p>\n<h1>AMEERAT AL ARAB PRIV\u00c9 ROS\u00c9<\/h1>\n<p><span dir=\"auto\">Es una lujosa <\/span><span dir=\"auto\">fragancia floral frutal<\/span><span dir=\"auto\">\u00a0que combina frescura con sensual elegancia. Elaborado con la l\u00ednea premium de Asdaaf, ofrece una alternativa sofisticada a las fragancias de alta gama, sin dejar de ser accesible y perfecto para el d\u00eda a d\u00eda.<img loading=\"lazy\" decoding=\"async\" class=\"alignleft\" src=\"https:\/\/fyvspa.cl\/wp-content\/uploads\/2024\/09\/ameerat-al-arab.jpg-6.webp\" width=\"734\" height=\"734\" \/><\/span><\/p>\n<p>Este desodorante en spray es famoso por su frescura duradera y su delicado aroma a rosa empolvada, a menudo comparado con marcas de nicho por su elegante y sofisticada presentaci\u00f3n. Ligero pero de larga duraci\u00f3n, es perfecto para mujeres que desean sentirse seguras, femeninas e inolvidables, ya sea en el trabajo, en ocasiones especiales o en sus momentos de cuidado personal diarios.<\/p>\n<p>&nbsp;<\/p>\n<h3>Notas Olfativas<\/h3>\n<p>&nbsp;<\/p>\n<p>Ameerat Al Arab Prive Rose es una fragancia vibrante y delicada, dise\u00f1ada para mujeres que aprecian los aromas frescos y femeninos. Lanzada en 2023, esta fragancia combina frutas jugosas, flores ex\u00f3ticas y un fondo c\u00e1lido, creando un equilibrio perfecto entre dulzura y sofisticaci\u00f3n. <span dir=\"auto\">La fragancia\u00a0<\/span><span dir=\"auto\">comienza<\/span><span dir=\"auto\">\u00a0con una chispeante explosi\u00f3n de\u00a0\u00a0<\/span><span dir=\"auto\">fresa<\/span><span dir=\"auto\">,\u00a0<\/span><span dir=\"auto\">uva<\/span><span dir=\"auto\">\u00a0y\u00a0<\/span><span dir=\"auto\">naranja<\/span><span dir=\"auto\">, que aporta una energ\u00eda jugosa y revitalizante. A medida que evoluciona, el\u00a0<\/span><span dir=\"auto\">coraz\u00f3n<\/span><span dir=\"auto\">\u00a0florece en un rom\u00e1ntico ramo floral de\u00a0\u00a0<\/span><span dir=\"auto\">rosa<\/span><span dir=\"auto\">,\u00a0<\/span><span dir=\"auto\">jazm\u00edn<\/span><span dir=\"auto\">,\u00a0<\/span><span dir=\"auto\">gardenia<\/span><span dir=\"auto\">,\u00a0<\/span><span dir=\"auto\">lirio<\/span><span dir=\"auto\">\u00a0e\u00a0<\/span><span dir=\"auto\">ylang-ylang<\/span><span dir=\"auto\">, suavizado por un delicado velo de\u00a0<\/span><span dir=\"auto\">almizcle blanco<\/span><span dir=\"auto\">. Finalmente, la fragancia se asienta en una c\u00e1lida y aterciopelada\u00a0<\/span><span dir=\"auto\">base<\/span><span dir=\"auto\">\u00a0de\u00a0\u00a0<\/span><span dir=\"auto\">haba tonka<\/span><span dir=\"auto\">,\u00a0<\/span><span dir=\"auto\">\u00e1mbar<\/span><span dir=\"auto\">\u00a0y\u00a0<\/span><span dir=\"auto\">s\u00e1ndalo<\/span><span dir=\"auto\">, dejando una estela duradera de dulzura y profundidad.<\/span><\/p>\n<p>&nbsp;<\/p>\n<ul>\n<li><strong>Notas de salida:<\/strong> fresa, uvas, naranja.<\/li>\n<li><strong>Notas de coraz\u00f3n:<\/strong> rosa, almizcle blanco, gardenia, jazm\u00edn, ylang-ylang, azucena.<\/li>\n<li><strong>Notas de fondo:<\/strong> haba tonka, \u00e1mbar, s\u00e1ndalo.<\/li>\n<\/ul>\n","protected":false},"excerpt":{"rendered":"<p>AMEERAT AL ARAB PRIV\u00c9 ROS\u00c9 Es una lujosa fragancia floral frutal\u00a0que combina frescura con sensual elegancia. Elaborado con la l\u00ednea<\/p>\n","protected":false},"featured_media":100493,"comment_status":"open","ping_status":"closed","template":"","meta":{"nf_dc_page":""},"product_brand":[108],"product_cat":[94],"product_tag":[3194],"class_list":{"0":"post-100492","1":"product","2":"type-product","3":"status-publish","4":"has-post-thumbnail","6":"product_brand-asdaaf","7":"product_cat-higiene-personal","8":"product_tag-3194","10":"first","11":"instock","12":"shipping-taxable","13":"purchasable","14":"product-type-simple"},"_links":{"self":[{"href":"https:\/\/brandss.com.py\/index\/wp-json\/wp\/v2\/product\/100492","targetHints":{"allow":["GET"]}}],"collection":[{"href":"https:\/\/brandss.com.py\/index\/wp-json\/wp\/v2\/product"}],"about":[{"href":"https:\/\/brandss.com.py\/index\/wp-json\/wp\/v2\/types\/product"}],"replies":[{"embeddable":true,"href":"https:\/\/brandss.com.py\/index\/wp-json\/wp\/v2\/comments?post=100492"}],"version-history":[{"count":1,"href":"https:\/\/brandss.com.py\/index\/wp-json\/wp\/v2\/product\/100492\/revisions"}],"predecessor-version":[{"id":100498,"href":"https:\/\/brandss.com.py\/index\/wp-json\/wp\/v2\/product\/100492\/revisions\/100498"}],"wp:featuredmedia":[{"embeddable":true,"href":"https:\/\/brandss.com.py\/index\/wp-json\/wp\/v2\/media\/100493"}],"wp:attachment":[{"href":"https:\/\/brandss.com.py\/index\/wp-json\/wp\/v2\/media?parent=100492"}],"wp:term":[{"taxonomy":"product_brand","embeddable":true,"href":"https:\/\/brandss.com.py\/index\/wp-json\/wp\/v2\/product_brand?post=100492"},{"taxonomy":"product_cat","embeddable":true,"href":"https:\/\/brandss.com.py\/index\/wp-json\/wp\/v2\/product_cat?post=100492"},{"taxonomy":"product_tag","embeddable":true,"href":"https:\/\/brandss.com.py\/index\/wp-json\/wp\/v2\/product_tag?post=100492"}],"curies":[{"name":"wp","href":"https:\/\/api.w.org\/{rel}","templated":true}]}}