{"id":100506,"date":"2026-03-19T18:33:50","date_gmt":"2026-03-19T18:33:50","guid":{"rendered":"https:\/\/brandss.com.py\/index\/?post_type=product&#038;p=100506"},"modified":"2026-03-19T18:34:23","modified_gmt":"2026-03-19T18:34:23","slug":"perfume-masculino-maison-alhambra-cerulean-blue-edp-100ml","status":"publish","type":"product","link":"https:\/\/brandss.com.py\/index\/producto\/perfume-masculino-maison-alhambra-cerulean-blue-edp-100ml\/","title":{"rendered":"PERFUME MASCULINO MAISON ALHAMBRA CERULEAN BLUE EDP 100ML"},"content":{"rendered":"<p><img loading=\"lazy\" decoding=\"async\" class=\"\" src=\"https:\/\/images.seeklogo.com\/logo-png\/62\/1\/maison-alhambra-logo-png_seeklogo-626390.png\" alt=\"Maison Alhambra Logo PNG Vector (CDR) Free Download\" width=\"79\" height=\"79\" \/><\/p>\n<h1>CERULEAN BLUE<\/h1>\n<p>Es una fragancia cautivadora y refrescante que evoca la esencia de un horizonte azul infinito y la serenidad de la brisa marina. Cerulean blue es un eau de parfum para hombre lanzado en el a\u00f1o 2000, inspirado en la belleza y el misterio de la Alhambra, el renombrado palacio de Granada donde se fusionan las culturas espa\u00f1ola y \u00e1rabe.<img loading=\"lazy\" decoding=\"async\" class=\"alignleft\" src=\"https:\/\/aromatica.cr\/cdn\/shop\/files\/Cerulean-Blue-Aromatica-CR-459382645.jpg?v=1764170136&amp;width=990\" width=\"665\" height=\"665\" \/><\/p>\n<p>Esta fragancia te invita a un emocionante viaje para descubrir la magia y la belleza del Oriente. En ella, dos culturas se entrelazan armoniosamente para crear una obra maestra \u00fanica. Los perfumistas han combinado h\u00e1bilmente la frescura y energ\u00eda de las especias orientales con la profundidad y calidez de las notas amaderadas.<\/p>\n<p>&nbsp;<\/p>\n<h3>Notas Olfativas<\/h3>\n<p>&nbsp;<\/p>\n<p>Cerulean Blue es una fragancia de la familia olfativa Arom\u00e1tica Acu\u00e1tica para Hombres. Cerulean Blue se lanz\u00f3 en 2022. Cerulean Blue es frescura luminosa con un toque suave y relajante. Una fresca\u00a0nota inicial frutal imparte una sensaci\u00f3n de ligereza y alegr\u00eda. El bergamota, la sand\u00eda y la lavanda crean un contraste, mezclando la frescura c\u00edtrica, la jugosidad melosa y un lujoso toque de lavanda. Esto otorga a la composici\u00f3n elegancia y una frescura primaveral que evoca una sensaci\u00f3n limpia y refrescante, mientras el coraz\u00f3n floral aporta ligereza y serenidad, el bouquet floral y tierno de las\u00a0notas de coraz\u00f3n se despliega en un dueto armonioso de rico jazm\u00edn, entrelazado con la nuance \u00fanica del tulip\u00e1n. Completando la composici\u00f3n del perfume hay un acorde amaderado oriental, proporcionando una sensaci\u00f3n de calidez y profundidad. \u00c1mbar, s\u00e1ndalo blanco y almizcle forman un rastro magn\u00e9tico duradero que realza la resonancia y deja una estela c\u00e1lida, suave y equilibrada. Un perfume limpio, fresco y elegante, perfecto para quienes buscan una sensaci\u00f3n de calma con sofisticaci\u00f3n moderna.<\/p>\n<p><strong>Notas de salida:<\/strong> bergamota, lavanda, sand\u00eda.<br \/>\n<strong>Notas de coraz\u00f3n:<\/strong> jazm\u00edn, tulip\u00e1n.<br \/>\n<strong>Notas de fondo:<\/strong> almizcle, s\u00e1ndalo blanco, \u00e1mbar.<\/p>\n","protected":false},"excerpt":{"rendered":"<p>CERULEAN BLUE Es una fragancia cautivadora y refrescante que evoca la esencia de un horizonte azul infinito y la serenidad<\/p>\n","protected":false},"featured_media":100507,"comment_status":"open","ping_status":"closed","template":"","meta":{"nf_dc_page":""},"product_brand":[107],"product_cat":[84],"product_tag":[3196],"class_list":{"0":"post-100506","1":"product","2":"type-product","3":"status-publish","4":"has-post-thumbnail","6":"product_brand-maison-alhambra","7":"product_cat-perfumeria","8":"product_tag-3196","10":"first","11":"instock","12":"shipping-taxable","13":"purchasable","14":"product-type-simple"},"_links":{"self":[{"href":"https:\/\/brandss.com.py\/index\/wp-json\/wp\/v2\/product\/100506","targetHints":{"allow":["GET"]}}],"collection":[{"href":"https:\/\/brandss.com.py\/index\/wp-json\/wp\/v2\/product"}],"about":[{"href":"https:\/\/brandss.com.py\/index\/wp-json\/wp\/v2\/types\/product"}],"replies":[{"embeddable":true,"href":"https:\/\/brandss.com.py\/index\/wp-json\/wp\/v2\/comments?post=100506"}],"version-history":[{"count":1,"href":"https:\/\/brandss.com.py\/index\/wp-json\/wp\/v2\/product\/100506\/revisions"}],"predecessor-version":[{"id":100511,"href":"https:\/\/brandss.com.py\/index\/wp-json\/wp\/v2\/product\/100506\/revisions\/100511"}],"wp:featuredmedia":[{"embeddable":true,"href":"https:\/\/brandss.com.py\/index\/wp-json\/wp\/v2\/media\/100507"}],"wp:attachment":[{"href":"https:\/\/brandss.com.py\/index\/wp-json\/wp\/v2\/media?parent=100506"}],"wp:term":[{"taxonomy":"product_brand","embeddable":true,"href":"https:\/\/brandss.com.py\/index\/wp-json\/wp\/v2\/product_brand?post=100506"},{"taxonomy":"product_cat","embeddable":true,"href":"https:\/\/brandss.com.py\/index\/wp-json\/wp\/v2\/product_cat?post=100506"},{"taxonomy":"product_tag","embeddable":true,"href":"https:\/\/brandss.com.py\/index\/wp-json\/wp\/v2\/product_tag?post=100506"}],"curies":[{"name":"wp","href":"https:\/\/api.w.org\/{rel}","templated":true}]}}