{"id":100524,"date":"2026-03-20T11:18:08","date_gmt":"2026-03-20T11:18:08","guid":{"rendered":"https:\/\/brandss.com.py\/index\/?post_type=product&#038;p=100524"},"modified":"2026-03-20T11:23:38","modified_gmt":"2026-03-20T11:23:38","slug":"perfume-masculino-agatha-lhomme-azur-edp-100ml","status":"publish","type":"product","link":"https:\/\/brandss.com.py\/index\/producto\/perfume-masculino-agatha-lhomme-azur-edp-100ml\/","title":{"rendered":"PERFUME MASCULINO AGATHA L\u2019HOMME AZUR EDP 100ML"},"content":{"rendered":"<p><img loading=\"lazy\" decoding=\"async\" class=\"\" src=\"https:\/\/www.sumate.eu\/wp-content\/uploads\/2025\/02\/agatha-1.png\" alt=\"Agatha Paris - S\u00famate\" width=\"107\" height=\"84\" \/><\/p>\n<h1>L\u2019HOMME AZUR<\/h1>\n<p>Es una fragancia foug\u00e8re-frutal, vibrante y refrescante para hombre. Esta composici\u00f3n arom\u00e1tica evoca la lujosa atm\u00f3sfera de la soleada Costa Azul: aire c\u00e1lido, el suave oleaje, un cielo azul infinito y las velas blancas de los yates. La fragancia complementa a la perfecci\u00f3n la imagen impecable del hombre moderno que aprecia los cl\u00e1sicos, pero que siempre est\u00e1 abierto a nuevas emociones, experiencias y experimentos.<\/p>\n<h3>Notas Olfativas<\/h3>\n<p>La composici\u00f3n arom\u00e1tica se abre con la frescura c\u00edtrica de la bergamota, el sutil aroma de la pi\u00f1a madura y las notas herb\u00e1ceas y especiadas de la albahaca. Las notas de coraz\u00f3n presentan la fragante lavanda sobre el fondo agridulce del b\u00e1lsamo de abeto. El acorde final del perfume Agatha Paris L&#8217;Homme Azur crea una estela olfativa larga y sensual, tejida con cedro ahumado de pino, el almizcle m\u00e1s delicado y matices salinos y resinosos de \u00e1mbar.<\/p>\n<p><strong>Notas de salida:<\/strong> bergamota, pi\u00f1a, albahaca.<\/p>\n<p><strong>Notas de coraz\u00f3n:<\/strong> lavanda, abeto.<\/p>\n<p><strong>Notas de fondo:<\/strong> cedro, pino, almizcle, notas salinas, \u00e1mbar.<\/p>\n","protected":false},"excerpt":{"rendered":"<p>L\u2019HOMME AZUR Es una fragancia foug\u00e8re-frutal, vibrante y refrescante para hombre. Esta composici\u00f3n arom\u00e1tica evoca la lujosa atm\u00f3sfera de la<\/p>\n","protected":false},"featured_media":100525,"comment_status":"open","ping_status":"closed","template":"","meta":{"nf_dc_page":""},"product_brand":[2034],"product_cat":[84],"product_tag":[3200],"class_list":{"0":"post-100524","1":"product","2":"type-product","3":"status-publish","4":"has-post-thumbnail","6":"product_brand-agatha","7":"product_cat-perfumeria","8":"product_tag-3200","10":"first","11":"instock","12":"shipping-taxable","13":"purchasable","14":"product-type-simple"},"_links":{"self":[{"href":"https:\/\/brandss.com.py\/index\/wp-json\/wp\/v2\/product\/100524","targetHints":{"allow":["GET"]}}],"collection":[{"href":"https:\/\/brandss.com.py\/index\/wp-json\/wp\/v2\/product"}],"about":[{"href":"https:\/\/brandss.com.py\/index\/wp-json\/wp\/v2\/types\/product"}],"replies":[{"embeddable":true,"href":"https:\/\/brandss.com.py\/index\/wp-json\/wp\/v2\/comments?post=100524"}],"version-history":[{"count":1,"href":"https:\/\/brandss.com.py\/index\/wp-json\/wp\/v2\/product\/100524\/revisions"}],"predecessor-version":[{"id":100527,"href":"https:\/\/brandss.com.py\/index\/wp-json\/wp\/v2\/product\/100524\/revisions\/100527"}],"wp:featuredmedia":[{"embeddable":true,"href":"https:\/\/brandss.com.py\/index\/wp-json\/wp\/v2\/media\/100525"}],"wp:attachment":[{"href":"https:\/\/brandss.com.py\/index\/wp-json\/wp\/v2\/media?parent=100524"}],"wp:term":[{"taxonomy":"product_brand","embeddable":true,"href":"https:\/\/brandss.com.py\/index\/wp-json\/wp\/v2\/product_brand?post=100524"},{"taxonomy":"product_cat","embeddable":true,"href":"https:\/\/brandss.com.py\/index\/wp-json\/wp\/v2\/product_cat?post=100524"},{"taxonomy":"product_tag","embeddable":true,"href":"https:\/\/brandss.com.py\/index\/wp-json\/wp\/v2\/product_tag?post=100524"}],"curies":[{"name":"wp","href":"https:\/\/api.w.org\/{rel}","templated":true}]}}