{"id":100538,"date":"2026-03-20T12:37:26","date_gmt":"2026-03-20T12:37:26","guid":{"rendered":"https:\/\/brandss.com.py\/index\/?post_type=product&#038;p=100538"},"modified":"2026-03-20T12:38:04","modified_gmt":"2026-03-20T12:38:04","slug":"perfume-femenino-roberto-capucci-evento-donna-edp-100ml","status":"publish","type":"product","link":"https:\/\/brandss.com.py\/index\/producto\/perfume-femenino-roberto-capucci-evento-donna-edp-100ml\/","title":{"rendered":"PERFUME FEMENINO ROBERTO CAPUCCI EVENTO DONNA EDP 100ML"},"content":{"rendered":"<p><img loading=\"lazy\" decoding=\"async\" class=\"\" src=\"https:\/\/efisoul63.wordpress.com\/wp-content\/uploads\/2018\/10\/roberto-capucci-logo.png?w=640\" alt=\"Roberto-Capucci-logo | \u0395fiSoul63\" width=\"154\" height=\"59\" \/><\/p>\n<h1>EVENTO DONNA<\/h1>\n<p><span dir=\"auto\">Un perfume dise\u00f1ado para la mujer moderna, capaz de dejar su huella con encanto y elegancia en cualquier ocasi\u00f3n. <\/span>Una mujer carism\u00e1tica y segura de s\u00ed misma a la que le encanta brillar en cualquier ocasi\u00f3n.<\/p>\n<p><img loading=\"lazy\" decoding=\"async\" class=\"alignleft\" src=\"https:\/\/www.extrafragrance.it\/wp-content\/uploads\/2024\/12\/capucci-evento-donna-EDP-04.jpg\" width=\"538\" height=\"538\" \/>Posee una personalidad vivaz e intrigante, capaz de atraer y cautivar con su presencia. Capucci &#8220;Evento Donna&#8221; representa una celebraci\u00f3n de la feminidad contempor\u00e1nea, que encapsula un esp\u00edritu de elegancia y sofisticaci\u00f3n con un toque de dulzura. Su rica y din\u00e1mica composici\u00f3n olfativa combina notas frutales, florales y gourmand, evocando una sensaci\u00f3n de alegr\u00eda y seducci\u00f3n en todo momento.<\/p>\n<p>&nbsp;<\/p>\n<h3>Notas Olfativas<\/h3>\n<p>&nbsp;<\/p>\n<p data-start=\"183\" data-end=\"645\"><span dir=\"auto\">Evento Donna Eau de Parfum es una fragancia femenina floral y frutal que encarna la elegancia y el encanto. <\/span><span dir=\"auto\">La apertura fresca y jugosa de grosella negra y pera aporta luminosidad y vivacidad, seguida de un refinado coraz\u00f3n de iris, jazm\u00edn y flor de naranjo que realza la feminidad con un precioso y radiante bouquet. La base gourmand y envolvente combina pachul\u00ed, pralin\u00e9, haba tonka y vainilla, creando una estela intensa, seductora e irresistible.<\/span><\/p>\n<ul data-start=\"790\" data-end=\"949\">\n<li data-start=\"790\" data-end=\"829\">\n<p data-start=\"792\" data-end=\"829\"><strong data-start=\"792\" data-end=\"809\"><span dir=\"auto\">Notas de salida:<\/span><\/strong><span dir=\"auto\"> grosella negra, pera.<\/span><\/p>\n<\/li>\n<li data-start=\"830\" data-end=\"885\">\n<p data-start=\"832\" data-end=\"885\"><strong data-start=\"832\" data-end=\"849\"><span dir=\"auto\">Notas de coraz\u00f3n:<\/span><\/strong><span dir=\"auto\">\u00a0iris, flor de naranjo, jazm\u00edn.<\/span><\/p>\n<\/li>\n<li data-start=\"886\" data-end=\"949\">\n<p data-start=\"888\" data-end=\"949\"><strong data-start=\"888\" data-end=\"905\"><span dir=\"auto\">Notas de fondo:<\/span><\/strong><span dir=\"auto\"> pachul\u00ed, pralin\u00e9, haba tonka, vainilla.<\/span><\/p>\n<\/li>\n<\/ul>\n","protected":false},"excerpt":{"rendered":"<p>EVENTO DONNA Un perfume dise\u00f1ado para la mujer moderna, capaz de dejar su huella con encanto y elegancia en cualquier<\/p>\n","protected":false},"featured_media":100539,"comment_status":"open","ping_status":"closed","template":"","meta":{"nf_dc_page":""},"product_brand":[2027],"product_cat":[84],"product_tag":[3203],"class_list":{"0":"post-100538","1":"product","2":"type-product","3":"status-publish","4":"has-post-thumbnail","6":"product_brand-roberto-capucci","7":"product_cat-perfumeria","8":"product_tag-3203","10":"first","11":"instock","12":"shipping-taxable","13":"purchasable","14":"product-type-simple"},"_links":{"self":[{"href":"https:\/\/brandss.com.py\/index\/wp-json\/wp\/v2\/product\/100538","targetHints":{"allow":["GET"]}}],"collection":[{"href":"https:\/\/brandss.com.py\/index\/wp-json\/wp\/v2\/product"}],"about":[{"href":"https:\/\/brandss.com.py\/index\/wp-json\/wp\/v2\/types\/product"}],"replies":[{"embeddable":true,"href":"https:\/\/brandss.com.py\/index\/wp-json\/wp\/v2\/comments?post=100538"}],"version-history":[{"count":1,"href":"https:\/\/brandss.com.py\/index\/wp-json\/wp\/v2\/product\/100538\/revisions"}],"predecessor-version":[{"id":100542,"href":"https:\/\/brandss.com.py\/index\/wp-json\/wp\/v2\/product\/100538\/revisions\/100542"}],"wp:featuredmedia":[{"embeddable":true,"href":"https:\/\/brandss.com.py\/index\/wp-json\/wp\/v2\/media\/100539"}],"wp:attachment":[{"href":"https:\/\/brandss.com.py\/index\/wp-json\/wp\/v2\/media?parent=100538"}],"wp:term":[{"taxonomy":"product_brand","embeddable":true,"href":"https:\/\/brandss.com.py\/index\/wp-json\/wp\/v2\/product_brand?post=100538"},{"taxonomy":"product_cat","embeddable":true,"href":"https:\/\/brandss.com.py\/index\/wp-json\/wp\/v2\/product_cat?post=100538"},{"taxonomy":"product_tag","embeddable":true,"href":"https:\/\/brandss.com.py\/index\/wp-json\/wp\/v2\/product_tag?post=100538"}],"curies":[{"name":"wp","href":"https:\/\/api.w.org\/{rel}","templated":true}]}}