{"id":100571,"date":"2026-03-20T16:56:02","date_gmt":"2026-03-20T16:56:02","guid":{"rendered":"https:\/\/brandss.com.py\/index\/?post_type=product&#038;p=100571"},"modified":"2026-03-20T16:56:26","modified_gmt":"2026-03-20T16:56:26","slug":"perfume-unisex-armaf-eter-desert-flower-edp-100ml","status":"publish","type":"product","link":"https:\/\/brandss.com.py\/index\/producto\/perfume-unisex-armaf-eter-desert-flower-edp-100ml\/","title":{"rendered":"PERFUME UNISEX ARMAF ETER DESERT FLOWER EDP 100ML"},"content":{"rendered":"<p><img loading=\"lazy\" decoding=\"async\" class=\"\" src=\"https:\/\/vectorseek.com\/wp-content\/uploads\/2023\/12\/ARMAF-Logo-Vector.svg--300x300.png\" alt=\"PERFUME UNISEX ARMAF CLUB DE NUIT UNTOLD EDP 200ML \u2013 Brands\" width=\"84\" height=\"84\" \/><\/p>\n<h1>ETER DESERT FLOWER<\/h1>\n<p>Eleva tu estilo con Eter Desert Flower. Esta fragancia unisex presenta una cautivadora mezcla de notas florales, amaderadas y almizcladas para una experiencia olfativa \u00fanica y duradera. Perfecta para cualquier ocasi\u00f3n, este Eau de Parfum es imprescindible para quienes buscan destacar.<img loading=\"lazy\" decoding=\"async\" class=\"alignleft\" src=\"https:\/\/www.khanelkhaliliusa.com\/cdn\/shop\/files\/593bdbb7-4d70-44d5-bad0-c124688097d2.png?v=1751410002&amp;width=848\" width=\"373\" height=\"532\" \/><\/p>\n<p>Desert Flower una fragancia cautivadora y exquisita que abraza la elegancia, con su mezcla \u00fanica, Desert Flower es m\u00e1s que una simple fragancia; es una experiencia que te transporta a un mundo de sofisticaci\u00f3n y encanto.<\/p>\n<p>Perfecta para cualquier ocasi\u00f3n, Armaf Desert Flower es una declaraci\u00f3n de belleza y gracia atemporales. Ya sea que asistas a un evento especial o simplemente disfrutes de un d\u00eda al aire libre, esta fragancia es tu compa\u00f1era ideal.<\/p>\n<p>&nbsp;<\/p>\n<h3>Notas Olfativas<\/h3>\n<p>&nbsp;<\/p>\n<p><span dir=\"auto\">Desert Flower<\/span><span dir=\"auto\">, una elegante <\/span><span dir=\"auto\">fragancia unisex<\/span><span dir=\"auto\">\u00a0creada tanto para mujeres como para hombres. Lanzada en 2024, esta fragancia pertenece a la\u00a0<\/span><span dir=\"auto\">familia olfativa Floral Amaderada Almizclada<\/span><span dir=\"auto\">, ofreciendo una composici\u00f3n elegante que evoca un encanto y una confianza atemporales.<\/span><\/p>\n<p><span dir=\"auto\">La fragancia\u00a0<\/span><span dir=\"auto\">se abre<\/span><span dir=\"auto\">\u00a0con el radiante encanto del\u00a0\u00a0<\/span><span dir=\"auto\">jazm\u00edn<\/span><span dir=\"auto\">, creando un ambiente delicado pero cautivador. En su\u00a0<\/span><span dir=\"auto\">coraz\u00f3n<\/span><span dir=\"auto\">, una rica mezcla de\u00a0\u00a0<\/span><span dir=\"auto\">cuero<\/span><span dir=\"auto\">,\u00a0<\/span><span dir=\"auto\">notas dulces<\/span><span dir=\"auto\">\u00a0y m\u00e1s\u00a0<\/span><span dir=\"auto\">jazm\u00edn<\/span><span dir=\"auto\">\u00a0aporta profundidad e intriga a la composici\u00f3n. El aroma culmina con una\u00a0<\/span><span dir=\"auto\">base<\/span><span dir=\"auto\">\u00a0suave y seductora de\u00a0\u00a0<\/span><span dir=\"auto\">pachul\u00ed<\/span><span dir=\"auto\">\u00a0y\u00a0<\/span><span dir=\"auto\">almizcle<\/span><span dir=\"auto\">, ofreciendo una estela delicada y duradera, sensual e inolvidable.<\/span><\/p>\n<ul>\n<li><strong><span dir=\"auto\">Notas de salida:<\/span><\/strong><span dir=\"auto\"> jazm\u00edn.<\/span><\/li>\n<li><strong><span dir=\"auto\">Notas de coraz\u00f3n:<\/span><\/strong><span dir=\"auto\"> cuero, notas dulces, jazm\u00edn.<\/span><\/li>\n<li><strong><span dir=\"auto\">Notas de fondo:<\/span><\/strong><span dir=\"auto\"> pachul\u00ed, almizcle.<\/span><\/li>\n<\/ul>\n","protected":false},"excerpt":{"rendered":"<p>ETER DESERT FLOWER Eleva tu estilo con Eter Desert Flower. Esta fragancia unisex presenta una cautivadora mezcla de notas florales,<\/p>\n","protected":false},"featured_media":100572,"comment_status":"open","ping_status":"closed","template":"","meta":{"nf_dc_page":""},"product_brand":[106],"product_cat":[84],"product_tag":[3210],"class_list":{"0":"post-100571","1":"product","2":"type-product","3":"status-publish","4":"has-post-thumbnail","6":"product_brand-armaf","7":"product_cat-perfumeria","8":"product_tag-3210","10":"first","11":"instock","12":"shipping-taxable","13":"purchasable","14":"product-type-simple"},"_links":{"self":[{"href":"https:\/\/brandss.com.py\/index\/wp-json\/wp\/v2\/product\/100571","targetHints":{"allow":["GET"]}}],"collection":[{"href":"https:\/\/brandss.com.py\/index\/wp-json\/wp\/v2\/product"}],"about":[{"href":"https:\/\/brandss.com.py\/index\/wp-json\/wp\/v2\/types\/product"}],"replies":[{"embeddable":true,"href":"https:\/\/brandss.com.py\/index\/wp-json\/wp\/v2\/comments?post=100571"}],"version-history":[{"count":1,"href":"https:\/\/brandss.com.py\/index\/wp-json\/wp\/v2\/product\/100571\/revisions"}],"predecessor-version":[{"id":100577,"href":"https:\/\/brandss.com.py\/index\/wp-json\/wp\/v2\/product\/100571\/revisions\/100577"}],"wp:featuredmedia":[{"embeddable":true,"href":"https:\/\/brandss.com.py\/index\/wp-json\/wp\/v2\/media\/100572"}],"wp:attachment":[{"href":"https:\/\/brandss.com.py\/index\/wp-json\/wp\/v2\/media?parent=100571"}],"wp:term":[{"taxonomy":"product_brand","embeddable":true,"href":"https:\/\/brandss.com.py\/index\/wp-json\/wp\/v2\/product_brand?post=100571"},{"taxonomy":"product_cat","embeddable":true,"href":"https:\/\/brandss.com.py\/index\/wp-json\/wp\/v2\/product_cat?post=100571"},{"taxonomy":"product_tag","embeddable":true,"href":"https:\/\/brandss.com.py\/index\/wp-json\/wp\/v2\/product_tag?post=100571"}],"curies":[{"name":"wp","href":"https:\/\/api.w.org\/{rel}","templated":true}]}}