{"id":100685,"date":"2026-03-23T16:35:16","date_gmt":"2026-03-23T16:35:16","guid":{"rendered":"https:\/\/brandss.com.py\/index\/?post_type=product&#038;p=100685"},"modified":"2026-03-23T16:35:37","modified_gmt":"2026-03-23T16:35:37","slug":"mascara-capilar-shiseido-fino-premium-touch-230gr","status":"publish","type":"product","link":"https:\/\/brandss.com.py\/index\/producto\/mascara-capilar-shiseido-fino-premium-touch-230gr\/","title":{"rendered":"M\u00c1SCARA CAPILAR SHISEIDO FINO PREMIUM TOUCH 230GR"},"content":{"rendered":"<p><img loading=\"lazy\" decoding=\"async\" class=\"\" src=\"https:\/\/logos-world.net\/wp-content\/uploads\/2020\/11\/Shiseido-Logo.png\" alt=\"Shiseido Logo, symbol, meaning, history, PNG, brand\" width=\"126\" height=\"71\" \/><\/p>\n<h1>FINO PREMIUM TOUCH<\/h1>\n<p><span dir=\"auto\">La\u00a0<\/span><span dir=\"auto\">mascarilla capilar FINO Premium Touch<\/span><span dir=\"auto\">\u00a0es un\u00a0lujoso tratamiento acondicionador intensivo\u00a0dise\u00f1ado para restaurar el cabello seco, da\u00f1ado y tratado qu\u00edmicamente. Enriquecida con una potente mezcla de\u00a0ingredientes de s\u00e9rum de belleza\u00a0, esta mascarilla penetra profundamente en las hebras capilares para\u00a0reparar, nutrir y fortalecer desde el interior\u00a0. Deja el cabello\u00a0suave, brillante y revitalizado\u00a0sin apelmazarlo. Ideal para quienes luchan contra\u00a0el frizz, las puntas abiertas y el cabello apagado.<img loading=\"lazy\" decoding=\"async\" class=\"alignleft\" src=\"https:\/\/miraebeautyhub.com\/cdn\/shop\/files\/Fino-Hair-Mask-06.jpg?v=1772113438&amp;width=1400\" width=\"760\" height=\"760\" \/><\/span><\/p>\n<h3><\/h3>\n<h3>Ingredientes clave<\/h3>\n<p>&nbsp;<\/p>\n<ul>\n<li><strong><span dir=\"auto\">Extracto de jalea real<\/span><\/strong><span dir=\"auto\">\u00a0: nutre y fortalece profundamente el cabello.<\/span><\/li>\n<li><strong><span dir=\"auto\">PCA (\u00e1cido pirrolidona carbox\u00edlico)<\/span><\/strong><span dir=\"auto\">\u00a0: restablece el equilibrio de humedad.<\/span><\/li>\n<li><strong><span dir=\"auto\">Vitamina E a base de l\u00edpidos<\/span><\/strong><span dir=\"auto\">\u00a0: ayuda a reparar y proteger el cabello del da\u00f1o.<\/span><\/li>\n<li><strong><span dir=\"auto\">Escualano<\/span><\/strong><span dir=\"auto\">\u00a0: proporciona hidrataci\u00f3n y suavidad de larga duraci\u00f3n.<\/span><\/li>\n<li><strong><span dir=\"auto\">Dimeticona<\/span><\/strong><span dir=\"auto\">\u00a0: forma una capa protectora para prevenir la p\u00e9rdida de humedad.<\/span><\/li>\n<\/ul>\n<h3><\/h3>\n<h3>Beneficios<\/h3>\n<p>&nbsp;<\/p>\n<ul>\n<li><span dir=\"auto\">Tratamiento intensivo de acondicionamiento profundo para restaurar la hidrataci\u00f3n y la suavidad.<\/span><\/li>\n<li><span dir=\"auto\">Repara el cabello da\u00f1ado y tratado qu\u00edmicamente.<\/span><\/li>\n<li><span dir=\"auto\">Suaviza el encrespamiento y mejora la textura del cabello.<\/span><\/li>\n<li><span dir=\"auto\">F\u00f3rmula ligera y no grasa<\/span><\/li>\n<li><span dir=\"auto\">Contiene ricos s\u00e9rums de belleza para una nutrici\u00f3n duradera.<\/span><\/li>\n<li><span dir=\"auto\">Aporta brillo y suavidad al cabello opaco y seco.<\/span><\/li>\n<\/ul>\n<h3><\/h3>\n<h3>Modo de uso<\/h3>\n<p>&nbsp;<\/p>\n<ul>\n<li><span dir=\"auto\">Despu\u00e9s de lavar<\/span><span dir=\"auto\">\u00a0el cabello con champ\u00fa, esc\u00farrelo bien para eliminar el exceso de agua.<\/span><\/li>\n<li><span dir=\"auto\">Toma una cantidad generosa y apl\u00edcala uniformemente desde la mitad del cabello hasta las puntas.<\/span><\/li>\n<li><span dir=\"auto\">Masajear suavemente para asegurar una absorci\u00f3n completa.<\/span><\/li>\n<li><span dir=\"auto\">Dejar actuar de\u00a0<\/span><span dir=\"auto\">3 a 5 minutos<\/span><span dir=\"auto\">\u00a0para una penetraci\u00f3n profunda.<\/span><\/li>\n<li><span dir=\"auto\">Enjuagar bien con agua tibia.<\/span><\/li>\n<li><span dir=\"auto\">Para obtener mejores resultados,\u00a0\u00faselo\u00a0<\/span><span dir=\"auto\">de 1 a 2 veces por semana .<\/span><\/li>\n<\/ul>\n","protected":false},"excerpt":{"rendered":"<p>FINO PREMIUM TOUCH La\u00a0mascarilla capilar FINO Premium Touch\u00a0es un\u00a0lujoso tratamiento acondicionador intensivo\u00a0dise\u00f1ado para restaurar el cabello seco, da\u00f1ado y tratado<\/p>\n","protected":false},"featured_media":100686,"comment_status":"open","ping_status":"closed","template":"","meta":{"nf_dc_page":""},"product_brand":[3226],"product_cat":[85],"product_tag":[3228],"class_list":{"0":"post-100685","1":"product","2":"type-product","3":"status-publish","4":"has-post-thumbnail","6":"product_brand-shiseido","7":"product_cat-cosmeticos","8":"product_tag-3228","10":"first","11":"instock","12":"shipping-taxable","13":"purchasable","14":"product-type-simple"},"_links":{"self":[{"href":"https:\/\/brandss.com.py\/index\/wp-json\/wp\/v2\/product\/100685","targetHints":{"allow":["GET"]}}],"collection":[{"href":"https:\/\/brandss.com.py\/index\/wp-json\/wp\/v2\/product"}],"about":[{"href":"https:\/\/brandss.com.py\/index\/wp-json\/wp\/v2\/types\/product"}],"replies":[{"embeddable":true,"href":"https:\/\/brandss.com.py\/index\/wp-json\/wp\/v2\/comments?post=100685"}],"version-history":[{"count":1,"href":"https:\/\/brandss.com.py\/index\/wp-json\/wp\/v2\/product\/100685\/revisions"}],"predecessor-version":[{"id":100693,"href":"https:\/\/brandss.com.py\/index\/wp-json\/wp\/v2\/product\/100685\/revisions\/100693"}],"wp:featuredmedia":[{"embeddable":true,"href":"https:\/\/brandss.com.py\/index\/wp-json\/wp\/v2\/media\/100686"}],"wp:attachment":[{"href":"https:\/\/brandss.com.py\/index\/wp-json\/wp\/v2\/media?parent=100685"}],"wp:term":[{"taxonomy":"product_brand","embeddable":true,"href":"https:\/\/brandss.com.py\/index\/wp-json\/wp\/v2\/product_brand?post=100685"},{"taxonomy":"product_cat","embeddable":true,"href":"https:\/\/brandss.com.py\/index\/wp-json\/wp\/v2\/product_cat?post=100685"},{"taxonomy":"product_tag","embeddable":true,"href":"https:\/\/brandss.com.py\/index\/wp-json\/wp\/v2\/product_tag?post=100685"}],"curies":[{"name":"wp","href":"https:\/\/api.w.org\/{rel}","templated":true}]}}