{"id":100720,"date":"2026-03-23T18:21:56","date_gmt":"2026-03-23T18:21:56","guid":{"rendered":"https:\/\/brandss.com.py\/index\/?post_type=product&#038;p=100720"},"modified":"2026-03-23T18:22:14","modified_gmt":"2026-03-23T18:22:14","slug":"perfume-masculino-laffair-intensio-edp-100ml","status":"publish","type":"product","link":"https:\/\/brandss.com.py\/index\/producto\/perfume-masculino-laffair-intensio-edp-100ml\/","title":{"rendered":"PERFUME MASCULINO L\u2019AFFAIR INTENSIO EDP 100ML"},"content":{"rendered":"<p><img loading=\"lazy\" decoding=\"async\" class=\"\" src=\"https:\/\/pricezent.com\/wp-content\/uploads\/2024\/06\/Enmascarar-grupo-2.jpg.webp\" width=\"114\" height=\"80\" \/><\/p>\n<h1>INTENSIO<\/h1>\n<p>Fragancia masculina de car\u00e1cter moderno e intenso, dise\u00f1ada para destacar con un aroma fresco en la salida y profundo en el fondo. Combina notas frutales y c\u00edtricas con acordes amaderados y c\u00e1lidos, logrando una composici\u00f3n equilibrada, vers\u00e1til y de buena presencia.<\/p>\n<h3>Notas Olfativas<\/h3>\n<ul>\n<li data-section-id=\"11ney70\" data-start=\"477\" data-end=\"542\"><strong data-start=\"479\" data-end=\"490\">Notas de salida:<\/strong> Lim\u00f3n, pi\u00f1a, bergamota, manzana, grosellas negras.<\/li>\n<li data-section-id=\"vm8qrl\" data-start=\"543\" data-end=\"580\"><strong data-start=\"545\" data-end=\"557\">Notas de coraz\u00f3n:<\/strong> Abedul, jazm\u00edn, rosa.<\/li>\n<li data-section-id=\"c4i9ma\" data-start=\"581\" data-end=\"673\"><strong data-start=\"583\" data-end=\"593\">Notas de fondo:<\/strong> Almizcle, \u00e1mbar gris, pachul\u00ed, vainilla.<\/li>\n<\/ul>\n","protected":false},"excerpt":{"rendered":"<p>INTENSIO Fragancia masculina de car\u00e1cter moderno e intenso, dise\u00f1ada para destacar con un aroma fresco en la salida y profundo<\/p>\n","protected":false},"featured_media":100721,"comment_status":"open","ping_status":"closed","template":"","meta":{"nf_dc_page":""},"product_brand":[3230],"product_cat":[84],"product_tag":[3234],"class_list":{"0":"post-100720","1":"product","2":"type-product","3":"status-publish","4":"has-post-thumbnail","6":"product_brand-laffair-parfum","7":"product_cat-perfumeria","8":"product_tag-3234","10":"first","11":"instock","12":"shipping-taxable","13":"purchasable","14":"product-type-simple"},"_links":{"self":[{"href":"https:\/\/brandss.com.py\/index\/wp-json\/wp\/v2\/product\/100720","targetHints":{"allow":["GET"]}}],"collection":[{"href":"https:\/\/brandss.com.py\/index\/wp-json\/wp\/v2\/product"}],"about":[{"href":"https:\/\/brandss.com.py\/index\/wp-json\/wp\/v2\/types\/product"}],"replies":[{"embeddable":true,"href":"https:\/\/brandss.com.py\/index\/wp-json\/wp\/v2\/comments?post=100720"}],"version-history":[{"count":1,"href":"https:\/\/brandss.com.py\/index\/wp-json\/wp\/v2\/product\/100720\/revisions"}],"predecessor-version":[{"id":100724,"href":"https:\/\/brandss.com.py\/index\/wp-json\/wp\/v2\/product\/100720\/revisions\/100724"}],"wp:featuredmedia":[{"embeddable":true,"href":"https:\/\/brandss.com.py\/index\/wp-json\/wp\/v2\/media\/100721"}],"wp:attachment":[{"href":"https:\/\/brandss.com.py\/index\/wp-json\/wp\/v2\/media?parent=100720"}],"wp:term":[{"taxonomy":"product_brand","embeddable":true,"href":"https:\/\/brandss.com.py\/index\/wp-json\/wp\/v2\/product_brand?post=100720"},{"taxonomy":"product_cat","embeddable":true,"href":"https:\/\/brandss.com.py\/index\/wp-json\/wp\/v2\/product_cat?post=100720"},{"taxonomy":"product_tag","embeddable":true,"href":"https:\/\/brandss.com.py\/index\/wp-json\/wp\/v2\/product_tag?post=100720"}],"curies":[{"name":"wp","href":"https:\/\/api.w.org\/{rel}","templated":true}]}}