{"id":100777,"date":"2026-03-24T14:49:34","date_gmt":"2026-03-24T14:49:34","guid":{"rendered":"https:\/\/brandss.com.py\/index\/?post_type=product&#038;p=100777"},"modified":"2026-04-16T12:14:07","modified_gmt":"2026-04-16T12:14:07","slug":"perfume-femenino-laffair-eden-garden-rouge-edp-100ml","status":"publish","type":"product","link":"https:\/\/brandss.com.py\/index\/producto\/perfume-femenino-laffair-eden-garden-rouge-edp-100ml\/","title":{"rendered":"PERFUME FEMENINO L&#8217;AFFAIR EDEN GARDEN ROUGE EDP 100ML"},"content":{"rendered":"<p><img loading=\"lazy\" decoding=\"async\" class=\"\" src=\"https:\/\/api.eleganciacompany.com\/storage\/marcas\/176614937269454cfc0dbac.png\" alt=\"Eleg\u00e2ncia Company\" width=\"132\" height=\"132\" \/><\/p>\n<h1>EDEN GARDEN ROUGE<\/h1>\n<p>Es una fragancia femenina que combina la frescura de un jard\u00edn floral con acordes dulces y c\u00e1lidos, creando un aroma envolvente y sofisticado. Su composici\u00f3n est\u00e1 dise\u00f1ada para transmitir elegancia, feminidad y un toque sensual, ideal para quienes buscan una fragancia con presencia pero equilibrada.<img loading=\"lazy\" decoding=\"async\" class=\"alignleft\" src=\"https:\/\/http2.mlstatic.com\/D_NQ_NP_2X_897556-MLB108096122412_032026-F.webp\" width=\"622\" height=\"622\" \/><\/p>\n<p><span dir=\"auto\">Este perfume de primavera para mujer es ideal para aquellas que buscan tanto luminosidad como una feminidad duradera.<\/span><\/p>\n<p>&nbsp;<\/p>\n<h3>Notas Olfativas<\/h3>\n<p>&nbsp;<\/p>\n<p data-start=\"440\" data-end=\"591\">Fragancia de estilo floral dulce con matices c\u00e1lidos, inspirada en la frescura de un jard\u00edn en flor con un fondo envolvente. <span dir=\"auto\">Eden Garden Rouge <\/span><span dir=\"auto\">es la combinaci\u00f3n de frescura c\u00edtrica y profundidad cremosa y amaderada. <\/span><span dir=\"auto\">La composici\u00f3n se abre con el brillo c\u00edtrico de la bergamota, que aporta un inicio fresco y en\u00e9rgico. La dulzura jugosa y afrutada del lichi le confiere una feminidad juguetona, haciendo que la apertura sea a la vez fresca y cautivadora.<\/span><\/p>\n<p><span dir=\"auto\">En el coraz\u00f3n de la fragancia, la combinaci\u00f3n de rosa damascena y magnolia conforma su elegante esencia. La rosa evoca un romanticismo atemporal, mientras que la magnolia le aporta un toque ex\u00f3tico y embriagador. Esta combinaci\u00f3n encaja a la perfecci\u00f3n con el esp\u00edritu de un perfume femenino primaveral: radiante y sofisticado.<\/span><\/p>\n<p><span dir=\"auto\">Las notas de fondo, vainilla cremosa y c\u00e1lidos acordes amaderados, proporcionan un final sensual y duradero.\u00a0<\/span><span dir=\"auto\">Eden Garden Rouge<\/span><span dir=\"auto\">\u00a0es fresco durante el d\u00eda y m\u00e1s profundo y elegante por la noche.<\/span><\/p>\n<ul data-start=\"654\" data-end=\"938\">\n<li data-section-id=\"4wg08r\" data-start=\"654\" data-end=\"748\"><strong data-start=\"656\" data-end=\"676\">Notas de salida:<\/strong> bergamota, lichi.<\/li>\n<li data-section-id=\"1ip46o6\" data-start=\"749\" data-end=\"850\"><strong data-start=\"751\" data-end=\"772\">Notas de coraz\u00f3n:<\/strong> rosa damascena, magnolia.<\/li>\n<li data-section-id=\"5nhua7\" data-start=\"851\" data-end=\"938\"><strong data-start=\"853\" data-end=\"872\">Notas de fondo: <\/strong>vainilla, notas amaderadas.<\/li>\n<\/ul>\n","protected":false},"excerpt":{"rendered":"<p>EDEN GARDEN ROUGE Es una fragancia femenina que combina la frescura de un jard\u00edn floral con acordes dulces y c\u00e1lidos,<\/p>\n","protected":false},"featured_media":100778,"comment_status":"open","ping_status":"closed","template":"","meta":{"nf_dc_page":""},"product_brand":[3230],"product_cat":[84],"product_tag":[3247],"class_list":{"0":"post-100777","1":"product","2":"type-product","3":"status-publish","4":"has-post-thumbnail","6":"product_brand-laffair-parfum","7":"product_cat-perfumeria","8":"product_tag-3247","10":"first","11":"instock","12":"shipping-taxable","13":"purchasable","14":"product-type-simple"},"_links":{"self":[{"href":"https:\/\/brandss.com.py\/index\/wp-json\/wp\/v2\/product\/100777","targetHints":{"allow":["GET"]}}],"collection":[{"href":"https:\/\/brandss.com.py\/index\/wp-json\/wp\/v2\/product"}],"about":[{"href":"https:\/\/brandss.com.py\/index\/wp-json\/wp\/v2\/types\/product"}],"replies":[{"embeddable":true,"href":"https:\/\/brandss.com.py\/index\/wp-json\/wp\/v2\/comments?post=100777"}],"version-history":[{"count":2,"href":"https:\/\/brandss.com.py\/index\/wp-json\/wp\/v2\/product\/100777\/revisions"}],"predecessor-version":[{"id":102130,"href":"https:\/\/brandss.com.py\/index\/wp-json\/wp\/v2\/product\/100777\/revisions\/102130"}],"wp:featuredmedia":[{"embeddable":true,"href":"https:\/\/brandss.com.py\/index\/wp-json\/wp\/v2\/media\/100778"}],"wp:attachment":[{"href":"https:\/\/brandss.com.py\/index\/wp-json\/wp\/v2\/media?parent=100777"}],"wp:term":[{"taxonomy":"product_brand","embeddable":true,"href":"https:\/\/brandss.com.py\/index\/wp-json\/wp\/v2\/product_brand?post=100777"},{"taxonomy":"product_cat","embeddable":true,"href":"https:\/\/brandss.com.py\/index\/wp-json\/wp\/v2\/product_cat?post=100777"},{"taxonomy":"product_tag","embeddable":true,"href":"https:\/\/brandss.com.py\/index\/wp-json\/wp\/v2\/product_tag?post=100777"}],"curies":[{"name":"wp","href":"https:\/\/api.w.org\/{rel}","templated":true}]}}