{"id":100783,"date":"2026-03-24T16:42:02","date_gmt":"2026-03-24T16:42:02","guid":{"rendered":"https:\/\/brandss.com.py\/index\/?post_type=product&#038;p=100783"},"modified":"2026-04-16T12:14:22","modified_gmt":"2026-04-16T12:14:22","slug":"perfume-femenino-laffair-eden-garden-violette-edp-100ml","status":"publish","type":"product","link":"https:\/\/brandss.com.py\/index\/producto\/perfume-femenino-laffair-eden-garden-violette-edp-100ml\/","title":{"rendered":"PERFUME FEMENINO L&#8217;AFFAIR EDEN GARDEN VIOLETTE EDP 100ML"},"content":{"rendered":"<p><img loading=\"lazy\" decoding=\"async\" class=\"\" src=\"https:\/\/api.eleganciacompany.com\/storage\/marcas\/176614937269454cfc0dbac.png\" alt=\"Eleg\u00e2ncia Company\" width=\"151\" height=\"151\" \/><\/p>\n<h1>EDEN GARDEN VIOLETTE<\/h1>\n<p>Es una mezcla \u00fanica de feminidad juguetona y sofisticaci\u00f3n sensual que cautiva y deja una estela inolvidable. Este perfume femenino combina una frescura dulce y frutal con un encanto floral y una base cremosa y duradera de calidez gourmand. Una fragancia ligera, seductora y elegantemente radiante, perfecta tanto para el d\u00eda a d\u00eda como para ocasiones especiales.<img loading=\"lazy\" decoding=\"async\" class=\"alignleft\" src=\"https:\/\/parfumneked.hu\/parfumneked\/wp-content\/uploads\/2025\/09\/Laffair_eden_garden_violette_doboz.jpg\" width=\"634\" height=\"634\" \/><\/p>\n<p><span dir=\"auto\">Eden Garden Violette es la elecci\u00f3n perfecta para las mujeres que desean resaltar su lado rom\u00e1ntico y moderno. Ya sea para el d\u00eda a d\u00eda, una cita o un evento especial, esta fragancia se adapta a cualquier ocasi\u00f3n y deja una impresi\u00f3n inolvidable.<\/span><\/p>\n<p>&nbsp;<\/p>\n<h3>Notas Olfativas<\/h3>\n<p>&nbsp;<\/p>\n<p>Eden Garden Violette es la armon\u00eda perfecta de frescura frutal, elegancia floral y dulzura gourmand: una fragancia en la que cobra vida cada matiz de la feminidad. <span dir=\"auto\">La composici\u00f3n se abre con el brillo c\u00edtrico de la jugosa mandarina, que irradia frescura, energ\u00eda y alegr\u00eda. A esto se une el profundo car\u00e1cter frutal de la jugosa grosella negra, que aporta un toque de dulzura y frescura al inicio. Esta apertura frutal es refrescante y juguetona, como pasear por un jard\u00edn soleado donde el aroma de las frutas frescas impregna el aire.<\/span><\/p>\n<p><span dir=\"auto\">La nota de coraz\u00f3n revela la esencia del perfume: el embriagador aroma floral de la peon\u00eda. Esta nota constituye el n\u00facleo rom\u00e1ntico y femenino de Eden Garden Violette. La peon\u00eda, a la vez suave e intensa, irradia una sofisticaci\u00f3n especial que acompa\u00f1a armoniosamente la apertura frutal. En esta etapa, la fragancia evoca un jard\u00edn en plena floraci\u00f3n, donde cada p\u00e9talo celebra la belleza femenina.<\/span><\/p>\n<p><span dir=\"auto\">Las notas de fondo aportan calidez y sensualidad a la composici\u00f3n. La cremosa vainilla de Madagascar le confiere una elegancia suave y dulce que envuelve delicadamente la piel. A esto se suma la ligera dulzura del malvavisco, que le da un toque juguet\u00f3n e incluso irresistiblemente seductor. Este acorde de fondo es a la vez gourmand y sofisticado, perdura durante horas y deja una estela dulcemente femenina.<\/span><\/p>\n<p>&nbsp;<\/p>\n<div class=\"brxe-block termek-single__data-block\">\n<div class=\"brxe-text-basic termek-single__data-name\"><strong><span dir=\"auto\">Notas de salida: <\/span><\/strong><span dir=\"auto\">mandarina, grosella negra.<\/span><\/div>\n<\/div>\n<div class=\"brxe-block termek-single__data-block\">\n<div class=\"brxe-text-basic termek-single__data-name\"><strong><span dir=\"auto\">Notas de coraz\u00f3n: <\/span><\/strong><span dir=\"auto\">peon\u00eda.<\/span><\/div>\n<\/div>\n<div class=\"brxe-block termek-single__data-block\">\n<div class=\"brxe-text-basic termek-single__data-name\"><strong><span dir=\"auto\">Notas de fondo: <\/span><\/strong><span dir=\"auto\">vainilla de madagascar, malvavisco.<\/span><\/div>\n<\/div>\n","protected":false},"excerpt":{"rendered":"<p>EDEN GARDEN VIOLETTE Es una mezcla \u00fanica de feminidad juguetona y sofisticaci\u00f3n sensual que cautiva y deja una estela inolvidable.<\/p>\n","protected":false},"featured_media":100784,"comment_status":"open","ping_status":"closed","template":"","meta":{"nf_dc_page":""},"product_brand":[3230],"product_cat":[84],"product_tag":[3248],"class_list":{"0":"post-100783","1":"product","2":"type-product","3":"status-publish","4":"has-post-thumbnail","6":"product_brand-laffair-parfum","7":"product_cat-perfumeria","8":"product_tag-3248","10":"first","11":"instock","12":"shipping-taxable","13":"purchasable","14":"product-type-simple"},"_links":{"self":[{"href":"https:\/\/brandss.com.py\/index\/wp-json\/wp\/v2\/product\/100783","targetHints":{"allow":["GET"]}}],"collection":[{"href":"https:\/\/brandss.com.py\/index\/wp-json\/wp\/v2\/product"}],"about":[{"href":"https:\/\/brandss.com.py\/index\/wp-json\/wp\/v2\/types\/product"}],"replies":[{"embeddable":true,"href":"https:\/\/brandss.com.py\/index\/wp-json\/wp\/v2\/comments?post=100783"}],"version-history":[{"count":2,"href":"https:\/\/brandss.com.py\/index\/wp-json\/wp\/v2\/product\/100783\/revisions"}],"predecessor-version":[{"id":102131,"href":"https:\/\/brandss.com.py\/index\/wp-json\/wp\/v2\/product\/100783\/revisions\/102131"}],"wp:featuredmedia":[{"embeddable":true,"href":"https:\/\/brandss.com.py\/index\/wp-json\/wp\/v2\/media\/100784"}],"wp:attachment":[{"href":"https:\/\/brandss.com.py\/index\/wp-json\/wp\/v2\/media?parent=100783"}],"wp:term":[{"taxonomy":"product_brand","embeddable":true,"href":"https:\/\/brandss.com.py\/index\/wp-json\/wp\/v2\/product_brand?post=100783"},{"taxonomy":"product_cat","embeddable":true,"href":"https:\/\/brandss.com.py\/index\/wp-json\/wp\/v2\/product_cat?post=100783"},{"taxonomy":"product_tag","embeddable":true,"href":"https:\/\/brandss.com.py\/index\/wp-json\/wp\/v2\/product_tag?post=100783"}],"curies":[{"name":"wp","href":"https:\/\/api.w.org\/{rel}","templated":true}]}}