{"id":100794,"date":"2026-03-24T17:18:59","date_gmt":"2026-03-24T17:18:59","guid":{"rendered":"https:\/\/brandss.com.py\/index\/?post_type=product&#038;p=100794"},"modified":"2026-03-24T17:19:25","modified_gmt":"2026-03-24T17:19:25","slug":"perfume-unisex-laffair-tofy-love-for-latte-edp-100ml","status":"publish","type":"product","link":"https:\/\/brandss.com.py\/index\/producto\/perfume-unisex-laffair-tofy-love-for-latte-edp-100ml\/","title":{"rendered":"PERFUME UNISEX L&#8217;AFFAIR TOFY LOVE FOR LATTE EDP 100ML"},"content":{"rendered":"<p><img loading=\"lazy\" decoding=\"async\" class=\"\" src=\"https:\/\/api.eleganciacompany.com\/storage\/marcas\/176614937269454cfc0dbac.png\" alt=\"Eleg\u00e2ncia Company\" width=\"103\" height=\"103\" \/><\/p>\n<h1>TOFY LOVE FOR LATTE<\/h1>\n<p>Es la esencia de las fragancias gourmand, un encuentro sensual en el mundo del caf\u00e9, el caramelo y la vainilla. Este perfume unisex oriental-\u00e1rabe es la armon\u00eda perfecta entre calidez, dulzura y elegancia refinada. Una fragancia que, con una sola aplicaci\u00f3n, evoca el aroma del caf\u00e9 reci\u00e9n hecho, la suavidad de la espuma cremosa y la intimidad del momento. <span dir=\"auto\">Love for Latte no es solo un perfume, es un estilo de vida: una fragancia de indulgencia, armon\u00eda y confianza en uno mismo. Gracias a su car\u00e1cter unisex, puede ser usada por cualquiera que adore las composiciones dulces, c\u00e1lidas y elegantes. <\/span><span dir=\"auto\">Esta fragancia es para aquellos que creen que el lujo reside en los detalles: en el aroma del caf\u00e9, en la paz del momento y en esa elegancia sutil que nunca resulta intrusiva, pero que siempre est\u00e1 presente.<\/span><\/p>\n<p>Si de verdad quieres un perfume especial, \u00a1 Love for Latte 100ml Unisex Eau de Parfum es la elecci\u00f3n perfecta! Lleva este perfume unisex de forma provocativa, como una prenda invisible que te convertir\u00e1 en la envidia de quienes te rodean.<\/p>\n<p><span dir=\"auto\">Love for Latte: donde la fragancia comienza con una taza de pasi\u00f3n.<\/span><\/p>\n<p>&nbsp;<\/p>\n<h3>Notas Olfativas<\/h3>\n<p>&nbsp;<\/p>\n<p><span dir=\"auto\">La fragancia te cautiva al instante: el profundo aroma a caf\u00e9 tostado despierta los sentidos de inmediato, mientras que la delicada fragancia floral de la vainilla equilibra la composici\u00f3n. Juntas, crean la sensaci\u00f3n de estar en una elegante cafeter\u00eda: m\u00fasica suave de fondo, el fresco aroma a caf\u00e9 y vainilla en el aire y una seducci\u00f3n latente en cada momento. <\/span><span dir=\"auto\">En las notas de coraz\u00f3n, el caramelo fundido toma la delantera. Suave, dulce y seductor: un aut\u00e9ntico aroma a postre, discreto y sutil. La delicada cremosidad del caramelo se entrelaza con la elegante amargura del caf\u00e9, creando una fragancia sofisticada, c\u00e1lida y acogedora. Aqu\u00ed es donde se revela la verdadera personalidad de Love for Latte: sensual, \u00edntima e irresistible.<\/span><\/p>\n<p><span dir=\"auto\">Las notas de fondo de vainilla cremosa y notas dulces aportan profundidad y duraci\u00f3n a la fragancia. La textura aterciopelada de la vainilla perdura en la piel, mientras que los acordes dulces envuelven suavemente a quien la lleva. El resultado es un final largo y c\u00e1lido, acogedor, reconfortante e inolvidable.<\/span><\/p>\n<p><strong>Notas de salida: <\/strong>caf\u00e9, vainilla.<strong>\u00a0<\/strong><br \/>\n<strong>Notas de coraz\u00f3n<\/strong>: caramelo, caf\u00e9.<br \/>\n<strong>Notas de fondo: <\/strong>vainilla, crema batida,\u00a0 almizcle.<\/p>\n","protected":false},"excerpt":{"rendered":"<p>TOFY LOVE FOR LATTE Es la esencia de las fragancias gourmand, un encuentro sensual en el mundo del caf\u00e9, el<\/p>\n","protected":false},"featured_media":100795,"comment_status":"open","ping_status":"closed","template":"","meta":{"nf_dc_page":""},"product_brand":[3230],"product_cat":[84],"product_tag":[3250],"class_list":{"0":"post-100794","1":"product","2":"type-product","3":"status-publish","4":"has-post-thumbnail","6":"product_brand-laffair-parfum","7":"product_cat-perfumeria","8":"product_tag-3250","10":"first","11":"instock","12":"shipping-taxable","13":"purchasable","14":"product-type-simple"},"_links":{"self":[{"href":"https:\/\/brandss.com.py\/index\/wp-json\/wp\/v2\/product\/100794","targetHints":{"allow":["GET"]}}],"collection":[{"href":"https:\/\/brandss.com.py\/index\/wp-json\/wp\/v2\/product"}],"about":[{"href":"https:\/\/brandss.com.py\/index\/wp-json\/wp\/v2\/types\/product"}],"replies":[{"embeddable":true,"href":"https:\/\/brandss.com.py\/index\/wp-json\/wp\/v2\/comments?post=100794"}],"version-history":[{"count":1,"href":"https:\/\/brandss.com.py\/index\/wp-json\/wp\/v2\/product\/100794\/revisions"}],"predecessor-version":[{"id":100797,"href":"https:\/\/brandss.com.py\/index\/wp-json\/wp\/v2\/product\/100794\/revisions\/100797"}],"wp:featuredmedia":[{"embeddable":true,"href":"https:\/\/brandss.com.py\/index\/wp-json\/wp\/v2\/media\/100795"}],"wp:attachment":[{"href":"https:\/\/brandss.com.py\/index\/wp-json\/wp\/v2\/media?parent=100794"}],"wp:term":[{"taxonomy":"product_brand","embeddable":true,"href":"https:\/\/brandss.com.py\/index\/wp-json\/wp\/v2\/product_brand?post=100794"},{"taxonomy":"product_cat","embeddable":true,"href":"https:\/\/brandss.com.py\/index\/wp-json\/wp\/v2\/product_cat?post=100794"},{"taxonomy":"product_tag","embeddable":true,"href":"https:\/\/brandss.com.py\/index\/wp-json\/wp\/v2\/product_tag?post=100794"}],"curies":[{"name":"wp","href":"https:\/\/api.w.org\/{rel}","templated":true}]}}