{"id":100798,"date":"2026-03-24T17:34:17","date_gmt":"2026-03-24T17:34:17","guid":{"rendered":"https:\/\/brandss.com.py\/index\/?post_type=product&#038;p=100798"},"modified":"2026-03-24T17:34:50","modified_gmt":"2026-03-24T17:34:50","slug":"perfume-unisex-laffair-mare-di-amalfi-oud-edp-100ml","status":"publish","type":"product","link":"https:\/\/brandss.com.py\/index\/producto\/perfume-unisex-laffair-mare-di-amalfi-oud-edp-100ml\/","title":{"rendered":"PERFUME UNISEX L\u2019AFFAIR MARE DI AMALFI OUD EDP 100ML"},"content":{"rendered":"<p><img loading=\"lazy\" decoding=\"async\" class=\"\" src=\"https:\/\/api.eleganciacompany.com\/storage\/marcas\/176614937269454cfc0dbac.png\" alt=\"Eleg\u00e2ncia Company\" width=\"114\" height=\"114\" \/><\/p>\n<h1>MARE DI AMALFI OUD<\/h1>\n<p>Es la fragancia ideal para quienes buscan misterio y composiciones olfativas \u00fanicas. Mare Di Amalfi Oud evoca la elegancia oriental y el misticismo, distinguiendo a quien la usa del resto de fragancias. Ofrece una experiencia olfativa tan fascinante que todos desean disfrutarla en su entorno.<\/p>\n<p>&nbsp;<\/p>\n<h3>Notas Olfativas<\/h3>\n<p>&nbsp;<\/p>\n<p><span dir=\"auto\">El tri\u00e1ngulo de la fragancia Mare Di Amalfi Oud contiene ingredientes de perfume \u00e1rabes verdaderamente especiales. Uno de nuestros perfumes m\u00e1s populares entre nuestras fragancias amaderadas y orientales. En la fragancia de salida, brillantes acordes abren hacia el dulce abrazo de la frambuesa jugosa con el aroma a jazm\u00edn de las fabulosas flores blancas del geranio. Este idilio est\u00e1 rodeado por las l\u00e1grimas de las rosas de Damasco con sus acordes rom\u00e1nticos. Despu\u00e9s de que el alcohol se evapora, en el coraz\u00f3n de nuestra fragancia Mare Di Amalfi Oud, la atm\u00f3sfera verde del abedul crea una disonancia con el b\u00e1lsamo oriental del Greywood y el dorado Oud. En la fragancia de fondo, el azafr\u00e1n, como una verdadera especialidad de la perfumer\u00eda, especia el final de nuestro perfume Mare Di Amalfi Oud. El incienso deja una c\u00e1lida impresi\u00f3n en la explosi\u00f3n final de nuestro perfume oriental Dubai. Su fragancia es tan singular que captar\u00e1 la atenci\u00f3n de quien lo use all\u00e1 donde vaya, permiti\u00e9ndole seguir el aura olfativa que lo envuelve.<\/span><\/p>\n<p><span dir=\"auto\"><strong>Notas de salida:<\/strong> rosa, geranio, frambuesa.<\/span><\/p>\n<p><span dir=\"auto\"><strong>Notas de coraz\u00f3n:<\/strong> oud, azafr\u00e1n, abedul.<\/span><\/p>\n<p><span dir=\"auto\"><strong>Notas de fondo:<\/strong> benju\u00ed, incienso, almizcle.<\/span><\/p>\n","protected":false},"excerpt":{"rendered":"<p>MARE DI AMALFI OUD Es la fragancia ideal para quienes buscan misterio y composiciones olfativas \u00fanicas. Mare Di Amalfi Oud<\/p>\n","protected":false},"featured_media":100799,"comment_status":"open","ping_status":"closed","template":"","meta":{"nf_dc_page":""},"product_brand":[3230],"product_cat":[84],"product_tag":[3251],"class_list":{"0":"post-100798","1":"product","2":"type-product","3":"status-publish","4":"has-post-thumbnail","6":"product_brand-laffair-parfum","7":"product_cat-perfumeria","8":"product_tag-3251","10":"first","11":"instock","12":"shipping-taxable","13":"purchasable","14":"product-type-simple"},"_links":{"self":[{"href":"https:\/\/brandss.com.py\/index\/wp-json\/wp\/v2\/product\/100798","targetHints":{"allow":["GET"]}}],"collection":[{"href":"https:\/\/brandss.com.py\/index\/wp-json\/wp\/v2\/product"}],"about":[{"href":"https:\/\/brandss.com.py\/index\/wp-json\/wp\/v2\/types\/product"}],"replies":[{"embeddable":true,"href":"https:\/\/brandss.com.py\/index\/wp-json\/wp\/v2\/comments?post=100798"}],"version-history":[{"count":1,"href":"https:\/\/brandss.com.py\/index\/wp-json\/wp\/v2\/product\/100798\/revisions"}],"predecessor-version":[{"id":100803,"href":"https:\/\/brandss.com.py\/index\/wp-json\/wp\/v2\/product\/100798\/revisions\/100803"}],"wp:featuredmedia":[{"embeddable":true,"href":"https:\/\/brandss.com.py\/index\/wp-json\/wp\/v2\/media\/100799"}],"wp:attachment":[{"href":"https:\/\/brandss.com.py\/index\/wp-json\/wp\/v2\/media?parent=100798"}],"wp:term":[{"taxonomy":"product_brand","embeddable":true,"href":"https:\/\/brandss.com.py\/index\/wp-json\/wp\/v2\/product_brand?post=100798"},{"taxonomy":"product_cat","embeddable":true,"href":"https:\/\/brandss.com.py\/index\/wp-json\/wp\/v2\/product_cat?post=100798"},{"taxonomy":"product_tag","embeddable":true,"href":"https:\/\/brandss.com.py\/index\/wp-json\/wp\/v2\/product_tag?post=100798"}],"curies":[{"name":"wp","href":"https:\/\/api.w.org\/{rel}","templated":true}]}}