{"id":101236,"date":"2026-03-31T18:52:52","date_gmt":"2026-03-31T18:52:52","guid":{"rendered":"https:\/\/brandss.com.py\/index\/?post_type=product&#038;p=101236"},"modified":"2026-03-31T18:53:13","modified_gmt":"2026-03-31T18:53:13","slug":"perfume-femenino-ajyad-reem-candylicious-exdp-100ml","status":"publish","type":"product","link":"https:\/\/brandss.com.py\/index\/producto\/perfume-femenino-ajyad-reem-candylicious-exdp-100ml\/","title":{"rendered":"PERFUME FEMENINO AJYAD REEM CANDYLICIOUS EXDP 100ML"},"content":{"rendered":"<p><img loading=\"lazy\" decoding=\"async\" class=\"\" src=\"https:\/\/oudhshop.co.uk\/wp-content\/uploads\/nc\/catalog\/demo\/Logos\/ajyad.jpg\" alt=\"Rahat Al Qalbi Perfume For Women 100 ML EDP By Ajyad\" width=\"96\" height=\"96\" \/><\/p>\n<h1>REEM CANDYLICIOUS<\/h1>\n<p>Ofrece una experiencia irresistiblemente dulce con toques de menta y vainilla a un precio accesible, lo que la convierte en una opci\u00f3n imprescindible para los amantes de los perfumes \u00e1rabes, a la vez divertidos y refinados.<\/p>\n<p>Reem Candylicious fusiona la nostalgia de las tiendas de dulces con la sofisticaci\u00f3n moderna. Su frescura mentolada y c\u00edtrica le da un toque vibrante, mientras que su base cremosa de vainilla y madera deja una impresi\u00f3n atractiva y duradera: prueba de que una fragancia divertida tambi\u00e9n puede ser elegante.<\/p>\n<p>&nbsp;<\/p>\n<h3>Notas Olfativas<\/h3>\n<p>&nbsp;<\/p>\n<p data-end=\"557\" data-start=\"232\"><span dir=\"auto\">D\u00e9jese seducir por la sofisticaci\u00f3n juguetona de\u00a0\u00a0<\/span><span dir=\"auto\">Reem Candylicious<\/span><span dir=\"auto\">, un\u00a0<\/span><span dir=\"auto\">perfume \u00e1rabe unisex de lujo y larga duraci\u00f3n<\/span><span dir=\"auto\">\u00a0que combina dulzura con frescas notas arom\u00e1ticas. Esta\u00a0<\/span><span dir=\"auto\">fragancia \u00e1rabe<\/span><span dir=\"auto\">\u00a0se abre con una cautivadora mezcla de\u00a0<\/span><span dir=\"auto\">almendra, menta, lavanda, romero, naranja y bergamota<\/span><span dir=\"auto\">, ofreciendo una introducci\u00f3n refrescante y en\u00e9rgica.<\/span><\/p>\n<p data-end=\"899\" data-start=\"559\"><span dir=\"auto\">A medida que se despliega, el delicado\u00a0<\/span><span dir=\"auto\">neroli, el petitgrain, el jazm\u00edn<\/span><span dir=\"auto\">\u00a0y un toque de\u00a0<\/span><span dir=\"auto\">pimienta negra<\/span><span dir=\"auto\">\u00a0forman el coraz\u00f3n, a\u00f1adiendo un matiz floral-especiado, moderno y elegante a la vez. La base revela una rica y cremosa estela de\u00a0<\/span><span dir=\"auto\">vainilla, haba tonka, almizcle, s\u00e1ndalo, pachul\u00ed<\/span><span dir=\"auto\">\u00a0y\u00a0<\/span><span dir=\"auto\">cedro<\/span><span dir=\"auto\">, dejando un aroma lujoso que perdura maravillosamente en la piel.<\/span><\/p>\n<p data-end=\"1071\" data-start=\"901\"><span dir=\"auto\">Perfecto para el uso diario o para ocasiones especiales, REEM CANDYLICIOUS es un imprescindible para los amantes de los perfumes que buscan una\u00a0<\/span><span dir=\"auto\">fragancia \u00e1rabe dulce y almizclada con profundidad floral y amaderada<\/span><span dir=\"auto\">.<\/span><\/p>\n<p data-end=\"1071\" data-start=\"901\"><span dir=\"auto\"><strong>Notas de salida:<\/strong> almendra, menta, lavanda, romero, naranja, bergamota.<\/span><br \/>\n<span dir=\"auto\"><strong>Notas de coraz\u00f3n:<\/strong> neroli, petitgrain, jazm\u00edn, pimienta negra.\u00a0<\/span><br \/>\n<span dir=\"auto\"><strong>Notas de fondo:<\/strong> vainilla, haba tonka, almizcle, s\u00e1ndalo, pachul\u00ed, cedro.<\/span><\/p>\n","protected":false},"excerpt":{"rendered":"<p>REEM CANDYLICIOUS Ofrece una experiencia irresistiblemente dulce con toques de menta y vainilla a un precio accesible, lo que la<\/p>\n","protected":false},"featured_media":101237,"comment_status":"open","ping_status":"closed","template":"","meta":{"nf_dc_page":""},"product_brand":[3332],"product_cat":[84],"product_tag":[3334],"class_list":{"0":"post-101236","1":"product","2":"type-product","3":"status-publish","4":"has-post-thumbnail","6":"product_brand-ajyad","7":"product_cat-perfumeria","8":"product_tag-3334","10":"first","11":"instock","12":"shipping-taxable","13":"purchasable","14":"product-type-simple"},"_links":{"self":[{"href":"https:\/\/brandss.com.py\/index\/wp-json\/wp\/v2\/product\/101236","targetHints":{"allow":["GET"]}}],"collection":[{"href":"https:\/\/brandss.com.py\/index\/wp-json\/wp\/v2\/product"}],"about":[{"href":"https:\/\/brandss.com.py\/index\/wp-json\/wp\/v2\/types\/product"}],"replies":[{"embeddable":true,"href":"https:\/\/brandss.com.py\/index\/wp-json\/wp\/v2\/comments?post=101236"}],"version-history":[{"count":1,"href":"https:\/\/brandss.com.py\/index\/wp-json\/wp\/v2\/product\/101236\/revisions"}],"predecessor-version":[{"id":101241,"href":"https:\/\/brandss.com.py\/index\/wp-json\/wp\/v2\/product\/101236\/revisions\/101241"}],"wp:featuredmedia":[{"embeddable":true,"href":"https:\/\/brandss.com.py\/index\/wp-json\/wp\/v2\/media\/101237"}],"wp:attachment":[{"href":"https:\/\/brandss.com.py\/index\/wp-json\/wp\/v2\/media?parent=101236"}],"wp:term":[{"taxonomy":"product_brand","embeddable":true,"href":"https:\/\/brandss.com.py\/index\/wp-json\/wp\/v2\/product_brand?post=101236"},{"taxonomy":"product_cat","embeddable":true,"href":"https:\/\/brandss.com.py\/index\/wp-json\/wp\/v2\/product_cat?post=101236"},{"taxonomy":"product_tag","embeddable":true,"href":"https:\/\/brandss.com.py\/index\/wp-json\/wp\/v2\/product_tag?post=101236"}],"curies":[{"name":"wp","href":"https:\/\/api.w.org\/{rel}","templated":true}]}}