{"id":101248,"date":"2026-04-01T11:21:52","date_gmt":"2026-04-01T11:21:52","guid":{"rendered":"https:\/\/brandss.com.py\/index\/?post_type=product&#038;p=101248"},"modified":"2026-04-01T11:22:16","modified_gmt":"2026-04-01T11:22:16","slug":"perfume-masculino-ajyad-mountain-of-oud-edp-100ml","status":"publish","type":"product","link":"https:\/\/brandss.com.py\/index\/producto\/perfume-masculino-ajyad-mountain-of-oud-edp-100ml\/","title":{"rendered":"PERFUME MASCULINO AJYAD MOUNTAIN OF OUD EDP 100ML"},"content":{"rendered":"<p><img loading=\"lazy\" decoding=\"async\" class=\"\" src=\"https:\/\/oudhshop.co.uk\/wp-content\/uploads\/nc\/catalog\/demo\/Logos\/ajyad.jpg\" alt=\"Rahat Al Qalbi Perfume For Women 100 ML EDP By Ajyad\" width=\"98\" height=\"98\" \/><\/p>\n<h3>MOUNTAIN OF OUD<\/h3>\n<p>Es una fragancia intensa y sofisticada que combina la riqueza del oud con matices especiados y amaderados, dise\u00f1ada para hombres que buscan una presencia elegante y duradera.<\/p>\n<p>Mountain of oud destaca por su car\u00e1cter robusto y refinado, dejando una impresi\u00f3n duradera y masculina con un toque oriental moderno. Es ideal para hombres que buscan un aroma distintivo que destaque sin ser abrumador, dejando una impresi\u00f3n duradera de elegancia y aventura.<img loading=\"lazy\" decoding=\"async\" class=\"alignleft\" src=\"https:\/\/i.ebayimg.com\/images\/g\/SvwAAOSw7eZnjpoD\/s-l1600.webp\" width=\"369\" height=\"261\" \/><\/p>\n<h3>Notas Olfativas<\/h3>\n<p>Mountain Oud se abre con un toque chispeante, aportando una introducci\u00f3n fresca y revitalizante. El coraz\u00f3n revela un oud rico y ahumado, con notas c\u00e1lidas de madera que le confieren profundidad e intensidad. Al asentarse, emergen la vainilla cremosa y el almizcle suave, equilibrando la audacia con una calidez sensual y reconfortante. Esta fragancia encarna la fuerza masculina y la elegancia robusta, perfecta para el hombre que busca la aventura sin renunciar a la confianza y la sofisticaci\u00f3n.<\/p>\n<p>Mountain Oud combina el intenso aroma del oud con c\u00e1lidas notas amaderadas y la suavidad de la vainilla y el almizcle, creando una fragancia potente y seductora.<\/p>\n<p><span dir=\"auto\"><strong>Notas de salida:<\/strong> jarabe de grosella negra, notas acu\u00e1ticas, canela.<\/span><br \/>\n<span dir=\"auto\"><strong>Notas de coraz\u00f3n:<\/strong> rosa, ciclamen, narciso, d\u00e1tiles, pralin\u00e9.<\/span><br \/>\n<span dir=\"auto\"><strong>Notas de fondo:<\/strong> madera de agar, pachul\u00ed, vainilla, haba tonka.<\/span><\/p>\n","protected":false},"excerpt":{"rendered":"<p>MOUNTAIN OF OUD Es una fragancia intensa y sofisticada que combina la riqueza del oud con matices especiados y amaderados,<\/p>\n","protected":false},"featured_media":101249,"comment_status":"open","ping_status":"closed","template":"","meta":{"nf_dc_page":""},"product_brand":[3332],"product_cat":[84],"product_tag":[3336],"class_list":{"0":"post-101248","1":"product","2":"type-product","3":"status-publish","4":"has-post-thumbnail","6":"product_brand-ajyad","7":"product_cat-perfumeria","8":"product_tag-3336","10":"first","11":"instock","12":"shipping-taxable","13":"purchasable","14":"product-type-simple"},"_links":{"self":[{"href":"https:\/\/brandss.com.py\/index\/wp-json\/wp\/v2\/product\/101248","targetHints":{"allow":["GET"]}}],"collection":[{"href":"https:\/\/brandss.com.py\/index\/wp-json\/wp\/v2\/product"}],"about":[{"href":"https:\/\/brandss.com.py\/index\/wp-json\/wp\/v2\/types\/product"}],"replies":[{"embeddable":true,"href":"https:\/\/brandss.com.py\/index\/wp-json\/wp\/v2\/comments?post=101248"}],"version-history":[{"count":1,"href":"https:\/\/brandss.com.py\/index\/wp-json\/wp\/v2\/product\/101248\/revisions"}],"predecessor-version":[{"id":101253,"href":"https:\/\/brandss.com.py\/index\/wp-json\/wp\/v2\/product\/101248\/revisions\/101253"}],"wp:featuredmedia":[{"embeddable":true,"href":"https:\/\/brandss.com.py\/index\/wp-json\/wp\/v2\/media\/101249"}],"wp:attachment":[{"href":"https:\/\/brandss.com.py\/index\/wp-json\/wp\/v2\/media?parent=101248"}],"wp:term":[{"taxonomy":"product_brand","embeddable":true,"href":"https:\/\/brandss.com.py\/index\/wp-json\/wp\/v2\/product_brand?post=101248"},{"taxonomy":"product_cat","embeddable":true,"href":"https:\/\/brandss.com.py\/index\/wp-json\/wp\/v2\/product_cat?post=101248"},{"taxonomy":"product_tag","embeddable":true,"href":"https:\/\/brandss.com.py\/index\/wp-json\/wp\/v2\/product_tag?post=101248"}],"curies":[{"name":"wp","href":"https:\/\/api.w.org\/{rel}","templated":true}]}}