{"id":101450,"date":"2026-04-06T13:19:50","date_gmt":"2026-04-06T13:19:50","guid":{"rendered":"https:\/\/brandss.com.py\/index\/?post_type=product&#038;p=101450"},"modified":"2026-04-06T13:20:16","modified_gmt":"2026-04-06T13:20:16","slug":"tratamiento-capilar-kerasys-propolis-repair-hair-bonding-200ml","status":"publish","type":"product","link":"https:\/\/brandss.com.py\/index\/producto\/tratamiento-capilar-kerasys-propolis-repair-hair-bonding-200ml\/","title":{"rendered":"TRATAMIENTO CAPILAR KERASYS PROPOLIS REPAIR HAIR BONDING 200ML"},"content":{"rendered":"<p><img loading=\"lazy\" decoding=\"async\" class=\"\" src=\"https:\/\/acdn-us.mitiendanube.com\/stores\/006\/567\/235\/themes\/common\/logo-2027072255-1755034523-ec9fa1f2ce585f2d0ef3c935b64032841755034523.png?0\" alt=\"Tienda Online de KERASYS\" width=\"124\" height=\"42\" \/><\/p>\n<h1>PROPOLIS REPAIR HAIR BONDING<\/h1>\n<p><span dir=\"auto\">Descubre el poder del\u00a0<\/span><span class=\"highlight-yellow\"><span dir=\"auto\">Tratamiento Reparador Sin Enjuague Propolis Hair Bonding<\/span><\/span><span dir=\"auto\">\u00a0de Kerasys, un acondicionador l\u00edquido sin enjuague con alta concentraci\u00f3n de ingredientes activos y resultados profesionales. Transforma tu cabello da\u00f1ado con reparaci\u00f3n, protecci\u00f3n y brillo desde la primera aplicaci\u00f3n.<img loading=\"lazy\" decoding=\"async\" class=\"alignleft\" src=\"https:\/\/assets-terranova.egondola.app\/v1\/blp_6_g.jpg\" width=\"314\" height=\"235\" \/><\/span><\/p>\n<h2><span dir=\"auto\">Beneficios<\/span><\/h2>\n<ol>\n<li><span class=\"highlight-yellow\"><span dir=\"auto\">Tecnolog\u00eda Hair Bonding System\u2122<\/span><\/span>\n<ul>\n<li><span dir=\"auto\">Fortalece las hebras del cabello creando enlaces internos duraderos.<\/span><\/li>\n<li><span dir=\"auto\">Repara profundamente, restaurando la estructura del cabello.<\/span><\/li>\n<li><span dir=\"auto\">Protege contra el calor hasta 230 \u00b0C.<\/span><\/li>\n<\/ul>\n<\/li>\n<li><span class=\"highlight-yellow\"><span dir=\"auto\">Propolis Triple Real\u2122<\/span><\/span>\n<ul>\n<li><span class=\"highlight-yellow\"><span dir=\"auto\">Prop\u00f3leo verde:<\/span><\/span><span dir=\"auto\">\u00a0Protege el cabello gracias a su acci\u00f3n antioxidante.<\/span><\/li>\n<li><span class=\"highlight-yellow\"><span dir=\"auto\">Prop\u00f3leo Original:<\/span><\/span><span dir=\"auto\">\u00a0Nutre profundamente, restaurando la vitalidad.<\/span><\/li>\n<li><span class=\"highlight-yellow\"><span dir=\"auto\">Prop\u00f3leo rojo:<\/span><\/span><span dir=\"auto\">\u00a0Repara intensamente el cabello severamente da\u00f1ado.<\/span><\/li>\n<\/ul>\n<\/li>\n<li><span class=\"highlight-yellow\"><span dir=\"auto\">Star-Derma<\/span><\/span>\n<ul>\n<li><span dir=\"auto\">Hidrata profundamente, revitalizando la fibra capilar.<\/span><\/li>\n<li><span dir=\"auto\">Repara los da\u00f1os, devolviendo la salud al cabello.<\/span><\/li>\n<li><span dir=\"auto\">Promueve el equilibrio natural del cuero cabelludo y el cabello.<\/span><\/li>\n<\/ul>\n<\/li>\n<li><span class=\"highlight-yellow\"><span dir=\"auto\">Fragancia de lujo<\/span><\/span>\n<ul>\n<li><span dir=\"auto\">Notas de salida: Peon\u00eda y fresia.<\/span><\/li>\n<li><span dir=\"auto\">Notas de coraz\u00f3n: Magnolia, rosa y miel.<\/span><\/li>\n<li><span dir=\"auto\">Notas de fondo: \u00c1mbar y cedro.<\/span><\/li>\n<\/ul>\n<\/li>\n<\/ol>\n<h2><span dir=\"auto\">C\u00f3mo usar<img loading=\"lazy\" decoding=\"async\" class=\"alignleft\" src=\"https:\/\/assets-terranova.egondola.app\/v1\/dash\/5.png\" width=\"364\" height=\"364\" \/><\/span><\/h2>\n<ol>\n<li><span dir=\"auto\">Despu\u00e9s de lavarte el pelo, retira el exceso de agua con una toalla.<\/span><\/li>\n<li><span dir=\"auto\">Aplique el producto a una distancia de 10 a 15 cm del cabello.<\/span><\/li>\n<li><span dir=\"auto\">Extienda con las manos. No necesita enjuague.<\/span><\/li>\n<li><span dir=\"auto\">Finaliza dejando secar al aire o utilizando herramientas de peinado con calor.<\/span><\/li>\n<\/ol>\n<h2><span dir=\"auto\">Consejos profesionales<\/span><\/h2>\n<ul>\n<li><span dir=\"auto\">\u00daselo sobre el cabello seco como si fuera un s\u00e9rum, pulveriz\u00e1ndolo en la mano para facilitar su aplicaci\u00f3n.<\/span><\/li>\n<li><span dir=\"auto\">Para cabellos muy da\u00f1ados, m\u00e9zclelo con una mascarilla de tratamiento para potenciar los resultados.<\/span><\/li>\n<\/ul>\n","protected":false},"excerpt":{"rendered":"<p>PROPOLIS REPAIR HAIR BONDING Descubre el poder del\u00a0Tratamiento Reparador Sin Enjuague Propolis Hair Bonding\u00a0de Kerasys, un acondicionador l\u00edquido sin enjuague<\/p>\n","protected":false},"featured_media":101451,"comment_status":"open","ping_status":"closed","template":"","meta":{"nf_dc_page":""},"product_brand":[204],"product_cat":[85],"product_tag":[3375],"class_list":{"0":"post-101450","1":"product","2":"type-product","3":"status-publish","4":"has-post-thumbnail","6":"product_brand-kerasys","7":"product_cat-cosmeticos","8":"product_tag-3375","10":"first","11":"instock","12":"shipping-taxable","13":"purchasable","14":"product-type-simple"},"_links":{"self":[{"href":"https:\/\/brandss.com.py\/index\/wp-json\/wp\/v2\/product\/101450","targetHints":{"allow":["GET"]}}],"collection":[{"href":"https:\/\/brandss.com.py\/index\/wp-json\/wp\/v2\/product"}],"about":[{"href":"https:\/\/brandss.com.py\/index\/wp-json\/wp\/v2\/types\/product"}],"replies":[{"embeddable":true,"href":"https:\/\/brandss.com.py\/index\/wp-json\/wp\/v2\/comments?post=101450"}],"version-history":[{"count":1,"href":"https:\/\/brandss.com.py\/index\/wp-json\/wp\/v2\/product\/101450\/revisions"}],"predecessor-version":[{"id":101458,"href":"https:\/\/brandss.com.py\/index\/wp-json\/wp\/v2\/product\/101450\/revisions\/101458"}],"wp:featuredmedia":[{"embeddable":true,"href":"https:\/\/brandss.com.py\/index\/wp-json\/wp\/v2\/media\/101451"}],"wp:attachment":[{"href":"https:\/\/brandss.com.py\/index\/wp-json\/wp\/v2\/media?parent=101450"}],"wp:term":[{"taxonomy":"product_brand","embeddable":true,"href":"https:\/\/brandss.com.py\/index\/wp-json\/wp\/v2\/product_brand?post=101450"},{"taxonomy":"product_cat","embeddable":true,"href":"https:\/\/brandss.com.py\/index\/wp-json\/wp\/v2\/product_cat?post=101450"},{"taxonomy":"product_tag","embeddable":true,"href":"https:\/\/brandss.com.py\/index\/wp-json\/wp\/v2\/product_tag?post=101450"}],"curies":[{"name":"wp","href":"https:\/\/api.w.org\/{rel}","templated":true}]}}