{"id":101544,"date":"2026-04-07T19:13:15","date_gmt":"2026-04-07T19:13:15","guid":{"rendered":"https:\/\/brandss.com.py\/index\/?post_type=product&#038;p=101544"},"modified":"2026-04-07T19:13:35","modified_gmt":"2026-04-07T19:13:35","slug":"spray-fijador-capilar-schwarzkopf-silhouette-super-hold-500ml","status":"publish","type":"product","link":"https:\/\/brandss.com.py\/index\/producto\/spray-fijador-capilar-schwarzkopf-silhouette-super-hold-500ml\/","title":{"rendered":"SPRAY FIJADOR CAPILAR SCHWARZKOPF SILHOUETTE SUPER HOLD 500ML"},"content":{"rendered":"<p><img loading=\"lazy\" decoding=\"async\" class=\"\" src=\"https:\/\/cdn.freebiesupply.com\/logos\/large\/2x\/schwarzkopf-professional-logo-png-transparent.png\" alt=\"Schwarzkopf Professional Logo PNG Transparent &amp; SVG Vector - Freebie Supply\" width=\"109\" height=\"109\" \/><\/p>\n<h1>SILHOUETTE SUPER HOLD<\/h1>\n<p>&nbsp;<\/p>\n<div class=\"row equal_nt nt_contain\">\n<div class=\"col-12 col-md-4\">\n<p><strong><span dir=\"auto\">Secado r\u00e1pido. No pegajoso. Se cepilla f\u00e1cilmente.<\/span><\/strong><\/p>\n<p><span dir=\"auto\">Proporciona una fijaci\u00f3n extrafuerte a la vez que mantiene un brillo y vitalidad excelentes. SILHOUETTE: f\u00f3rmula de fijaci\u00f3n extrafuerte con agentes formadores de pel\u00edcula microfina para una fijaci\u00f3n fuerte, duradera e invisible que no sobrecarga el cabello.<\/span><\/p>\n<p><span dir=\"auto\">La laca Schwarzkopf proporciona una fijaci\u00f3n fuerte a la vez que cuida suavemente tu cabello. Facilita el peinado, dejando tu melena suave y sedosa. Sus micropart\u00edculas especialmente dise\u00f1adas garantizan un peinado impecable en cualquier condici\u00f3n clim\u00e1tica. Los componentes activos de la laca aportan movimiento natural al cabello sin apelmazarlo ni dejarlo r\u00edgido.<\/span><\/p>\n<p><span dir=\"auto\">Los antioxidantes de la f\u00f3rmula neutralizan los efectos de los radicales libres, previniendo la ca\u00edda del cabello. Adem\u00e1s, favorecen la regeneraci\u00f3n celular y ayudan a restaurar el brillo natural del cabello. El complejo vitam\u00ednico estimula el crecimiento capilar, mejora la microcirculaci\u00f3n sangu\u00ednea en el cuero cabelludo, nutre, fortalece e hidrata, llevando ox\u00edgeno a las ra\u00edces y facilitando la llegada de otros ingredientes activos a los fol\u00edculos.<\/span><\/p>\n<\/div>\n<\/div>\n<div class=\"sp-tab-content\">\n<div class=\"row equal_nt nt_contain\">\n<div class=\"col-12 col-md-4\">\n<h3><span style=\"color: #bd8448\"><span dir=\"auto\">Beneficios clave<\/span><\/span><\/h3>\n<ul class=\"bullet-points\">\n<li><span dir=\"auto\">F\u00d3RMULA CL\u00c1SICA &#8211; fijaci\u00f3n invisible.<\/span><\/li>\n<li><span dir=\"auto\">Proporciona una fijaci\u00f3n extrafuerte a la vez que mantiene un brillo y una vitalidad excelentes.<\/span><\/li>\n<li><span dir=\"auto\">F\u00f3rmula de fijaci\u00f3n s\u00faper fuerte con formadores de pel\u00edcula microfinos para una fijaci\u00f3n duradera y a la vez invisible.<\/span><\/li>\n<li><span dir=\"auto\">Fijaci\u00f3n fuerte sin sobrecargar el cabello.<\/span><\/li>\n<li><span dir=\"auto\">Secado r\u00e1pido.<\/span><\/li>\n<li><span dir=\"auto\">Sin sensaci\u00f3n pegajosa.<\/span><\/li>\n<li><span dir=\"auto\">Se quita f\u00e1cilmente con el cepillo.<\/span><\/li>\n<\/ul>\n<p><strong><span dir=\"auto\">Contenido:\u00a0<\/span><\/strong><span dir=\"auto\"> 500 ml<\/span><\/p>\n<\/div>\n<\/div>\n<\/div>\n<div class=\"sp-tab-content\">\n<div class=\"row equal_nt nt_contain\">\n<div class=\"col-12 col-md-4\">\n<h3><strong><span style=\"color: #bd8448\"><span dir=\"auto\">C\u00f3mo usar<\/span><\/span><\/strong><\/h3>\n<ul class=\"bullet-points\">\n<li style=\"list-style-type: none\">\n<ul class=\"bullet-points\">\n<li><span dir=\"auto\">Pulverizar directamente sobre el cabello seco desde una distancia aproximada de 30 cm. Utilizar en r\u00e1fagas cortas.<\/span><\/li>\n<\/ul>\n<\/li>\n<\/ul>\n<\/div>\n<\/div>\n<\/div>\n","protected":false},"excerpt":{"rendered":"<p>SILHOUETTE SUPER HOLD &nbsp; Secado r\u00e1pido. No pegajoso. Se cepilla f\u00e1cilmente. Proporciona una fijaci\u00f3n extrafuerte a la vez que mantiene<\/p>\n","protected":false},"featured_media":101545,"comment_status":"open","ping_status":"closed","template":"","meta":{"nf_dc_page":""},"product_brand":[3397],"product_cat":[85],"product_tag":[3398],"class_list":{"0":"post-101544","1":"product","2":"type-product","3":"status-publish","4":"has-post-thumbnail","6":"product_brand-schwarzkopf","7":"product_cat-cosmeticos","8":"product_tag-3398","10":"first","11":"instock","12":"shipping-taxable","13":"purchasable","14":"product-type-simple"},"_links":{"self":[{"href":"https:\/\/brandss.com.py\/index\/wp-json\/wp\/v2\/product\/101544","targetHints":{"allow":["GET"]}}],"collection":[{"href":"https:\/\/brandss.com.py\/index\/wp-json\/wp\/v2\/product"}],"about":[{"href":"https:\/\/brandss.com.py\/index\/wp-json\/wp\/v2\/types\/product"}],"replies":[{"embeddable":true,"href":"https:\/\/brandss.com.py\/index\/wp-json\/wp\/v2\/comments?post=101544"}],"version-history":[{"count":1,"href":"https:\/\/brandss.com.py\/index\/wp-json\/wp\/v2\/product\/101544\/revisions"}],"predecessor-version":[{"id":101547,"href":"https:\/\/brandss.com.py\/index\/wp-json\/wp\/v2\/product\/101544\/revisions\/101547"}],"wp:featuredmedia":[{"embeddable":true,"href":"https:\/\/brandss.com.py\/index\/wp-json\/wp\/v2\/media\/101545"}],"wp:attachment":[{"href":"https:\/\/brandss.com.py\/index\/wp-json\/wp\/v2\/media?parent=101544"}],"wp:term":[{"taxonomy":"product_brand","embeddable":true,"href":"https:\/\/brandss.com.py\/index\/wp-json\/wp\/v2\/product_brand?post=101544"},{"taxonomy":"product_cat","embeddable":true,"href":"https:\/\/brandss.com.py\/index\/wp-json\/wp\/v2\/product_cat?post=101544"},{"taxonomy":"product_tag","embeddable":true,"href":"https:\/\/brandss.com.py\/index\/wp-json\/wp\/v2\/product_tag?post=101544"}],"curies":[{"name":"wp","href":"https:\/\/api.w.org\/{rel}","templated":true}]}}