{"id":101640,"date":"2026-04-09T14:22:21","date_gmt":"2026-04-09T14:22:21","guid":{"rendered":"https:\/\/brandss.com.py\/index\/?post_type=product&#038;p=101640"},"modified":"2026-04-09T14:22:55","modified_gmt":"2026-04-09T14:22:55","slug":"crema-corporal-unisex-ard-al-zaafaran-khamrah-black-300gr","status":"publish","type":"product","link":"https:\/\/brandss.com.py\/index\/producto\/crema-corporal-unisex-ard-al-zaafaran-khamrah-black-300gr\/","title":{"rendered":"CREMA CORPORAL UNISEX ARD AL ZAAFARAN KHAMRAH BLACK 300GR"},"content":{"rendered":"<p><img loading=\"lazy\" decoding=\"async\" class=\"\" src=\"https:\/\/ardalzaafaranshop.com\/cdn\/shop\/files\/Ard_Al_Zaafaran_Logo_-_Edited.png?crop=center&amp;height=533&amp;v=1725426151&amp;width=415\" alt=\"About Us \u2013 ArdAlZaafaranShop\" width=\"84\" height=\"108\" \/><\/p>\n<h1>KHAMRAH BLACK<\/h1>\n<p>Es m\u00e1s que una crema hidratante; es una experiencia sensorial opulenta que traslada el ADN de la fragancia m\u00e1s ic\u00f3nica de Lattafa al cuidado corporal. Esta rica y aterciopelada crema corporal fue desarrollada para brindar una hidrataci\u00f3n intensa y duradera, dejando la piel profundamente suave, luminosa y envuelta en una estela magn\u00e9tica. Es el complemento perfecto para quienes desean potenciar la duraci\u00f3n de su perfume o simplemente disfrutar de un momento de puro lujo despu\u00e9s del ba\u00f1o.<\/p>\n<p><img loading=\"lazy\" decoding=\"async\" class=\"alignleft\" src=\"https:\/\/http2.mlstatic.com\/D_NQ_NP_2X_840242-MLA107998181382_032026-F.webp\" width=\"645\" height=\"645\" \/><\/p>\n<h3><\/h3>\n<h3>Beneficios y caracter\u00edsticas clave<\/h3>\n<p>&nbsp;<\/p>\n<p><strong>Hidrataci\u00f3n &#8220;m\u00e1xima&#8221;:<\/strong> Formulada con agentes emolientes de alto rendimiento que combaten la sequedad, restaurando la barrera natural de la piel.<\/p>\n<p><strong>Textura lujosa:<\/strong> Una crema densa que se funde al contacto con la piel, absorbi\u00e9ndose r\u00e1pidamente sin dejar residuos grasos, solo un toque satinado.<\/p>\n<p><strong>Potenciador de fragancia:<\/strong> Act\u00faa como la base perfecta para superponer fragancias. Al hidratar la piel antes de aplicar el perfume, evitas la r\u00e1pida evaporaci\u00f3n de la fragancia, duplicando su duraci\u00f3n.<\/p>\n<p><strong>Sin parabenos:<\/strong> Cuidado consciente para todo tipo de piel.<\/p>\n<p><strong>Caracter\u00edsticas:<\/strong> Volumen: 300 g (envase generoso para uso diario).<\/p>\n<p><strong>G\u00e9nero:<\/strong> Unisex (atrae a todos los que aprecian los aromas c\u00e1lidos, especiados y orientales).<\/p>\n<p><strong>Fijaci\u00f3n del aroma:<\/strong> Alta: la fragancia permanece en la piel durante horas, incluso sin usar perfume en spray.<\/p>\n<p><strong>Ocasi\u00f3n:<\/strong> Ideal para uso nocturno, despu\u00e9s de la ducha o cuando desees una sensaci\u00f3n de confort y sofisticaci\u00f3n.<\/p>\n<p>&nbsp;<\/p>\n<p>&nbsp;<\/p>\n<h3>Notas Olfativas<\/h3>\n<p>&nbsp;<\/p>\n<p>La fragancia de esta crema sigue fielmente las notas del perfume Khamrah, proporcionando un aroma c\u00e1lido y oriental.<\/p>\n<p><strong>Notas de salida:<\/strong> canela, bergamota.<\/p>\n<p><strong>Notas de coraz\u00f3n:<\/strong> d\u00e1tiles,pralin\u00e9.<\/p>\n<p><strong>Notas de fondo:<\/strong> vainilla, \u00e1mbar, maderas.<\/p>\n<p>&nbsp;<\/p>\n","protected":false},"excerpt":{"rendered":"<p>KHAMRAH BLACK Es m\u00e1s que una crema hidratante; es una experiencia sensorial opulenta que traslada el ADN de la fragancia<\/p>\n","protected":false},"featured_media":101641,"comment_status":"open","ping_status":"closed","template":"","meta":{"nf_dc_page":""},"product_brand":[110],"product_cat":[85],"product_tag":[3413],"class_list":{"0":"post-101640","1":"product","2":"type-product","3":"status-publish","4":"has-post-thumbnail","6":"product_brand-ard-al-zaafaran","7":"product_cat-cosmeticos","8":"product_tag-3413","10":"first","11":"instock","12":"shipping-taxable","13":"purchasable","14":"product-type-simple"},"_links":{"self":[{"href":"https:\/\/brandss.com.py\/index\/wp-json\/wp\/v2\/product\/101640","targetHints":{"allow":["GET"]}}],"collection":[{"href":"https:\/\/brandss.com.py\/index\/wp-json\/wp\/v2\/product"}],"about":[{"href":"https:\/\/brandss.com.py\/index\/wp-json\/wp\/v2\/types\/product"}],"replies":[{"embeddable":true,"href":"https:\/\/brandss.com.py\/index\/wp-json\/wp\/v2\/comments?post=101640"}],"version-history":[{"count":1,"href":"https:\/\/brandss.com.py\/index\/wp-json\/wp\/v2\/product\/101640\/revisions"}],"predecessor-version":[{"id":101646,"href":"https:\/\/brandss.com.py\/index\/wp-json\/wp\/v2\/product\/101640\/revisions\/101646"}],"wp:featuredmedia":[{"embeddable":true,"href":"https:\/\/brandss.com.py\/index\/wp-json\/wp\/v2\/media\/101641"}],"wp:attachment":[{"href":"https:\/\/brandss.com.py\/index\/wp-json\/wp\/v2\/media?parent=101640"}],"wp:term":[{"taxonomy":"product_brand","embeddable":true,"href":"https:\/\/brandss.com.py\/index\/wp-json\/wp\/v2\/product_brand?post=101640"},{"taxonomy":"product_cat","embeddable":true,"href":"https:\/\/brandss.com.py\/index\/wp-json\/wp\/v2\/product_cat?post=101640"},{"taxonomy":"product_tag","embeddable":true,"href":"https:\/\/brandss.com.py\/index\/wp-json\/wp\/v2\/product_tag?post=101640"}],"curies":[{"name":"wp","href":"https:\/\/api.w.org\/{rel}","templated":true}]}}