{"id":101934,"date":"2026-04-13T18:04:00","date_gmt":"2026-04-13T18:04:00","guid":{"rendered":"https:\/\/brandss.com.py\/index\/?post_type=product&#038;p=101934"},"modified":"2026-04-13T18:05:54","modified_gmt":"2026-04-13T18:05:54","slug":"celular-honor-magic8-lite-5g-ds-8-512gb-6-78-midnight-black","status":"publish","type":"product","link":"https:\/\/brandss.com.py\/index\/producto\/celular-honor-magic8-lite-5g-ds-8-512gb-6-78-midnight-black\/","title":{"rendered":"CELULAR HONOR MAGIC8 LITE 5G DS 8\/512GB 6.78 MIDNIGHT BLACK"},"content":{"rendered":"<p><img loading=\"lazy\" decoding=\"async\" class=\"\" src=\"https:\/\/upload.wikimedia.org\/wikipedia\/commons\/thumb\/2\/20\/Honor_Logo_%282020%29.svg\/1280px-Honor_Logo_%282020%29.svg.png\" alt=\"Archivo:Honor Logo (2020).svg - Wikipedia, la enciclopedia libre\" width=\"145\" height=\"28\" \/><\/p>\n<h1>MAGIC8 LITE<\/h1>\n<p><span dir=\"auto\">El Honor Magic8 Lite de 512 GB en color negro es un smartphone vers\u00e1til que combina un rendimiento superior con un dise\u00f1o elegante. Gracias al procesador Snapdragon 6 de cuarta generaci\u00f3n, disfrutar\u00e1s de un rendimiento ultrarr\u00e1pido en todo lo que hagas. Cuenta con una bater\u00eda de 7500 mAh, una brillante pantalla AMOLED de 6,79 pulgadas y una c\u00e1mara de 108 MP para fotos de gran nitidez. Con 8 GB de memoria RAM y 512 GB de almacenamiento, tendr\u00e1s espacio de sobra para aplicaciones, fotos y v\u00eddeos. Adem\u00e1s, con Android y MagicOS 9.0, disfrutar\u00e1s de una experiencia r\u00e1pida y f\u00e1cil de usar.<\/span><\/p>\n<h2 id=\"big-screen\"><span dir=\"auto\">Pantalla grande<\/span><\/h2>\n<p><span dir=\"auto\">La gran pantalla AMOLED de 6,79 pulgadas ofrece una experiencia visual inmersiva, ya sea para ver tus series favoritas o navegar por las redes sociales. Con una resoluci\u00f3n de 2640 x 1200 p\u00edxeles, las im\u00e1genes son n\u00edtidas y los colores, realistas. La pantalla admite multit\u00e1ctil de hasta 10 dedos simult\u00e1neamente, lo que resulta especialmente \u00fatil para jugar o realizar controles r\u00e1pidos. Los bordes estrechos y el excelente \u00e1ngulo de visi\u00f3n hacen que todo en pantalla destaque a la perfecci\u00f3n. Esta pantalla marca la diferencia en el uso diario y ofrece im\u00e1genes de alta calidad.<\/span><\/p>\n<h2 id=\"powerful-battery\"><span dir=\"auto\">Bater\u00eda potente<\/span><\/h2>\n<p><span dir=\"auto\">La bater\u00eda de 7500 mAh te permite pasar d\u00edas sin necesidad de tener un cargador a mano. Puedes hacer llamadas hasta 42 horas o dejar tu dispositivo en modo de espera hasta 875 horas con una carga completa. Ya sea que est\u00e9s de viaje, en el trabajo o viendo contenido en streaming, esta bater\u00eda te seguir\u00e1 el ritmo. Ideal para quienes buscan una bater\u00eda de larga duraci\u00f3n.<\/span><\/p>\n<h2 id=\"razor-sharp-cameras\"><span dir=\"auto\">C\u00e1maras de nitidez excepcional<\/span><\/h2>\n<p><span dir=\"auto\">La c\u00e1mara principal de 108 MP te permite tomar fotos impresionantes, llenas de detalle, color y profundidad. El objetivo adicional de 5 MP te ayuda a obtener im\u00e1genes a\u00fan mejores. La c\u00e1mara frontal de 16 MP tampoco decepciona: las selfies se ven n\u00edtidas y naturales. Graba videos en resoluci\u00f3n hasta 4K, por lo que es ideal para capturar tus viajes o contenido para redes sociales. Ya sea de d\u00eda o de noche, las c\u00e1maras te aseguran estar siempre listo para capturar el momento.<\/span><\/p>\n<h2 id=\"smooth-performance\"><span dir=\"auto\">Rendimiento fluido<\/span><\/h2>\n<p><span dir=\"auto\">El Honor Magic8 Lite incorpora un chip Snapdragon 6 de cuarta generaci\u00f3n con un potente procesador de ocho n\u00facleos y una GPU Adreno A810. Gracias a ello, las aplicaciones se ejecutan con rapidez y fluidez, incluso si usas varias a la vez. Jugar, ver contenido en streaming y navegar por internet se ejecutan sin problemas. Con 8 GB de memoria RAM y 512 GB de almacenamiento, puedes guardar tus aplicaciones, fotos y archivos favoritos sin preocuparte por quedarte sin espacio. Este dispositivo est\u00e1 dise\u00f1ado para quienes usan el m\u00f3vil intensivamente y no quieren ning\u00fan tipo de retraso.<\/span><\/p>\n<h2 id=\"smart-software\"><span dir=\"auto\">Software inteligente<\/span><\/h2>\n<p><span dir=\"auto\">El Honor Magic8 Lite funciona con MagicOS 9.0, una capa de personalizaci\u00f3n intuitiva sobre Android. Este software ofrece una experiencia fluida e intuitiva con funciones \u00fatiles como desbloqueo facial, notificaciones inteligentes y gesti\u00f3n de energ\u00eda. Bluetooth 5.2 y Wi-Fi 6 proporcionan conexiones ultrarr\u00e1pidas. La compatibilidad con eSIM y nano-SIM te ofrece flexibilidad a la hora de elegir red. Los pagos sin contacto tampoco suponen ning\u00fan problema, ya que el tel\u00e9fono incorpora NFC. En resumen: tienes todo lo que necesitas en un sistema inteligente y pr\u00e1ctico.<\/span><\/p>\n<h2 id=\"solid-design\"><span dir=\"auto\">Dise\u00f1o s\u00f3lido<\/span><\/h2>\n<p><span dir=\"auto\">El Honor Magic8 Lite no solo es r\u00e1pido, sino que tambi\u00e9n cuenta con una construcci\u00f3n excepcionalmente s\u00f3lida. El dispositivo es resistente al agua y al polvo con certificaciones IP66, IP68 e IP69K. Esto significa que puede soportar la lluvia, el polvo e incluso potentes chorros de agua. Su dise\u00f1o elegante y delgado, con un grosor de 7,76 mm y un peso de 189 gramos, es lo suficientemente ligero para usarlo c\u00f3modamente a diario y lo suficientemente robusto para un uso intensivo.<\/span><\/p>\n<div id=\"product-specs-heading\" class=\"card-header\">\n<h2 class=\"card-title text-center\">Especificaciones<\/h2>\n<\/div>\n<div id=\"product-accordion-specs\" class=\"collapse show\" aria-labelledby=\"product-specs-heading\">\n<div class=\"card-body\">\n<div class=\"product-desc-content\">\n<div class=\"\">\n<table border=\"1\">\n<colgroup>\n<col \/>\n<col \/><\/colgroup>\n<tbody>\n<tr>\n<td class=\"xl25\" width=\"320\" height=\"20\">Marca:<\/td>\n<td class=\"xl26\" width=\"320\">Honor<\/td>\n<\/tr>\n<tr>\n<td class=\"xl27\" height=\"20\">Modelo:<\/td>\n<td class=\"xl28\">Magic 8 Lite<\/td>\n<\/tr>\n<tr>\n<td class=\"xl27\" height=\"20\">Color:<\/td>\n<td class=\"xl28\">Black<\/td>\n<\/tr>\n<tr>\n<td class=\"xl27\" height=\"20\">Pantalla:<\/td>\n<td class=\"xl28\">6.7 pulgadas LCD IPS<\/td>\n<\/tr>\n<tr>\n<td class=\"xl27\" height=\"20\">Resoluci\u00f3n:<\/td>\n<td class=\"xl28\">2388 x 1080 p\u00edxeles (FHD+)<\/td>\n<\/tr>\n<tr>\n<td class=\"xl27\" height=\"20\">Taza de Refresco:<\/td>\n<td class=\"xl28\">90 Hz<\/td>\n<\/tr>\n<tr>\n<td class=\"xl27\" height=\"20\">Resistencia de Pantalla:<\/td>\n<td class=\"xl28\">Cristal templado (no especificada)<\/td>\n<\/tr>\n<tr>\n<td class=\"xl27\" height=\"20\">Procesador:<\/td>\n<td class=\"xl28\">MediaTek Dimensity 6020<\/td>\n<\/tr>\n<tr>\n<td class=\"xl27\" height=\"20\">Almacenamiento:<\/td>\n<td class=\"xl28\">512 GB<\/td>\n<\/tr>\n<tr>\n<td class=\"xl27\" height=\"20\">RAM:<\/td>\n<td class=\"xl28\">8 GB<\/td>\n<\/tr>\n<tr>\n<td class=\"xl27\" height=\"20\">C\u00e1mara Principal:<\/td>\n<td class=\"xl28\">Triple c\u00e1mara (50 MP + 2 MP + 2 MP)<\/td>\n<\/tr>\n<tr>\n<td class=\"xl27\" height=\"20\">C\u00e1mara Angular:<\/td>\n<td class=\"xl28\">2 MP<\/td>\n<\/tr>\n<tr>\n<td class=\"xl27\" height=\"20\">C\u00e1mara Profunda:<\/td>\n<td class=\"xl28\">2 MP (sensor de profundidad)<\/td>\n<\/tr>\n<tr>\n<td class=\"xl27\" height=\"20\">C\u00e1mara Frontal:<\/td>\n<td class=\"xl28\">16 MP<\/td>\n<\/tr>\n<tr>\n<td class=\"xl27\" height=\"20\">Bateria:<\/td>\n<td class=\"xl28\">4500 mAh<\/td>\n<\/tr>\n<tr>\n<td class=\"xl27\" height=\"20\">Carga r\u00e1pida:<\/td>\n<td class=\"xl28\">66W<\/td>\n<\/tr>\n<tr>\n<td class=\"xl27\" height=\"20\">Ciclos de Carga:<\/td>\n<td class=\"xl28\">Hasta 1000 ciclos (dependiendo del uso)<\/td>\n<\/tr>\n<tr>\n<td class=\"xl27\" height=\"20\">Tipo de Carga:<\/td>\n<td class=\"xl28\">USB Type-C<\/td>\n<\/tr>\n<tr>\n<td class=\"xl27\" height=\"20\">Sistema Operativo:<\/td>\n<td class=\"xl28\">Magic UI 6.1 (basado en Android)<\/td>\n<\/tr>\n<tr>\n<td class=\"xl27\" height=\"20\">Tarjeta SIM:<\/td>\n<td class=\"xl28\">Dual SIM<\/td>\n<\/tr>\n<tr>\n<td class=\"xl27\" height=\"20\">Tarjeta SD:<\/td>\n<td class=\"xl28\">Soporta tarjeta microSD (hasta 1 TB)<\/td>\n<\/tr>\n<tr>\n<td class=\"xl27\" height=\"20\">Conectividad:<\/td>\n<td class=\"xl42\" width=\"320\">5G, Wi-Fi 5, Bluetooth 5.1<\/td>\n<\/tr>\n<tr>\n<td class=\"xl27\" height=\"20\">Lector de huellas:<\/td>\n<td class=\"xl28\">Lateral<\/td>\n<\/tr>\n<tr>\n<td class=\"xl29\" height=\"20\">Protecci\u00f3n contra salpicaduras IP:<\/td>\n<td class=\"xl30\">No especificada (verificar con el fabricante)<\/td>\n<\/tr>\n<tr>\n<td class=\"xl31\" height=\"20\">Dimensiones:<\/td>\n<td class=\"xl32\">Aproximadamente 162.7 x 75.1 x 7.9 mm<\/td>\n<\/tr>\n<tr>\n<td class=\"xl31\" height=\"20\">Peso:<\/td>\n<td class=\"xl32\">Aproximadamente 179 g<\/td>\n<\/tr>\n<tr>\n<td class=\"xl33\" height=\"20\">Elementos adicionales:<\/td>\n<td class=\"xl41\">Cable USB Type-C, manual de usuario<\/td>\n<\/tr>\n<\/tbody>\n<\/table>\n<\/div>\n<\/div>\n<\/div>\n<\/div>\n","protected":false},"excerpt":{"rendered":"<p>MAGIC8 LITE El Honor Magic8 Lite de 512 GB en color negro es un smartphone vers\u00e1til que combina un rendimiento<\/p>\n","protected":false},"featured_media":101935,"comment_status":"open","ping_status":"closed","template":"","meta":{"nf_dc_page":""},"product_brand":[2186],"product_cat":[2187],"product_tag":[3453],"class_list":{"0":"post-101934","1":"product","2":"type-product","3":"status-publish","4":"has-post-thumbnail","6":"product_brand-honor","7":"product_cat-celulares","8":"product_tag-3453","10":"first","11":"instock","12":"shipping-taxable","13":"purchasable","14":"product-type-simple"},"_links":{"self":[{"href":"https:\/\/brandss.com.py\/index\/wp-json\/wp\/v2\/product\/101934","targetHints":{"allow":["GET"]}}],"collection":[{"href":"https:\/\/brandss.com.py\/index\/wp-json\/wp\/v2\/product"}],"about":[{"href":"https:\/\/brandss.com.py\/index\/wp-json\/wp\/v2\/types\/product"}],"replies":[{"embeddable":true,"href":"https:\/\/brandss.com.py\/index\/wp-json\/wp\/v2\/comments?post=101934"}],"version-history":[{"count":1,"href":"https:\/\/brandss.com.py\/index\/wp-json\/wp\/v2\/product\/101934\/revisions"}],"predecessor-version":[{"id":101943,"href":"https:\/\/brandss.com.py\/index\/wp-json\/wp\/v2\/product\/101934\/revisions\/101943"}],"wp:featuredmedia":[{"embeddable":true,"href":"https:\/\/brandss.com.py\/index\/wp-json\/wp\/v2\/media\/101935"}],"wp:attachment":[{"href":"https:\/\/brandss.com.py\/index\/wp-json\/wp\/v2\/media?parent=101934"}],"wp:term":[{"taxonomy":"product_brand","embeddable":true,"href":"https:\/\/brandss.com.py\/index\/wp-json\/wp\/v2\/product_brand?post=101934"},{"taxonomy":"product_cat","embeddable":true,"href":"https:\/\/brandss.com.py\/index\/wp-json\/wp\/v2\/product_cat?post=101934"},{"taxonomy":"product_tag","embeddable":true,"href":"https:\/\/brandss.com.py\/index\/wp-json\/wp\/v2\/product_tag?post=101934"}],"curies":[{"name":"wp","href":"https:\/\/api.w.org\/{rel}","templated":true}]}}