{"id":101987,"date":"2026-04-14T14:20:54","date_gmt":"2026-04-14T14:20:54","guid":{"rendered":"https:\/\/brandss.com.py\/index\/?post_type=product&#038;p=101987"},"modified":"2026-04-14T14:22:53","modified_gmt":"2026-04-14T14:22:53","slug":"perfume-masculino-lattafa-asad-collection-edp-25ml-set-de-4pz","status":"publish","type":"product","link":"https:\/\/brandss.com.py\/index\/producto\/perfume-masculino-lattafa-asad-collection-edp-25ml-set-de-4pz\/","title":{"rendered":"PERFUME MASCULINO LATTAFA ASAD COLLECTION EDP 25ML SET DE 4PZ"},"content":{"rendered":"<p><img loading=\"lazy\" decoding=\"async\" class=\"\" src=\"https:\/\/myscentjourney.s3.us-east-2.amazonaws.com\/2022\/02\/14\/29KIascent_j_marca_1644871114_202.png\" alt=\"MSJ::LATTAFA\" width=\"82\" height=\"97\" \/><\/p>\n<h1>ASAD COLLECTION<\/h1>\n<p><span dir=\"auto\">Es una potente colecci\u00f3n de fragancias dise\u00f1ada <\/span><span dir=\"auto\">para hombres<\/span><span dir=\"auto\">\u00a0que disfrutan de composiciones audaces con car\u00e1cter y un impacto duradero. Este exclusivo\u00a0<\/span><span dir=\"auto\">set de regalo<\/span><span dir=\"auto\">\u00a0re\u00fane cuatro interpretaciones distintivas del ic\u00f3nico ADN de Asad, permiti\u00e9ndote adaptarte f\u00e1cilmente a diferentes estados de \u00e1nimo, estaciones y ocasiones.<img loading=\"lazy\" decoding=\"async\" class=\"alignleft\" src=\"https:\/\/cdn.idealo.com\/folder\/Product\/209519\/8\/209519831\/s11_produktbild_max_5\/lattafa-asad-collection-edp-4-x-25ml.jpg\" width=\"710\" height=\"710\" \/><\/span><\/p>\n<p><span dir=\"auto\">Cada vaporizador de 25 ml de Eau de Parfum captura una faceta diferente de la masculinidad: desde la profundidad c\u00e1lida y especiada hasta la frescura y la intensa elegancia nocturna. La colecci\u00f3n incluye\u00a0<\/span><span dir=\"auto\">Asad Original<\/span><span dir=\"auto\">,\u00a0<\/span><span dir=\"auto\">Asad Zanzibar<\/span><span dir=\"auto\">,\u00a0<\/span><span dir=\"auto\">Asad Bourbon<\/span><span dir=\"auto\">\u00a0y\u00a0<\/span><span dir=\"auto\">Asad Elixir<\/span><span dir=\"auto\">, ofreciendo variedad sin comprometer la intensidad ni el rendimiento. Compactos y f\u00e1ciles de llevar, los frascos son ideales para el uso diario y para llevarlos siempre contigo.<\/span><\/p>\n<p>El Set Perfume Lattafa Asad Collection EDP re\u00fane\u00a0<span dir=\"ltr\" lang=\"es-MX\">cuatro<\/span>\u00a0presentaciones en tama\u00f1o de viaje de una de las fragancias m\u00e1s ic\u00f3nicas de Lattafa. Con una estela intensa y cautivadora, cada miniatura concentra la esencia de la l\u00ednea Asad. Ideal para quienes desean probar la fragancia, llevarla en el bolso o simplemente disfrutar de un set pr\u00e1ctico y exclusivo, este kit garantiza una experiencia olfativa envolvente y de larga fijaci\u00f3n en la piel.<\/p>\n<p>&nbsp;<\/p>\n<h3><strong>Notas Olfativas de cada perfume<\/strong><\/h3>\n<p>&nbsp;<\/p>\n<p>Perfume Lattafa Asad<span dir=\"ltr\" lang=\"es-MX\">\u00a0<\/span>EDP &#8211;\u00a0<span dir=\"ltr\" lang=\"es-MX\">2<\/span>5mL<\/p>\n<p>&nbsp;<\/p>\n<ul>\n<li><span dir=\"ltr\" lang=\"es-MX\"><strong>Notas de s<\/strong><\/span><strong>alida:<\/strong> pimienta negra, pi\u00f1a, tabaco.<\/li>\n<li><span dir=\"ltr\" lang=\"es-MX\"><strong>Notas de c<\/strong><\/span><strong>oraz\u00f3n:<\/strong> caf\u00e9, pachul\u00ed, iris.<\/li>\n<li><span dir=\"ltr\" lang=\"es-MX\"><strong>Notas de salida<\/strong><\/span><strong>: <\/strong>\u00e1mbar, vainilla, maderas secas, benju\u00ed, l\u00e1dano.<\/li>\n<\/ul>\n<p>&nbsp;<\/p>\n<p>Perfume Lattafa Asad<span dir=\"ltr\" lang=\"es-MX\">\u00a0Elixir\u00a0<\/span>EDP &#8211;\u00a0<span dir=\"ltr\" lang=\"es-MX\">2<\/span>5mL<\/p>\n<p>&nbsp;<\/p>\n<ul>\n<li><span dir=\"ltr\" lang=\"es-MX\"><strong>Notas de s<\/strong><\/span><strong>alida:<\/strong> pimienta rosa, azafr\u00e1n, pomelo.<\/li>\n<li><span dir=\"ltr\" lang=\"es-MX\"><strong>Notas de c<\/strong><\/span><strong>oraz\u00f3n:<\/strong> tabaco, madera de cedro, vainilla.<\/li>\n<li><span dir=\"ltr\" lang=\"es-MX\"><strong>Notas de salida<\/strong><\/span><strong>:<\/strong> pachul\u00ed, ol\u00edbano, cachemira, \u00e1mbar seco.<\/li>\n<\/ul>\n<p>&nbsp;<\/p>\n<p>Perfume Lattafa Asad<span dir=\"ltr\" lang=\"es-MX\">\u00a0Zanzibar\u00a0<\/span>EDP &#8211;\u00a0<span dir=\"ltr\" lang=\"es-MX\">2<\/span>5mL<\/p>\n<p>&nbsp;<\/p>\n<ul>\n<li><span dir=\"ltr\" lang=\"es-MX\"><strong>Notas de s<\/strong><\/span><strong>alida:<\/strong> pimienta negra, lavanda marina.<\/li>\n<li><span dir=\"ltr\" lang=\"es-MX\"><strong>Notas de c<\/strong><\/span><strong>oraz\u00f3n:<\/strong> agua de coco, iris, sal.<\/li>\n<li><span dir=\"ltr\" lang=\"es-MX\"><strong>Notas de salida<\/strong><\/span><strong>:<\/strong> incienso, vainilla.<\/li>\n<\/ul>\n<p>&nbsp;<\/p>\n<p>Perfume Lattafa\u00a0<span dir=\"ltr\" lang=\"es-MX\">Asad Bourbon\u00a0<\/span>EDP &#8211;\u00a0<span dir=\"ltr\" lang=\"es-MX\">2<\/span>5mL<\/p>\n<p>&nbsp;<\/p>\n<ul>\n<li><span dir=\"ltr\" lang=\"es-MX\"><strong>Notas de s<\/strong><\/span><strong>alida:<\/strong>ciruela mirabel, pimienta rosa, lavanda.<\/li>\n<li><span dir=\"ltr\" lang=\"es-MX\"><strong>Notas de c<\/strong><\/span><strong>oraz\u00f3n:<\/strong> nuez moscada, davana, cacao.<\/li>\n<li><span dir=\"ltr\" lang=\"es-MX\"><strong>Notas de salida<\/strong><\/span><strong>:<\/strong> vainilla bourbon, vetiver, \u00e1mbar.<\/li>\n<\/ul>\n","protected":false},"excerpt":{"rendered":"<p>ASAD COLLECTION Es una potente colecci\u00f3n de fragancias dise\u00f1ada para hombres\u00a0que disfrutan de composiciones audaces con car\u00e1cter y un impacto<\/p>\n","protected":false},"featured_media":101988,"comment_status":"open","ping_status":"closed","template":"","meta":{"nf_dc_page":""},"product_brand":[109],"product_cat":[84],"product_tag":[3458],"class_list":{"0":"post-101987","1":"product","2":"type-product","3":"status-publish","4":"has-post-thumbnail","6":"product_brand-lattafa","7":"product_cat-perfumeria","8":"product_tag-3458","10":"first","11":"instock","12":"shipping-taxable","13":"purchasable","14":"product-type-simple"},"_links":{"self":[{"href":"https:\/\/brandss.com.py\/index\/wp-json\/wp\/v2\/product\/101987","targetHints":{"allow":["GET"]}}],"collection":[{"href":"https:\/\/brandss.com.py\/index\/wp-json\/wp\/v2\/product"}],"about":[{"href":"https:\/\/brandss.com.py\/index\/wp-json\/wp\/v2\/types\/product"}],"replies":[{"embeddable":true,"href":"https:\/\/brandss.com.py\/index\/wp-json\/wp\/v2\/comments?post=101987"}],"version-history":[{"count":1,"href":"https:\/\/brandss.com.py\/index\/wp-json\/wp\/v2\/product\/101987\/revisions"}],"predecessor-version":[{"id":101994,"href":"https:\/\/brandss.com.py\/index\/wp-json\/wp\/v2\/product\/101987\/revisions\/101994"}],"wp:featuredmedia":[{"embeddable":true,"href":"https:\/\/brandss.com.py\/index\/wp-json\/wp\/v2\/media\/101988"}],"wp:attachment":[{"href":"https:\/\/brandss.com.py\/index\/wp-json\/wp\/v2\/media?parent=101987"}],"wp:term":[{"taxonomy":"product_brand","embeddable":true,"href":"https:\/\/brandss.com.py\/index\/wp-json\/wp\/v2\/product_brand?post=101987"},{"taxonomy":"product_cat","embeddable":true,"href":"https:\/\/brandss.com.py\/index\/wp-json\/wp\/v2\/product_cat?post=101987"},{"taxonomy":"product_tag","embeddable":true,"href":"https:\/\/brandss.com.py\/index\/wp-json\/wp\/v2\/product_tag?post=101987"}],"curies":[{"name":"wp","href":"https:\/\/api.w.org\/{rel}","templated":true}]}}