{"id":102038,"date":"2026-04-14T18:54:59","date_gmt":"2026-04-14T18:54:59","guid":{"rendered":"https:\/\/brandss.com.py\/index\/?post_type=product&#038;p=102038"},"modified":"2026-04-14T18:55:26","modified_gmt":"2026-04-14T18:55:26","slug":"mascara-de-pestanas-maybelline-lash-sensational-washable-very-black","status":"publish","type":"product","link":"https:\/\/brandss.com.py\/index\/producto\/mascara-de-pestanas-maybelline-lash-sensational-washable-very-black\/","title":{"rendered":"M\u00c1SCARA DE PESTA\u00d1AS MAYBELLINE LASH SENSATIONAL WASHABLE VERY BLACK"},"content":{"rendered":"<p><img loading=\"lazy\" decoding=\"async\" class=\"\" src=\"https:\/\/1000marcas.net\/wp-content\/uploads\/2020\/02\/logo-Maybelline.png\" alt=\"Maybelline Logo - s\u00edmbolo, significado logotipo, historia, PNG\" width=\"125\" height=\"70\" \/><\/p>\n<h1>LASH SENSATIONAL WS<\/h1>\n<p>\u00a1Definci\u00f3n sensational! Lash Sensational. Pesta\u00f1as voluminizas y definidas. F\u00f3rmula lavable. Resalta el poder de tus pesta\u00f1as. La m\u00e1scara Lash Sensational\u00ae Washable despliega capas de pesta\u00f1as para un sensacional efecto abanico completo, gracias a su exclusivo cepillo en abanico con diez capas de cerdas. Esta m\u00e1scara de culto proporciona unas pesta\u00f1as flexibles y separadas que nunca resultan pesadas. Ahora presentamos el nuevo tono Midnight Black, con aceite de rosa mosqueta que acondiciona las pesta\u00f1as para que se sientan a\u00fan m\u00e1s suaves.<img loading=\"lazy\" decoding=\"async\" class=\"alignleft\" src=\"https:\/\/es.maybelline.com\/-\/media\/project\/loreal\/brand-sites\/mny\/americas\/us\/eye-makeup\/mascara\/lash-sensational-washable-mascara\/modules\/multi-image-carousel\/straightlashes_macro_1440x1440_mny_maky_lashsensational_2019_dmi.jpg?rev=-1&amp;cx=0&amp;cy=0&amp;cw=1440&amp;ch=1440&amp;hash=57922BD9F56820FD6D38310311B84F8C\" width=\"477\" height=\"477\" \/><\/p>\n<div id=\"ac-tabitem-1776191487693_1\" class=\"accordion__trigger is-active\" data-qa=\"ac-show\">\n<h3><\/h3>\n<h3 class=\"accordion-action--inner-text\">Beneficios<\/h3>\n<\/div>\n<div id=\"ac-panel-1776191487693_1\" class=\"accordion__content\" role=\"region\" aria-labelledby=\"ac-trigger-1776191487693_1\" aria-hidden=\"false\" data-qa=\"ac-panel\">\n<p>Lash Sensational, \u00a1para un efecto abanico! Las pesta\u00f1as van flexibles, separadas y completamente abanicadas. Ahora con aceite de rosa mosqueta acondicionador y pigmentos minerales, esta m\u00e1scara de culto proporciona unas pesta\u00f1as tupidas que nunca se sienten pesadas. El exclusivo cepillo en abanico para m\u00e1scara de Maybelline con diez capas de cerdas revela capas de pesta\u00f1as y agrega el aspecto de longitud y volumen sin apelmazar. La fresca f\u00f3rmula l\u00edquida captura las pesta\u00f1as de la ra\u00edz a las puntas para un volumen en abanico. Ahora disponible en un nuevo tono lavable: Midnight Black. Probado por oftalm\u00f3logos. Adecuado para usuarios de lentes de contacto.<\/p>\n<div id=\"ac-tabitem-1776191487694_2\" class=\"accordion__trigger is-active\" data-qa=\"ac-show\">\n<h2><\/h2>\n<h2 class=\"accordion-action--inner-text\">Modo de uso<\/h2>\n<\/div>\n<div id=\"ac-panel-1776191487694_2\" class=\"accordion__content\" role=\"region\" aria-labelledby=\"ac-trigger-1776191487694_2\" aria-hidden=\"false\" data-qa=\"ac-panel\">\n<p>Paso 1. Utiliza la curva interior para llegar a la ra\u00edz de las pesta\u00f1as.<br \/>\nPaso 2. Desliza desde la ra\u00edz hasta la punta de las pesta\u00f1as.<br \/>\nPaso 3. No dejes que la m\u00e1scara se seque entre capa y capa.<br \/>\nPaso 4. La m\u00e1scara se puede quitar f\u00e1cilmente con el desmaquillante de ojos 100\u00a0% sin aceites Maybelline Expert Eyes\u00ae.<\/p>\n<\/div>\n<\/div>\n","protected":false},"excerpt":{"rendered":"<p>LASH SENSATIONAL WS \u00a1Definci\u00f3n sensational! Lash Sensational. Pesta\u00f1as voluminizas y definidas. F\u00f3rmula lavable. Resalta el poder de tus pesta\u00f1as. La<\/p>\n","protected":false},"featured_media":102039,"comment_status":"open","ping_status":"closed","template":"","meta":{"nf_dc_page":""},"product_brand":[224],"product_cat":[95],"product_tag":[3467],"class_list":{"0":"post-102038","1":"product","2":"type-product","3":"status-publish","4":"has-post-thumbnail","6":"product_brand-maybelline","7":"product_cat-maquillaje","8":"product_tag-3467","10":"first","11":"instock","12":"shipping-taxable","13":"purchasable","14":"product-type-simple"},"_links":{"self":[{"href":"https:\/\/brandss.com.py\/index\/wp-json\/wp\/v2\/product\/102038","targetHints":{"allow":["GET"]}}],"collection":[{"href":"https:\/\/brandss.com.py\/index\/wp-json\/wp\/v2\/product"}],"about":[{"href":"https:\/\/brandss.com.py\/index\/wp-json\/wp\/v2\/types\/product"}],"replies":[{"embeddable":true,"href":"https:\/\/brandss.com.py\/index\/wp-json\/wp\/v2\/comments?post=102038"}],"version-history":[{"count":1,"href":"https:\/\/brandss.com.py\/index\/wp-json\/wp\/v2\/product\/102038\/revisions"}],"predecessor-version":[{"id":102047,"href":"https:\/\/brandss.com.py\/index\/wp-json\/wp\/v2\/product\/102038\/revisions\/102047"}],"wp:featuredmedia":[{"embeddable":true,"href":"https:\/\/brandss.com.py\/index\/wp-json\/wp\/v2\/media\/102039"}],"wp:attachment":[{"href":"https:\/\/brandss.com.py\/index\/wp-json\/wp\/v2\/media?parent=102038"}],"wp:term":[{"taxonomy":"product_brand","embeddable":true,"href":"https:\/\/brandss.com.py\/index\/wp-json\/wp\/v2\/product_brand?post=102038"},{"taxonomy":"product_cat","embeddable":true,"href":"https:\/\/brandss.com.py\/index\/wp-json\/wp\/v2\/product_cat?post=102038"},{"taxonomy":"product_tag","embeddable":true,"href":"https:\/\/brandss.com.py\/index\/wp-json\/wp\/v2\/product_tag?post=102038"}],"curies":[{"name":"wp","href":"https:\/\/api.w.org\/{rel}","templated":true}]}}