{"id":102074,"date":"2026-04-15T14:14:47","date_gmt":"2026-04-15T14:14:47","guid":{"rendered":"https:\/\/brandss.com.py\/index\/?post_type=product&#038;p=102074"},"modified":"2026-04-15T14:15:24","modified_gmt":"2026-04-15T14:15:24","slug":"mascara-de-pestanas-maybelline-lash-sensational-sky-high-cosmic-black","status":"publish","type":"product","link":"https:\/\/brandss.com.py\/index\/producto\/mascara-de-pestanas-maybelline-lash-sensational-sky-high-cosmic-black\/","title":{"rendered":"M\u00c1SCARA DE PESTA\u00d1AS MAYBELLINE LASH SENSATIONAL SKY HIGH COSMIC BLACK"},"content":{"rendered":"<p><img loading=\"lazy\" decoding=\"async\" class=\"\" src=\"https:\/\/1000marcas.net\/wp-content\/uploads\/2020\/02\/logo-Maybelline.png\" alt=\"Maybelline Logo - s\u00edmbolo, significado logotipo, historia, PNG\" width=\"117\" height=\"66\" \/><\/p>\n<h1>LASH SENSATIONAL SKY HIGH COSMIC BLACK<\/h1>\n<p>\u00a1Descubre nuestra m\u00e1scara de pesta\u00f1as m\u00e1s viral: la Maybelline Lash Sensational Sky High! Con la m\u00e1scara Sky High, puedes a\u00f1adir longitud y volumen ilimitados a tus pesta\u00f1as desde cualquier \u00e1ngulo. Esta m\u00e1scara Sky High de Maybelline cubre cada pesta\u00f1a desde la ra\u00edz hasta la punta con su exclusivo cepillo Flex Tower. Adem\u00e1s, la m\u00e1scara Maybelline Sky High<img decoding=\"async\" class=\"alignright\" src=\"https:\/\/www.maybelline.co.in\/-\/media\/project\/loreal\/brand-sites\/mny\/apac\/in\/products\/eye-makeup\/mascara\/lash-sensational-sky-high-mascara-cosmic-black\/modules\/product-info\/cosmic-black\/6902395853893-2.jpg?rev=e1388123c4814fb198b921b579a9e3b2&amp;cx=0.51&amp;cy=0.47&amp;cw=315&amp;ch=472&amp;hash=D801748B103E016428CA8032169D65AB\" \/> Waterproof est\u00e1 enriquecida con extractos y fibras de bamb\u00fa que te brindan pesta\u00f1as largas, densas y ligeras que no se sienten pesadas. Esta m\u00e1scara Maybelline permanece intacta todo el d\u00eda, sin correrse ni descamarse. As\u00ed que, lleva tu mirada a otro nivel con la m\u00e1scara Maybelline Lash Sensational Sky High. Probada contra alergias y por oftalm\u00f3logos. Apta para ojos sensibles y usuarias de lentes de contacto.<img loading=\"lazy\" decoding=\"async\" class=\"alignleft\" src=\"https:\/\/www.ombupy.com\/cdn\/shop\/files\/1000X1000SKYHIGH_2_2048x2048.jpg?v=1705078822\" width=\"555\" height=\"555\" \/><\/p>\n<p>Para una longitud sin l\u00edmites + volumen redefinido en tus pesta\u00f1as. Pero&#8230; \u00bfy si vamos m\u00e1s all\u00e1? Ahora, mayor intensidad en tu mirada gracias a sus pigmentos ultra negros. \u00a1Ya no tienes que elegir entre longitud, volumen e intensidad! Su innovador cepillo c\u00f3nico flexible alcanza cada una de tus pesta\u00f1as sin dejar grumos y su f\u00f3rmula con extracto de bamb\u00fa y pigmentos ultra negros es ligera y s\u00faper f\u00e1cil de aplicar.<\/p>\n<div id=\"ac-tabitem-1776260924680_1\" class=\"accordion__trigger is-active\" data-qa=\"ac-show\">\n<h2><\/h2>\n<h2 class=\"accordion-action--inner-text\"><span dir=\"auto\">Beneficios<\/span><\/h2>\n<\/div>\n<div id=\"ac-panel-1776260924680_1\" class=\"accordion__content\" role=\"region\" aria-labelledby=\"ac-trigger-1776260924680_1\" aria-hidden=\"false\" data-qa=\"ac-panel\">\n<ul>\n<li><span dir=\"auto\">La m\u00e1scara de pesta\u00f1as Maybelline Lash Sensational Sky High aporta un volumen extremo y una longitud ilimitada a tus pesta\u00f1as.<\/span><\/li>\n<li>La m\u00e1scara de pesta\u00f1as Sky High viene con un cepillo Flex Tower exclusivo que llega a cada pesta\u00f1a.<\/li>\n<li>La m\u00e1scara de pesta\u00f1as Maybelline Sky High cuenta con una f\u00f3rmula innovadora que combina extractos y fibras de bamb\u00fa.<\/li>\n<li>Esta m\u00e1scara de pesta\u00f1as Maybelline Sky High Waterproof dura todo el d\u00eda sin emborronarse ni descamarse.<\/li>\n<li>La m\u00e1scara de pesta\u00f1as Maybelline Lash Sensational Sky High se puede retirar f\u00e1cilmente con un desmaquillante de ojos a base de aceite o resistente al agua.<\/li>\n<li>La m\u00e1scara de pesta\u00f1as Maybelline Sky High ha sido probada contra alergias y por oftalm\u00f3logos, y es apta para ojos sensibles y usuarios de lentes de contacto.<\/li>\n<\/ul>\n<div class=\"Collapsible_Trigger__I9Bou Collapsible_TriggerActive__tAVJR\" role=\"button\" data-fs-collapsible-trigger=\"active\">\n<section class=\"\" data-fs-title-section=\"true\">\n<div class=\"Title_RichTitle__f2tks\" data-fs-rich-title=\"true\">\n<h3 data-fs-rich-title-tag=\"true\"><\/h3>\n<h3 class=\"Title_alignLeft__VELHp\" data-fs-rich-title-tag=\"true\">Modo de uso<\/h3>\n<\/div>\n<\/section>\n<\/div>\n<article class=\"Collapsible_CollapsibleContent__XtZYa\" data-fs-collapsible-content=\"true\">\n<div>\n<p>Para conseguir unas PESTA\u00d1AS CON ALTURA con mayor intensidad, aplica la m\u00e1scara desde la ra\u00edz hasta las puntas con movimientos ascendentes en zig-zag para repartir su f\u00f3rmula ultra negra en todas las pesta\u00f1as por igual. Si quieres seguir construyendo volumen aplica una segunda o tercera capa. Para un extra de longitud, repasa los extremos de las pesta\u00f1as hacia arriba. \u00a1Y ya lo tienes!<\/p>\n<\/div>\n<\/article>\n<\/div>\n<p>&nbsp;<\/p>\n","protected":false},"excerpt":{"rendered":"<p>LASH SENSATIONAL SKY HIGH COSMIC BLACK \u00a1Descubre nuestra m\u00e1scara de pesta\u00f1as m\u00e1s viral: la Maybelline Lash Sensational Sky High! Con<\/p>\n","protected":false},"featured_media":102075,"comment_status":"open","ping_status":"closed","template":"","meta":{"nf_dc_page":""},"product_brand":[224],"product_cat":[95],"product_tag":[3473],"class_list":{"0":"post-102074","1":"product","2":"type-product","3":"status-publish","4":"has-post-thumbnail","6":"product_brand-maybelline","7":"product_cat-maquillaje","8":"product_tag-3473","10":"first","11":"instock","12":"shipping-taxable","13":"purchasable","14":"product-type-simple"},"_links":{"self":[{"href":"https:\/\/brandss.com.py\/index\/wp-json\/wp\/v2\/product\/102074","targetHints":{"allow":["GET"]}}],"collection":[{"href":"https:\/\/brandss.com.py\/index\/wp-json\/wp\/v2\/product"}],"about":[{"href":"https:\/\/brandss.com.py\/index\/wp-json\/wp\/v2\/types\/product"}],"replies":[{"embeddable":true,"href":"https:\/\/brandss.com.py\/index\/wp-json\/wp\/v2\/comments?post=102074"}],"version-history":[{"count":1,"href":"https:\/\/brandss.com.py\/index\/wp-json\/wp\/v2\/product\/102074\/revisions"}],"predecessor-version":[{"id":102085,"href":"https:\/\/brandss.com.py\/index\/wp-json\/wp\/v2\/product\/102074\/revisions\/102085"}],"wp:featuredmedia":[{"embeddable":true,"href":"https:\/\/brandss.com.py\/index\/wp-json\/wp\/v2\/media\/102075"}],"wp:attachment":[{"href":"https:\/\/brandss.com.py\/index\/wp-json\/wp\/v2\/media?parent=102074"}],"wp:term":[{"taxonomy":"product_brand","embeddable":true,"href":"https:\/\/brandss.com.py\/index\/wp-json\/wp\/v2\/product_brand?post=102074"},{"taxonomy":"product_cat","embeddable":true,"href":"https:\/\/brandss.com.py\/index\/wp-json\/wp\/v2\/product_cat?post=102074"},{"taxonomy":"product_tag","embeddable":true,"href":"https:\/\/brandss.com.py\/index\/wp-json\/wp\/v2\/product_tag?post=102074"}],"curies":[{"name":"wp","href":"https:\/\/api.w.org\/{rel}","templated":true}]}}