{"id":102134,"date":"2026-04-16T14:04:52","date_gmt":"2026-04-16T14:04:52","guid":{"rendered":"https:\/\/brandss.com.py\/index\/?post_type=product&#038;p=102134"},"modified":"2026-04-16T14:05:13","modified_gmt":"2026-04-16T14:05:13","slug":"serum-capilar-loreal-elvive-dream-liso-100ml","status":"publish","type":"product","link":"https:\/\/brandss.com.py\/index\/producto\/serum-capilar-loreal-elvive-dream-liso-100ml\/","title":{"rendered":"S\u00c9RUM CAPILAR L&#8217;OR\u00c9AL ELVIVE DREAM LISO 100ML"},"content":{"rendered":"<p><img loading=\"lazy\" decoding=\"async\" class=\"\" src=\"https:\/\/logos-world.net\/wp-content\/uploads\/2020\/04\/LOreal-Logo.png\" alt=\"Loreal Logo, symbol, meaning, history, PNG, brand\" width=\"113\" height=\"63\" \/><\/p>\n<h1>DREAM LISO<\/h1>\n<p>Descubr\u00ed el nuevo s\u00e9rum Liso 7 d\u00edas, un tratamiento de alisado en casa potencializado con Keratina V + AHA. Su f\u00f3rmula se activa con calor para alisar las fibras capilares creando una barrera protectora antihumedad y control de frizz.<img decoding=\"async\" class=\"alignleft\" src=\"https:\/\/de2kqc9pq55cj.cloudfront.net\/fit-in\/700x700\/filters:fill(FFFFFF):quality(90):format(webp)\/_img_productos\/serum-loreal-elvive-dream-liso-foto3.jpg\" \/><\/p>\n<div class=\"template-contenedor alinear\">\n<div class=\"template-sm-grid-12 template-md-grid-12 template-grid-6 template-xl-grid-6\">\n<h3>\u00bfPelo con frizz?<\/h3>\n<p>Conoc\u00e9 la revoluci\u00f3n de Elvive Dream Liso, la primera rutina de Liso Efecto Keratina en casa. Su f\u00f3rmula enriquecida con Keratina V + AHA con menos frizz #LisoEfectoKeratina<\/p>\n<p>Descubr\u00ed el nuevo Elvive Dream Liso de L\u00b4Oreal Paris, que te permitir\u00e1 tener un pelo visiblemente saludable, m\u00e1s brilloso y con menos frizz.<\/p>\n<\/div>\n<\/div>\n<div class=\"template-linea template-grid-12\"><\/div>\n<div class=\"template-contenedor center\">\n<div class=\"template-sm-grid-12 template-md-grid-12 template-grid-12 center especificaciones\">\n<h3>Beneficios<\/h3>\n<ul>\n<li>Cabello m\u00e1s f\u00e1cil de peinar<\/li>\n<li>Cabello m\u00e1s liso<\/li>\n<li>Antifrizz por 72h<\/li>\n<li>Protecci\u00f3n t\u00e9rmica hasta 230\u00b0C<\/li>\n<li>F\u00f3rmula ligera<\/li>\n<li>Crea una barrera protectora que mantiene el cabello liso, brillante y disciplinado<\/li>\n<\/ul>\n<\/div>\n<div class=\"template-sm-grid-12 template-md-grid-12 template-grid-12 center especificaciones\">\n<h3>Modo de uso<\/h3>\n<ul>\n<li>Agitar bien antes de usar<\/li>\n<li>En el 1er uso de la semana, aplicar sobre el cabello h\u00famedo de largos a puntas cubriendo todos los mechones. Despu\u00e9s alisar el pelo con una plancha para activar la f\u00f3rmula con el calor de la plancha de cabello.<\/li>\n<li>Durante el resto de la semana, despu\u00e9s de cada lavado, volver a aplicar y solo usar el secador para activar la f\u00f3rmula.<\/li>\n<\/ul>\n<p>&nbsp;<\/p>\n<p><b>\u00a1Olvidate de la plancha de pelo por 7 d\u00edas!<\/b><\/p>\n<\/div>\n<\/div>\n","protected":false},"excerpt":{"rendered":"<p>DREAM LISO Descubr\u00ed el nuevo s\u00e9rum Liso 7 d\u00edas, un tratamiento de alisado en casa potencializado con Keratina V +<\/p>\n","protected":false},"featured_media":102136,"comment_status":"open","ping_status":"closed","template":"","meta":{"nf_dc_page":""},"product_brand":[349],"product_cat":[85],"product_tag":[3480],"class_list":{"0":"post-102134","1":"product","2":"type-product","3":"status-publish","4":"has-post-thumbnail","6":"product_brand-loreal","7":"product_cat-cosmeticos","8":"product_tag-3480","10":"first","11":"instock","12":"shipping-taxable","13":"purchasable","14":"product-type-simple"},"_links":{"self":[{"href":"https:\/\/brandss.com.py\/index\/wp-json\/wp\/v2\/product\/102134","targetHints":{"allow":["GET"]}}],"collection":[{"href":"https:\/\/brandss.com.py\/index\/wp-json\/wp\/v2\/product"}],"about":[{"href":"https:\/\/brandss.com.py\/index\/wp-json\/wp\/v2\/types\/product"}],"replies":[{"embeddable":true,"href":"https:\/\/brandss.com.py\/index\/wp-json\/wp\/v2\/comments?post=102134"}],"version-history":[{"count":1,"href":"https:\/\/brandss.com.py\/index\/wp-json\/wp\/v2\/product\/102134\/revisions"}],"predecessor-version":[{"id":102144,"href":"https:\/\/brandss.com.py\/index\/wp-json\/wp\/v2\/product\/102134\/revisions\/102144"}],"wp:featuredmedia":[{"embeddable":true,"href":"https:\/\/brandss.com.py\/index\/wp-json\/wp\/v2\/media\/102136"}],"wp:attachment":[{"href":"https:\/\/brandss.com.py\/index\/wp-json\/wp\/v2\/media?parent=102134"}],"wp:term":[{"taxonomy":"product_brand","embeddable":true,"href":"https:\/\/brandss.com.py\/index\/wp-json\/wp\/v2\/product_brand?post=102134"},{"taxonomy":"product_cat","embeddable":true,"href":"https:\/\/brandss.com.py\/index\/wp-json\/wp\/v2\/product_cat?post=102134"},{"taxonomy":"product_tag","embeddable":true,"href":"https:\/\/brandss.com.py\/index\/wp-json\/wp\/v2\/product_tag?post=102134"}],"curies":[{"name":"wp","href":"https:\/\/api.w.org\/{rel}","templated":true}]}}