{"id":102181,"date":"2026-04-17T11:57:02","date_gmt":"2026-04-17T11:57:02","guid":{"rendered":"https:\/\/brandss.com.py\/index\/?post_type=product&#038;p=102181"},"modified":"2026-04-17T11:57:23","modified_gmt":"2026-04-17T11:57:23","slug":"perfume-masculino-lovali-919-vip-men-join-the-club-edp-100ml","status":"publish","type":"product","link":"https:\/\/brandss.com.py\/index\/producto\/perfume-masculino-lovali-919-vip-men-join-the-club-edp-100ml\/","title":{"rendered":"PERFUME MASCULINO LOVALI 919 VIP MEN JOIN THE CLUB EDP 100ML"},"content":{"rendered":"<p><img loading=\"lazy\" decoding=\"async\" class=\"\" src=\"https:\/\/www.cosmeticcapital.com.au\/cdn\/shop\/collections\/brand_logo_lovali.jpg?v=1741043991\" alt=\"Lovali \u2013 Cosmetic Capital\" width=\"101\" height=\"101\" \/><\/p>\n<h1>919 VIP MEN JOIN THE CLUB<\/h1>\n<p><span dir=\"auto\">D\u00e9jese llevar por el momento con\u00a0<\/span>919 VIP Men Join The Club,\u00a0<span dir=\"auto\">una fragancia audaz y refinada dise\u00f1ada para el hombre moderno que vive con confianza, estilo y distinci\u00f3n. Energ\u00e9tica y sofisticada a la vez, esta fragancia combina una frescura vibrante con una calidez profunda para crear un aroma cautivador que se adapta sin esfuerzo tanto al uso diario como a ocasiones especiales.<img loading=\"lazy\" decoding=\"async\" class=\"alignleft\" src=\"https:\/\/http2.mlstatic.com\/D_NQ_NP_2X_856232-MLM76768344166_062024-F.webp\" width=\"527\" height=\"576\" \/><\/span><\/p>\n<p>919 VIP Men Join The Club est\u00e1 dise\u00f1ado para hombres que buscan una fragancia contempor\u00e1nea, segura y elegante, sin ser abrumadora. Su fresca salida la hace perfecta para sentirse seguro durante el d\u00eda, ya sea en el trabajo o en eventos sociales, mientras que su c\u00e1lida y rica base garantiza que se mantenga impecable en ocasiones nocturnas, celebraciones y salidas.<\/p>\n<h3><\/h3>\n<h3>Notas Olfativas<\/h3>\n<p>&nbsp;<\/p>\n<p><span dir=\"auto\">919 VIP Men Join The Club<\/span><span dir=\"auto\">\u00a0se abre con notas de salida frescas y vigorizantes que despiertan los sentidos al instante y transmiten una frescura moderna. A medida que la fragancia evoluciona, un coraz\u00f3n de refinados acordes arom\u00e1ticos y especiados le aporta car\u00e1cter y una profundidad masculina. Una base rica y c\u00e1lida de maderas, \u00e1mbar y un sutil almizcle completa la composici\u00f3n, ofreciendo una estela duradera, audaz, memorable y claramente masculina.<\/span><\/p>\n<p><strong>Notas de salida:<\/strong> lima, pimienta, jengibre, maracuy\u00e1, lavanda.<\/p>\n<p data-start=\"761\" data-end=\"871\"><strong>Notas de coraz\u00f3n:<\/strong> especias, ginebra, menta.<\/p>\n<p data-start=\"969\" data-end=\"1117\"><strong>Notas de fondo:<\/strong> \u00e1mbar, vainila, cuero, notas amaderadas.<\/p>\n<p>&nbsp;<\/p>\n","protected":false},"excerpt":{"rendered":"<p>919 VIP MEN JOIN THE CLUB D\u00e9jese llevar por el momento con\u00a0919 VIP Men Join The Club,\u00a0una fragancia audaz y<\/p>\n","protected":false},"featured_media":102182,"comment_status":"open","ping_status":"closed","template":"","meta":{"nf_dc_page":""},"product_brand":[2635],"product_cat":[84],"product_tag":[3486],"class_list":{"0":"post-102181","1":"product","2":"type-product","3":"status-publish","4":"has-post-thumbnail","6":"product_brand-lovali","7":"product_cat-perfumeria","8":"product_tag-3486","10":"first","11":"instock","12":"shipping-taxable","13":"purchasable","14":"product-type-simple"},"_links":{"self":[{"href":"https:\/\/brandss.com.py\/index\/wp-json\/wp\/v2\/product\/102181","targetHints":{"allow":["GET"]}}],"collection":[{"href":"https:\/\/brandss.com.py\/index\/wp-json\/wp\/v2\/product"}],"about":[{"href":"https:\/\/brandss.com.py\/index\/wp-json\/wp\/v2\/types\/product"}],"replies":[{"embeddable":true,"href":"https:\/\/brandss.com.py\/index\/wp-json\/wp\/v2\/comments?post=102181"}],"version-history":[{"count":1,"href":"https:\/\/brandss.com.py\/index\/wp-json\/wp\/v2\/product\/102181\/revisions"}],"predecessor-version":[{"id":102187,"href":"https:\/\/brandss.com.py\/index\/wp-json\/wp\/v2\/product\/102181\/revisions\/102187"}],"wp:featuredmedia":[{"embeddable":true,"href":"https:\/\/brandss.com.py\/index\/wp-json\/wp\/v2\/media\/102182"}],"wp:attachment":[{"href":"https:\/\/brandss.com.py\/index\/wp-json\/wp\/v2\/media?parent=102181"}],"wp:term":[{"taxonomy":"product_brand","embeddable":true,"href":"https:\/\/brandss.com.py\/index\/wp-json\/wp\/v2\/product_brand?post=102181"},{"taxonomy":"product_cat","embeddable":true,"href":"https:\/\/brandss.com.py\/index\/wp-json\/wp\/v2\/product_cat?post=102181"},{"taxonomy":"product_tag","embeddable":true,"href":"https:\/\/brandss.com.py\/index\/wp-json\/wp\/v2\/product_tag?post=102181"}],"curies":[{"name":"wp","href":"https:\/\/api.w.org\/{rel}","templated":true}]}}