{"id":102188,"date":"2026-04-17T12:28:55","date_gmt":"2026-04-17T12:28:55","guid":{"rendered":"https:\/\/brandss.com.py\/index\/?post_type=product&#038;p=102188"},"modified":"2026-04-17T12:29:17","modified_gmt":"2026-04-17T12:29:17","slug":"perfume-femenino-lovali-sexy-night-edp-100ml","status":"publish","type":"product","link":"https:\/\/brandss.com.py\/index\/producto\/perfume-femenino-lovali-sexy-night-edp-100ml\/","title":{"rendered":"PERFUME FEMENINO LOVALI SEXY NIGHT EDP 100ML"},"content":{"rendered":"<p><img loading=\"lazy\" decoding=\"async\" class=\"\" src=\"https:\/\/www.cosmeticcapital.com.au\/cdn\/shop\/collections\/brand_logo_lovali.jpg?v=1741043991\" alt=\"Lovali \u2013 Cosmetic Capital\" width=\"77\" height=\"77\" \/><\/p>\n<h1>SEXY NIGHT<\/h1>\n<p><span dir=\"auto\">Captura todas las miradas y cautiva tus sentidos con <\/span><span dir=\"auto\">Sexy Night, <\/span><span dir=\"auto\">una fragancia seductora y sofisticada dise\u00f1ada para la mujer segura de s\u00ed misma que ama el glamour, el encanto y una presencia inolvidable. Con un perfil c\u00e1lido y sensual, esta fragancia es perfecta para las noches, las citas rom\u00e1nticas y las ocasiones especiales en las que deseas sentirte irresistiblemente cautivadora.<img loading=\"lazy\" decoding=\"async\" class=\"alignleft\" src=\"https:\/\/s.alicdn.com\/@sc04\/kf\/H5e0f6542cb604a3db21a03a32b8e6e93Z.png?avif=close&amp;webp=close\" width=\"594\" height=\"594\" \/><\/span><\/p>\n<p>Sexy Night est\u00e1 dise\u00f1ada para quienes buscan una fragancia que transmita confianza y sensualidad sin ser abrumadora. Su din\u00e1mica mezcla ofrece una apertura radiante que se transforma armoniosamente en un final profundo e \u00edntimo. Este aroma equilibrado pero audaz realza tu presencia con sofisticaci\u00f3n y un encanto magn\u00e9tico, ideal para salir de noche, eventos especiales o cualquier ocasi\u00f3n en la que quieras causar una impresi\u00f3n inolvidable.<\/p>\n<p>&nbsp;<\/p>\n<h3>Notas Olfativas<\/h3>\n<p>&nbsp;<\/p>\n<p><span dir=\"auto\">Sexy Night<\/span><span dir=\"auto\">\u00a0se abre con vibrantes y luminosas notas de salida que despiertan los sentidos al instante y crean una primera impresi\u00f3n cautivadora. A medida que la fragancia se desarrolla, un coraz\u00f3n de ricas notas florales y sutiles especias se despliega con calidez femenina y una profundidad seductora. Una lujosa base de \u00e1mbar, maderas suaves y delicados matices almizclados completa el aroma, dejando una estela duradera que resulta elegante, misteriosa y seductora.<\/span><\/p>\n<p><span dir=\"auto\"><strong>Notas de salida:<\/strong> naranja.<\/span><\/p>\n<p><span dir=\"auto\"><strong>Notas de coraz\u00f3n:<\/strong> miel, gardenia, flor de naranjo, melocot\u00f3n, jazm\u00edn.<\/span><\/p>\n<p><span dir=\"auto\"><strong>Notas de fondo:<\/strong> pachul\u00ed, caramelo, vainilla.<\/span><\/p>\n","protected":false},"excerpt":{"rendered":"<p>SEXY NIGHT Captura todas las miradas y cautiva tus sentidos con Sexy Night, una fragancia seductora y sofisticada dise\u00f1ada para<\/p>\n","protected":false},"featured_media":102189,"comment_status":"open","ping_status":"closed","template":"","meta":{"nf_dc_page":""},"product_brand":[2635],"product_cat":[84],"product_tag":[3487],"class_list":{"0":"post-102188","1":"product","2":"type-product","3":"status-publish","4":"has-post-thumbnail","6":"product_brand-lovali","7":"product_cat-perfumeria","8":"product_tag-3487","10":"first","11":"instock","12":"shipping-taxable","13":"purchasable","14":"product-type-simple"},"_links":{"self":[{"href":"https:\/\/brandss.com.py\/index\/wp-json\/wp\/v2\/product\/102188","targetHints":{"allow":["GET"]}}],"collection":[{"href":"https:\/\/brandss.com.py\/index\/wp-json\/wp\/v2\/product"}],"about":[{"href":"https:\/\/brandss.com.py\/index\/wp-json\/wp\/v2\/types\/product"}],"replies":[{"embeddable":true,"href":"https:\/\/brandss.com.py\/index\/wp-json\/wp\/v2\/comments?post=102188"}],"version-history":[{"count":1,"href":"https:\/\/brandss.com.py\/index\/wp-json\/wp\/v2\/product\/102188\/revisions"}],"predecessor-version":[{"id":102193,"href":"https:\/\/brandss.com.py\/index\/wp-json\/wp\/v2\/product\/102188\/revisions\/102193"}],"wp:featuredmedia":[{"embeddable":true,"href":"https:\/\/brandss.com.py\/index\/wp-json\/wp\/v2\/media\/102189"}],"wp:attachment":[{"href":"https:\/\/brandss.com.py\/index\/wp-json\/wp\/v2\/media?parent=102188"}],"wp:term":[{"taxonomy":"product_brand","embeddable":true,"href":"https:\/\/brandss.com.py\/index\/wp-json\/wp\/v2\/product_brand?post=102188"},{"taxonomy":"product_cat","embeddable":true,"href":"https:\/\/brandss.com.py\/index\/wp-json\/wp\/v2\/product_cat?post=102188"},{"taxonomy":"product_tag","embeddable":true,"href":"https:\/\/brandss.com.py\/index\/wp-json\/wp\/v2\/product_tag?post=102188"}],"curies":[{"name":"wp","href":"https:\/\/api.w.org\/{rel}","templated":true}]}}