{"id":102213,"date":"2026-04-17T17:25:41","date_gmt":"2026-04-17T17:25:41","guid":{"rendered":"https:\/\/brandss.com.py\/index\/?post_type=product&#038;p=102213"},"modified":"2026-04-17T17:26:05","modified_gmt":"2026-04-17T17:26:05","slug":"perfume-masculino-lovali-play-red-edp-100ml","status":"publish","type":"product","link":"https:\/\/brandss.com.py\/index\/producto\/perfume-masculino-lovali-play-red-edp-100ml\/","title":{"rendered":"PERFUME MASCULINO LOVALI PLAY RED EDP 100ML"},"content":{"rendered":"<p><img loading=\"lazy\" decoding=\"async\" class=\"\" src=\"https:\/\/www.cosmeticcapital.com.au\/cdn\/shop\/collections\/brand_logo_lovali.jpg?v=1741043991\" alt=\"Lovali \u2013 Cosmetic Capital\" width=\"109\" height=\"109\" \/><\/p>\n<h1>PLAY RED<\/h1>\n<p><em><b data-path-to-node=\"3\" data-index-in-node=\"0\">Energ\u00eda en movimiento<\/b>\u00a0<\/em><\/p>\n<p>Descubre una fragancia que captura la esencia del hombre din\u00e1mico. Es una fragancia dise\u00f1ada para hombres que buscan un aroma vibrante y energ\u00e9tico. Lovali se caracteriza por ofrecer alternativas inspiradas en fragancias de alta gama, manteniendo una presentaci\u00f3n elegante.<img loading=\"lazy\" decoding=\"async\" class=\"alignleft\" src=\"https:\/\/http2.mlstatic.com\/D_NQ_NP_2X_699101-MLM76604522540_062024-F.webp\" width=\"611\" height=\"611\" \/><\/p>\n<h3><\/h3>\n<h3>Notas Olfativas<\/h3>\n<p>&nbsp;<\/p>\n<p data-path-to-node=\"3\">Play red es una fragancia que pertenece a la familia c\u00edtrica amaderada, Play red se define por ser fresca pero con una base robusta, lo que la hace muy vers\u00e1til. Play red presenta una apertura brillante y muy fresca donde destaca el pomelo (toronja), la naranja amarga y un toque de manzana verde. Estos elementos le dan esa chispa c\u00edtrica y ligeramente \u00e1cida que se siente al aplicarlo. A medida que seca, aparecen notas m\u00e1s arom\u00e1ticas y especiadas como la pimienta negra, el geranio y un toque de lavanda. Esta fase le otorga cuerpo y una masculinidad m\u00e1s definida y elegante.\u00a0La base es s\u00f3lida y acogedora, compuesta principalmente por madera de cedro, pachul\u00ed y vetiver. Tambi\u00e9n se percibe un rastro de benju\u00ed que le aporta una ligera calidez resinosa al final del d\u00eda.<\/p>\n<p><strong>Notas de salida:<\/strong> pomelo, naranja amarga, manzana verde.<\/p>\n<p><strong>Notas de coraz\u00f3n:<\/strong> pimienta negra, geranio, lavanda.<\/p>\n<p><strong>Notas de fondo:<\/strong> cedro, pachul\u00ed, vetiver.<\/p>\n","protected":false},"excerpt":{"rendered":"<p>PLAY RED Energ\u00eda en movimiento\u00a0 Descubre una fragancia que captura la esencia del hombre din\u00e1mico. Es una fragancia dise\u00f1ada para<\/p>\n","protected":false},"featured_media":102214,"comment_status":"open","ping_status":"closed","template":"","meta":{"nf_dc_page":""},"product_brand":[2635],"product_cat":[84],"product_tag":[3491],"class_list":{"0":"post-102213","1":"product","2":"type-product","3":"status-publish","4":"has-post-thumbnail","6":"product_brand-lovali","7":"product_cat-perfumeria","8":"product_tag-3491","10":"first","11":"instock","12":"shipping-taxable","13":"purchasable","14":"product-type-simple"},"_links":{"self":[{"href":"https:\/\/brandss.com.py\/index\/wp-json\/wp\/v2\/product\/102213","targetHints":{"allow":["GET"]}}],"collection":[{"href":"https:\/\/brandss.com.py\/index\/wp-json\/wp\/v2\/product"}],"about":[{"href":"https:\/\/brandss.com.py\/index\/wp-json\/wp\/v2\/types\/product"}],"replies":[{"embeddable":true,"href":"https:\/\/brandss.com.py\/index\/wp-json\/wp\/v2\/comments?post=102213"}],"version-history":[{"count":1,"href":"https:\/\/brandss.com.py\/index\/wp-json\/wp\/v2\/product\/102213\/revisions"}],"predecessor-version":[{"id":102219,"href":"https:\/\/brandss.com.py\/index\/wp-json\/wp\/v2\/product\/102213\/revisions\/102219"}],"wp:featuredmedia":[{"embeddable":true,"href":"https:\/\/brandss.com.py\/index\/wp-json\/wp\/v2\/media\/102214"}],"wp:attachment":[{"href":"https:\/\/brandss.com.py\/index\/wp-json\/wp\/v2\/media?parent=102213"}],"wp:term":[{"taxonomy":"product_brand","embeddable":true,"href":"https:\/\/brandss.com.py\/index\/wp-json\/wp\/v2\/product_brand?post=102213"},{"taxonomy":"product_cat","embeddable":true,"href":"https:\/\/brandss.com.py\/index\/wp-json\/wp\/v2\/product_cat?post=102213"},{"taxonomy":"product_tag","embeddable":true,"href":"https:\/\/brandss.com.py\/index\/wp-json\/wp\/v2\/product_tag?post=102213"}],"curies":[{"name":"wp","href":"https:\/\/api.w.org\/{rel}","templated":true}]}}