{"id":102289,"date":"2026-04-18T17:38:09","date_gmt":"2026-04-18T17:38:09","guid":{"rendered":"https:\/\/brandss.com.py\/index\/?post_type=product&#038;p=102289"},"modified":"2026-04-18T17:38:29","modified_gmt":"2026-04-18T17:38:29","slug":"perfume-femenino-aurora-scents-cherry-in-the-woods-edp-100ml","status":"publish","type":"product","link":"https:\/\/brandss.com.py\/index\/producto\/perfume-femenino-aurora-scents-cherry-in-the-woods-edp-100ml\/","title":{"rendered":"PERFUME FEMENINO AURORA SCENTS CHERRY IN THE WOODS EDP 100ML"},"content":{"rendered":"<p><img loading=\"lazy\" decoding=\"async\" class=\"\" src=\"https:\/\/cdn.salla.sa\/qXKYd\/jpFZ0cHM8LFuRyED3WNTuh8BLwTGV8qvmingpJIW.png\" alt=\"Celestial Collection - Aurora Scents SA\" width=\"169\" height=\"77\" \/><\/p>\n<h1>CHERRY IN THE WOODS<\/h1>\n<h5><em>la dualidad de la dulzura frutal y el silencio del bosque<\/em><\/h5>\n<p>Una dulzura delicada, un coraz\u00f3n floral y una profunda calidez amaderada: un aroma que transmite calma, confort y un misterio sutil. Emb\u00e1rcate en un viaje olfativo con Cherry in the Woods,<span dir=\"auto\">\u00a0una fragancia \u00fanica que evoca la sensaci\u00f3n de un paseo por un bosque m\u00e1gico, afrutado y ba\u00f1ado por el sol. Creada por el renombrado perfumista <\/span><span dir=\"auto\">Hamid Merati-Kashani<\/span><span dir=\"auto\">, esta composici\u00f3n se clasifica dentro de la familia olfativa oriental especiada.<img loading=\"lazy\" decoding=\"async\" class=\"alignleft\" src=\"https:\/\/arabicparfums.com\/cdn\/shop\/files\/cherry-in-the-woods-con-ingredientes-naturales.png?v=1771093676&amp;width=800\" width=\"670\" height=\"670\" \/><\/span><\/p>\n<p><span dir=\"auto\">Este Eau de Parfum es ideal para quienes buscan una fragancia dulce, sensual e impactante, donde la frescura suculenta de la cereza se fusiona con la riqueza de las maderas y resinas orientales.\u00a0<\/span><span dir=\"auto\">Cherry in the Woods<\/span><span dir=\"auto\">\u00a0es perfecto para momentos que invitan a un toque de misterio y fascinaci\u00f3n.<\/span><\/p>\n<p>&nbsp;<\/p>\n<h3>Notas Olfativas<\/h3>\n<p>&nbsp;<\/p>\n<p>Cherry in the Woods by Aurora Scents es una fragancia de la famlia olfativa floral amaderada para mujeres. En lo profundo del bosque, donde la luz se filtra entre hojas h\u00famedas y la piel se estremece, nace Cherry in the Woods. Un primer mordisco a la cereza madura, jugosa, entrelazada con el dulzor travieso de la manzana roja y la pera. La floraci\u00f3n se desata con una rosa carnal y un jazm\u00edn que susurra promesas al o\u00eddo. La frambuesa se derrite sobre la piel como un secreto prohibido. El vetiver y el elem\u00ed traen un soplo terroso, salvaje, que contrasta con la calidez envolvente del s\u00e1ndalo. Vainilla, tonka y \u00e1mbar laten en el fondo como un eco sensual. Es un paseo nocturno entre \u00e1rboles, donde la fruta se vuelve deseo y el bosque, un amante!!!<\/p>\n<p><strong>Notas de salida:<\/strong> cereza, naranja, manzana roja, pera.<\/p>\n<p><strong>Notas de coraz\u00f3n:<\/strong> elem\u00ed, rosa, jazm\u00edn,, frambuesa.<\/p>\n<p><strong>Notas de fondo:<\/strong> vetiver, s\u00e1ndalo, vainilla, haba tonka, \u00e1mbar.<\/p>\n","protected":false},"excerpt":{"rendered":"<p>CHERRY IN THE WOODS la dualidad de la dulzura frutal y el silencio del bosque Una dulzura delicada, un coraz\u00f3n<\/p>\n","protected":false},"featured_media":102290,"comment_status":"open","ping_status":"closed","template":"","meta":{"nf_dc_page":""},"product_brand":[3497],"product_cat":[84],"product_tag":[3503],"class_list":{"0":"post-102289","1":"product","2":"type-product","3":"status-publish","4":"has-post-thumbnail","6":"product_brand-aurora-scents","7":"product_cat-perfumeria","8":"product_tag-3503","10":"first","11":"instock","12":"shipping-taxable","13":"purchasable","14":"product-type-simple"},"_links":{"self":[{"href":"https:\/\/brandss.com.py\/index\/wp-json\/wp\/v2\/product\/102289","targetHints":{"allow":["GET"]}}],"collection":[{"href":"https:\/\/brandss.com.py\/index\/wp-json\/wp\/v2\/product"}],"about":[{"href":"https:\/\/brandss.com.py\/index\/wp-json\/wp\/v2\/types\/product"}],"replies":[{"embeddable":true,"href":"https:\/\/brandss.com.py\/index\/wp-json\/wp\/v2\/comments?post=102289"}],"version-history":[{"count":1,"href":"https:\/\/brandss.com.py\/index\/wp-json\/wp\/v2\/product\/102289\/revisions"}],"predecessor-version":[{"id":102296,"href":"https:\/\/brandss.com.py\/index\/wp-json\/wp\/v2\/product\/102289\/revisions\/102296"}],"wp:featuredmedia":[{"embeddable":true,"href":"https:\/\/brandss.com.py\/index\/wp-json\/wp\/v2\/media\/102290"}],"wp:attachment":[{"href":"https:\/\/brandss.com.py\/index\/wp-json\/wp\/v2\/media?parent=102289"}],"wp:term":[{"taxonomy":"product_brand","embeddable":true,"href":"https:\/\/brandss.com.py\/index\/wp-json\/wp\/v2\/product_brand?post=102289"},{"taxonomy":"product_cat","embeddable":true,"href":"https:\/\/brandss.com.py\/index\/wp-json\/wp\/v2\/product_cat?post=102289"},{"taxonomy":"product_tag","embeddable":true,"href":"https:\/\/brandss.com.py\/index\/wp-json\/wp\/v2\/product_tag?post=102289"}],"curies":[{"name":"wp","href":"https:\/\/api.w.org\/{rel}","templated":true}]}}