{"id":102306,"date":"2026-04-18T18:44:28","date_gmt":"2026-04-18T18:44:28","guid":{"rendered":"https:\/\/brandss.com.py\/index\/?post_type=product&#038;p=102306"},"modified":"2026-04-18T18:44:48","modified_gmt":"2026-04-18T18:44:48","slug":"perfume-unisex-orientica-luxury-collection-cafe-arabica-edp-80ml","status":"publish","type":"product","link":"https:\/\/brandss.com.py\/index\/producto\/perfume-unisex-orientica-luxury-collection-cafe-arabica-edp-80ml\/","title":{"rendered":"PERFUME UNISEX ORIENTICA LUXURY COLLECTION CAF\u00c9 ARABICA EDP 80ML"},"content":{"rendered":"<p><img loading=\"lazy\" decoding=\"async\" class=\"\" src=\"https:\/\/perfumescorp.com\/cdn\/shop\/collections\/Orientica-logo-d7b15f-200x200.png?v=1695326791\" alt=\"Orientica \u2013 Perfumes Corp\" width=\"85\" height=\"85\" \/><\/p>\n<h1>CAF\u00c9 ARABICA<\/h1>\n<p>Es una fragancia unisex gourmand oriental que seduce con su car\u00e1cter dulce y sofisticado. Decadente e irresistiblemente c\u00e1lida, esta fragancia es un delicioso placer que despierta los sentidos y deja una huella imborrable.<\/p>\n<p><img decoding=\"async\" class=\"alignleft\" src=\"https:\/\/lmd.com.co\/cdn\/shop\/files\/vista_frontal_orientica_cafe_arabica.webp?v=1776231422&amp;width=493\" \/><\/p>\n<h3>Notas Olfativas<\/h3>\n<p>&nbsp;<\/p>\n<p>Cafe Arabica es una fragancia de la familia olfativa oriental gourmand para hombres y mujeres. Cafe Arabica Eau de Parfum se lanz\u00f3 en 2026. La fragancia Luxury Collection Caf\u00e9 Arabica\u00a0\u00a0te envuelve con el embriagador aroma del caf\u00e9 reci\u00e9n hecho, con toques de amaretto y una cremosa pizca de helado. En su coraz\u00f3n, el caramelo fundido y el rico haba tonka se funden con el c\u00e1lido \u00e1mbar seco, creando una sensualidad profunda y reconfortante. Al asentarse, la suave vainilla, el almizcle sedoso y el \u00e1mbar gris envuelven la piel en un abrazo aterciopelado y persistente. Decadente e irresistiblemente c\u00e1lida, esta fragancia es un delicioso placer que despierta los sentidos y deja una huella imborrable.<\/p>\n<p style=\"font-weight: 300\">\n<p style=\"font-weight: 300\"><strong>Notas de salida: <\/strong>amaretto, helado, caf\u00e9.<\/p>\n<p style=\"font-weight: 300\"><strong>Notas de coraz\u00f3n:<\/strong> caramelo, habas tonka, \u00e1mbar seco.<\/p>\n<p style=\"font-weight: 300\"><strong>Notas de fondo: <\/strong>vainilla, almizcle, \u00e1mbar gris.<\/p>\n","protected":false},"excerpt":{"rendered":"<p>CAF\u00c9 ARABICA Es una fragancia unisex gourmand oriental que seduce con su car\u00e1cter dulce y sofisticado. Decadente e irresistiblemente c\u00e1lida,<\/p>\n","protected":false},"featured_media":102307,"comment_status":"open","ping_status":"closed","template":"","meta":{"nf_dc_page":""},"product_brand":[896],"product_cat":[84],"product_tag":[3505],"class_list":{"0":"post-102306","1":"product","2":"type-product","3":"status-publish","4":"has-post-thumbnail","6":"product_brand-orientica","7":"product_cat-perfumeria","8":"product_tag-3505","10":"first","11":"instock","12":"shipping-taxable","13":"purchasable","14":"product-type-simple"},"_links":{"self":[{"href":"https:\/\/brandss.com.py\/index\/wp-json\/wp\/v2\/product\/102306","targetHints":{"allow":["GET"]}}],"collection":[{"href":"https:\/\/brandss.com.py\/index\/wp-json\/wp\/v2\/product"}],"about":[{"href":"https:\/\/brandss.com.py\/index\/wp-json\/wp\/v2\/types\/product"}],"replies":[{"embeddable":true,"href":"https:\/\/brandss.com.py\/index\/wp-json\/wp\/v2\/comments?post=102306"}],"version-history":[{"count":1,"href":"https:\/\/brandss.com.py\/index\/wp-json\/wp\/v2\/product\/102306\/revisions"}],"predecessor-version":[{"id":102311,"href":"https:\/\/brandss.com.py\/index\/wp-json\/wp\/v2\/product\/102306\/revisions\/102311"}],"wp:featuredmedia":[{"embeddable":true,"href":"https:\/\/brandss.com.py\/index\/wp-json\/wp\/v2\/media\/102307"}],"wp:attachment":[{"href":"https:\/\/brandss.com.py\/index\/wp-json\/wp\/v2\/media?parent=102306"}],"wp:term":[{"taxonomy":"product_brand","embeddable":true,"href":"https:\/\/brandss.com.py\/index\/wp-json\/wp\/v2\/product_brand?post=102306"},{"taxonomy":"product_cat","embeddable":true,"href":"https:\/\/brandss.com.py\/index\/wp-json\/wp\/v2\/product_cat?post=102306"},{"taxonomy":"product_tag","embeddable":true,"href":"https:\/\/brandss.com.py\/index\/wp-json\/wp\/v2\/product_tag?post=102306"}],"curies":[{"name":"wp","href":"https:\/\/api.w.org\/{rel}","templated":true}]}}