{"id":102319,"date":"2026-04-20T11:27:39","date_gmt":"2026-04-20T11:27:39","guid":{"rendered":"https:\/\/brandss.com.py\/index\/?post_type=product&#038;p=102319"},"modified":"2026-04-20T11:28:04","modified_gmt":"2026-04-20T11:28:04","slug":"perfume-unisex-orientica-luxury-collection-exclusive-nardo-oud-edp-80ml","status":"publish","type":"product","link":"https:\/\/brandss.com.py\/index\/producto\/perfume-unisex-orientica-luxury-collection-exclusive-nardo-oud-edp-80ml\/","title":{"rendered":"PERFUME UNISEX ORIENTICA LUXURY COLLECTION EXCLUSIVE NARDO OUD EDP 80ML"},"content":{"rendered":"<p><img loading=\"lazy\" decoding=\"async\" class=\"\" src=\"https:\/\/perfumescorp.com\/cdn\/shop\/collections\/Orientica-logo-d7b15f-200x200.png?v=1695326791\" alt=\"Orientica \u2013 Perfumes Corp\" width=\"75\" height=\"75\" \/><\/p>\n<h1>NARDO OUD<\/h1>\n<p>Es un perfume que desaf\u00eda lo cl\u00e1sico para celebrar al ganador moderno. Inspirada en una vivacidad segura y un encanto r\u00fastico, esta fragancia unisex de la \u00abColecci\u00f3n de Lujo\u00bb es una verdadera constelaci\u00f3n de aromas que compiten por captar tu atenci\u00f3n, convirti\u00e9ndote en el campe\u00f3n.<img loading=\"lazy\" decoding=\"async\" class=\"alignleft\" src=\"https:\/\/m.media-amazon.com\/images\/I\/81fttDuMaxL._SL1500_.jpg\" width=\"692\" height=\"692\" \/><\/p>\n<p>Una fragancia intensa, lujosa y profundamente envolvente que combina la elegancia floral con la fuerza del oud. Su perfil es floral oriental amaderado, ideal para quienes buscan un perfume sofisticado, potente y con car\u00e1cter distintivo.<\/p>\n<p>&nbsp;<\/p>\n<h3>Notas Olfativas<\/h3>\n<p>&nbsp;<\/p>\n<p style=\"font-weight: 300\">Nardo Oud, con su vivacidad moderna y segura, envuelta en el encanto r\u00fastico de anta\u00f1o, te sorprende con su gama de notas integrales. Como una aut\u00e9ntica revoluci\u00f3n, la cl\u00e1sica barrica gris desata una explosi\u00f3n de aromas: desde frutales, pi\u00f1a, vetiver y grosella negra hasta \u00e1mbar, cuero, madera seca y rosa, todos compitiendo como gladiadores por captar tu atenci\u00f3n, convirti\u00e9ndote en el ganador indiscutible. Nardo Oud Extrait de Parfum\u00a0contiene\u00a0la mayor concentraci\u00f3n de perfume puro en cada frasco, ofreciendo una fragancia potente y duradera con tan solo unas pocas\u00a0\u00a0pulverizaciones,\u00a0\u00a0para una experiencia arom\u00e1tica verdaderamente lujosa.<\/p>\n<p>\u00a1D\u00e9jate envolver por el inconfundible resplandor de la victoria!<\/p>\n<p style=\"font-weight: 300\">\n<strong style=\"font-weight: 400\">Nota de salida:<\/strong> pi\u00f1a, notas frutales.<br \/>\n<strong style=\"font-weight: 400\">Nota de coraz\u00f3n:<\/strong> vetiver, grosella negra, rosa.<br \/>\n<strong style=\"font-weight: 400\">Nota de fondo:<\/strong> \u00e1mbar, cuero, madera seca.<\/p>\n","protected":false},"excerpt":{"rendered":"<p>NARDO OUD Es un perfume que desaf\u00eda lo cl\u00e1sico para celebrar al ganador moderno. Inspirada en una vivacidad segura y<\/p>\n","protected":false},"featured_media":102320,"comment_status":"open","ping_status":"closed","template":"","meta":{"nf_dc_page":""},"product_brand":[896],"product_cat":[84],"product_tag":[3507],"class_list":{"0":"post-102319","1":"product","2":"type-product","3":"status-publish","4":"has-post-thumbnail","6":"product_brand-orientica","7":"product_cat-perfumeria","8":"product_tag-3507","10":"first","11":"instock","12":"shipping-taxable","13":"purchasable","14":"product-type-simple"},"_links":{"self":[{"href":"https:\/\/brandss.com.py\/index\/wp-json\/wp\/v2\/product\/102319","targetHints":{"allow":["GET"]}}],"collection":[{"href":"https:\/\/brandss.com.py\/index\/wp-json\/wp\/v2\/product"}],"about":[{"href":"https:\/\/brandss.com.py\/index\/wp-json\/wp\/v2\/types\/product"}],"replies":[{"embeddable":true,"href":"https:\/\/brandss.com.py\/index\/wp-json\/wp\/v2\/comments?post=102319"}],"version-history":[{"count":1,"href":"https:\/\/brandss.com.py\/index\/wp-json\/wp\/v2\/product\/102319\/revisions"}],"predecessor-version":[{"id":102326,"href":"https:\/\/brandss.com.py\/index\/wp-json\/wp\/v2\/product\/102319\/revisions\/102326"}],"wp:featuredmedia":[{"embeddable":true,"href":"https:\/\/brandss.com.py\/index\/wp-json\/wp\/v2\/media\/102320"}],"wp:attachment":[{"href":"https:\/\/brandss.com.py\/index\/wp-json\/wp\/v2\/media?parent=102319"}],"wp:term":[{"taxonomy":"product_brand","embeddable":true,"href":"https:\/\/brandss.com.py\/index\/wp-json\/wp\/v2\/product_brand?post=102319"},{"taxonomy":"product_cat","embeddable":true,"href":"https:\/\/brandss.com.py\/index\/wp-json\/wp\/v2\/product_cat?post=102319"},{"taxonomy":"product_tag","embeddable":true,"href":"https:\/\/brandss.com.py\/index\/wp-json\/wp\/v2\/product_tag?post=102319"}],"curies":[{"name":"wp","href":"https:\/\/api.w.org\/{rel}","templated":true}]}}