{"id":102342,"date":"2026-04-20T12:47:30","date_gmt":"2026-04-20T12:47:30","guid":{"rendered":"https:\/\/brandss.com.py\/index\/?post_type=product&#038;p=102342"},"modified":"2026-04-20T12:47:54","modified_gmt":"2026-04-20T12:47:54","slug":"perfume-femenino-chicn-glam-elixir-edp-75ml","status":"publish","type":"product","link":"https:\/\/brandss.com.py\/index\/producto\/perfume-femenino-chicn-glam-elixir-edp-75ml\/","title":{"rendered":"PERFUME FEMENINO CHIC&#8217;N GLAM ELIXIR EDP 75ML"},"content":{"rendered":"<p><img loading=\"lazy\" decoding=\"async\" class=\"\" src=\"https:\/\/f.fcdn.app\/imgs\/f39157\/electroventas.com.uy\/elecuy\/d3ff\/original\/marcas\/chic-n-glam\/0x0\/chic-n-glam\" alt=\"Perfumes Chic 'N Glam \u2014 Electroventas\" width=\"92\" height=\"92\" \/><\/p>\n<h1>ELIXIR<\/h1>\n<p>Moderno. Seductor. Magn\u00edfico. Elixir Chic &#8216;n Glam presenta una fragancia intensa y llamativa, perfecta para mujeres audaces y decididas. Una fuente inagotable de fuerza e inspiraci\u00f3n, la fuerza motriz detr\u00e1s de logros exitosos y nuevos comienzos: \u00a1el Elixir Eau de Parfum de Chic&#8217;n Glam! Esta fragancia, similar a una sinfon\u00eda de emociones genuinas, vigoriza y refresca mientras infunde encanto y elegancia a los looks discretos.<\/p>\n<p><img decoding=\"async\" class=\"alignleft\" src=\"https:\/\/cdncloudcart.com\/35375\/products\/images\/1177\/chic-n-glam-elixir-edp-75ml--damska-parfumna-voda-658185237e6af_600x600.jpeg?1702987069\" \/>Su aroma inspirado, con acordes orientales y florales, cautiva tanto como su exquisito empaque. Sin embargo, es la pir\u00e1mide olfativa la que destaca como la caracter\u00edstica m\u00e1s notable de este &#8220;accesorio ingr\u00e1vido&#8221;. Despleg\u00e1ndose con la sutileza de p\u00e9talos delicados y capullos sin abrir, energiza, inspira y motiva, a pesar del discreto rastro de \u00e1mbar que emerge m\u00e1s tarde.<\/p>\n<p>&nbsp;<\/p>\n<h3>Notas Olfativas<\/h3>\n<p>&nbsp;<\/p>\n<p>Elixir para mujer, una fragancia cautivadora que redefine la elegancia y la sofisticaci\u00f3n. Lanzado en 2017, este encantador aroma pertenece a la familia floral ambarina, la salida envuelve el cuerpo femenino en un velo de ternura, donde la fr\u00e1gil capuchina imparte una incre\u00edble ligereza, mientras que la naranja amarga y el neroli vigorizan, a\u00f1adiendo una dulzura c\u00edtrica a la apertura.\u00a0El coraz\u00f3n suaviza la apertura afrutada con un motivo de durazno, creando una transici\u00f3n suave hacia el cl\u00edmax. \u00a1Aqu\u00ed, la majestuosa rosa lidera con confianza e independencia toda la composici\u00f3n!\u00a0Y finalmente en la base\u00a0no disminuye su intensidad, concluyendo inadvertidamente la fragancia con un rastro de vainilla adornado con sutiles patrones de \u00e1mbar.<\/p>\n<p>&nbsp;<\/p>\n<p><strong>Notas de salida:<\/strong> n<span dir=\"auto\">eroli<\/span><span dir=\"auto\">, n<\/span><span dir=\"auto\">asturcia, naranja amarga.<\/span><br \/>\n<strong>Notas de coraz\u00f3n:<\/strong> m<span dir=\"auto\">elocot\u00f3n<\/span><span dir=\"auto\">, <\/span><span dir=\"auto\">datura, rosa.<\/span><br \/>\n<strong>Notas de fondo:<\/strong> vainilla, \u00e1mbar.<\/p>\n","protected":false},"excerpt":{"rendered":"<p>ELIXIR Moderno. Seductor. Magn\u00edfico. Elixir Chic &#8216;n Glam presenta una fragancia intensa y llamativa, perfecta para mujeres audaces y decididas.<\/p>\n","protected":false},"featured_media":102343,"comment_status":"open","ping_status":"closed","template":"","meta":{"nf_dc_page":""},"product_brand":[3510],"product_cat":[84],"product_tag":[3511],"class_list":{"0":"post-102342","1":"product","2":"type-product","3":"status-publish","4":"has-post-thumbnail","6":"product_brand-chicn-glam","7":"product_cat-perfumeria","8":"product_tag-3511","10":"first","11":"instock","12":"shipping-taxable","13":"purchasable","14":"product-type-simple"},"_links":{"self":[{"href":"https:\/\/brandss.com.py\/index\/wp-json\/wp\/v2\/product\/102342","targetHints":{"allow":["GET"]}}],"collection":[{"href":"https:\/\/brandss.com.py\/index\/wp-json\/wp\/v2\/product"}],"about":[{"href":"https:\/\/brandss.com.py\/index\/wp-json\/wp\/v2\/types\/product"}],"replies":[{"embeddable":true,"href":"https:\/\/brandss.com.py\/index\/wp-json\/wp\/v2\/comments?post=102342"}],"version-history":[{"count":1,"href":"https:\/\/brandss.com.py\/index\/wp-json\/wp\/v2\/product\/102342\/revisions"}],"predecessor-version":[{"id":102347,"href":"https:\/\/brandss.com.py\/index\/wp-json\/wp\/v2\/product\/102342\/revisions\/102347"}],"wp:featuredmedia":[{"embeddable":true,"href":"https:\/\/brandss.com.py\/index\/wp-json\/wp\/v2\/media\/102343"}],"wp:attachment":[{"href":"https:\/\/brandss.com.py\/index\/wp-json\/wp\/v2\/media?parent=102342"}],"wp:term":[{"taxonomy":"product_brand","embeddable":true,"href":"https:\/\/brandss.com.py\/index\/wp-json\/wp\/v2\/product_brand?post=102342"},{"taxonomy":"product_cat","embeddable":true,"href":"https:\/\/brandss.com.py\/index\/wp-json\/wp\/v2\/product_cat?post=102342"},{"taxonomy":"product_tag","embeddable":true,"href":"https:\/\/brandss.com.py\/index\/wp-json\/wp\/v2\/product_tag?post=102342"}],"curies":[{"name":"wp","href":"https:\/\/api.w.org\/{rel}","templated":true}]}}