{"id":102378,"date":"2026-04-20T16:30:06","date_gmt":"2026-04-20T16:30:06","guid":{"rendered":"https:\/\/brandss.com.py\/index\/?post_type=product&#038;p=102378"},"modified":"2026-04-20T16:30:26","modified_gmt":"2026-04-20T16:30:26","slug":"set-capilar-joico-hydra-splash-shampoo-acondicionador-1-litro","status":"publish","type":"product","link":"https:\/\/brandss.com.py\/index\/producto\/set-capilar-joico-hydra-splash-shampoo-acondicionador-1-litro\/","title":{"rendered":"SET CAPILAR JOICO HYDRA SPLASH SHAMPOO + ACONDICIONADOR 1 LITRO"},"content":{"rendered":"<p><img loading=\"lazy\" decoding=\"async\" class=\"\" src=\"https:\/\/recursos.joico.com.br\/\/i\/SVG-diversos\/LOGO%20(2).hlog.svg\" alt=\"Joico | Produtos Profissionais para Cabelos\" width=\"132\" height=\"110\" \/><\/p>\n<h1>HYDRA SPLASH<\/h1>\n<p>&nbsp;<\/p>\n<p>El Kit est\u00e1 dise\u00f1ado especialmente para cabello de fino a mediano que necesita hidrataci\u00f3n intensiva sin perder su ligereza natural. Este d\u00fao din\u00e1mico ofrece una limpieza efectiva y una hidrataci\u00f3n profunda gracias a su avanzada tecnolog\u00eda Hydra Splash Smart Release. El shampoo, con su espuma indulgente, elimina suavemente los residuos acumulados sin despojar al cabello de su humedad esencial, dej\u00e1ndolo limpio, suave, y con un brillo saludable.<\/p>\n<p>Mientras tanto, el acondicionador desenreda eficazmente y repone la humedad perdida, devolviendo la elasticidad sin apelmazar ni siquiera los mechones m\u00e1s finos. Ideal para personas con cabello seco o deshidratado que buscan un tratamiento diario que ofrezca resultados visibles y una textura sedosa.<\/p>\n<p>CHAMP\u00da HYDRASPLASH 1000ML: El champ\u00fa Joico Hydra Splash produce una espuma lujosa y limpia profundamente el cabello sin eliminar su humedad natural, manteni\u00e9ndolo hidratado y saludable. Con la poderosa combinaci\u00f3n de la tecnolog\u00eda Smart Release y los componentes de agua de coco y algas marinas, tendr\u00e1s un tratamiento de 24 horas para cabello fino\/medio, con mucha m\u00e1s hidrataci\u00f3n, salud, suavidad y brillo.<\/p>\n<p>ACONDICIONADOR HYDRASPLASH 1000ML: El acondicionador Joico Hydra Splash proporciona un tratamiento hidratante para cabello seco y da\u00f1ado por el desgaste diario, \u00a1todo sin agregar peso! Adem\u00e1s de ayudar a desenredar el cabello, tambi\u00e9n experimentar\u00e1s mucha m\u00e1s suavidad, brillo y sedosidad, gracias a la poderosa combinaci\u00f3n de tecnolog\u00edas e ingredientes en la f\u00f3rmula de esta l\u00ednea.<\/p>\n<h3>Modo de uso<\/h3>\n<ol>\n<li>Aplicar sobre el cabello mojado.<\/li>\n<li>Masajear y enjuagar completamente.<\/li>\n<li>Acontinuacu\u00a1i\u00f3n aplicar el acondicionador sobre el cabello limpio y h\u00famedo.<\/li>\n<li>Dejar actuar de 1 a 2 minutos.<\/li>\n<li>Enjuagar bien.<\/li>\n<\/ol>\n<p>&nbsp;<\/p>\n<h3>El set incluye<\/h3>\n<p>1 Champ\u00fa Hydrasplash 1000ml.<\/p>\n<p>1 Acondicionador Hydrasplash 1000ml.<\/p>\n","protected":false},"excerpt":{"rendered":"<p>HYDRA SPLASH &nbsp; El Kit est\u00e1 dise\u00f1ado especialmente para cabello de fino a mediano que necesita hidrataci\u00f3n intensiva sin perder<\/p>\n","protected":false},"featured_media":102379,"comment_status":"open","ping_status":"closed","template":"","meta":{"nf_dc_page":""},"product_brand":[1318],"product_cat":[85],"product_tag":[3516],"class_list":{"0":"post-102378","1":"product","2":"type-product","3":"status-publish","4":"has-post-thumbnail","6":"product_brand-joico","7":"product_cat-cosmeticos","8":"product_tag-3516","10":"first","11":"instock","12":"shipping-taxable","13":"purchasable","14":"product-type-simple"},"_links":{"self":[{"href":"https:\/\/brandss.com.py\/index\/wp-json\/wp\/v2\/product\/102378","targetHints":{"allow":["GET"]}}],"collection":[{"href":"https:\/\/brandss.com.py\/index\/wp-json\/wp\/v2\/product"}],"about":[{"href":"https:\/\/brandss.com.py\/index\/wp-json\/wp\/v2\/types\/product"}],"replies":[{"embeddable":true,"href":"https:\/\/brandss.com.py\/index\/wp-json\/wp\/v2\/comments?post=102378"}],"version-history":[{"count":1,"href":"https:\/\/brandss.com.py\/index\/wp-json\/wp\/v2\/product\/102378\/revisions"}],"predecessor-version":[{"id":102383,"href":"https:\/\/brandss.com.py\/index\/wp-json\/wp\/v2\/product\/102378\/revisions\/102383"}],"wp:featuredmedia":[{"embeddable":true,"href":"https:\/\/brandss.com.py\/index\/wp-json\/wp\/v2\/media\/102379"}],"wp:attachment":[{"href":"https:\/\/brandss.com.py\/index\/wp-json\/wp\/v2\/media?parent=102378"}],"wp:term":[{"taxonomy":"product_brand","embeddable":true,"href":"https:\/\/brandss.com.py\/index\/wp-json\/wp\/v2\/product_brand?post=102378"},{"taxonomy":"product_cat","embeddable":true,"href":"https:\/\/brandss.com.py\/index\/wp-json\/wp\/v2\/product_cat?post=102378"},{"taxonomy":"product_tag","embeddable":true,"href":"https:\/\/brandss.com.py\/index\/wp-json\/wp\/v2\/product_tag?post=102378"}],"curies":[{"name":"wp","href":"https:\/\/api.w.org\/{rel}","templated":true}]}}