{"id":102384,"date":"2026-04-20T17:15:38","date_gmt":"2026-04-20T17:15:38","guid":{"rendered":"https:\/\/brandss.com.py\/index\/?post_type=product&#038;p=102384"},"modified":"2026-04-20T17:16:49","modified_gmt":"2026-04-20T17:16:49","slug":"set-capilar-joico-moisture-recovery-shampoo-300ml-acondicionador-250ml-mascara-250ml","status":"publish","type":"product","link":"https:\/\/brandss.com.py\/index\/producto\/set-capilar-joico-moisture-recovery-shampoo-300ml-acondicionador-250ml-mascara-250ml\/","title":{"rendered":"SET CAPILAR JOICO MOISTURE RECOVERY SHAMPOO 300ML + ACONDICIONADOR 250ML + M\u00c1SCARA 250ML"},"content":{"rendered":"<p><img loading=\"lazy\" decoding=\"async\" class=\"\" src=\"https:\/\/recursos.joico.com.br\/\/i\/SVG-diversos\/LOGO%20(2).hlog.svg\" alt=\"Joico | Produtos Profissionais para Cabelos\" width=\"110\" height=\"92\" \/><\/p>\n<h1>MOISTURE RECOVERY<\/h1>\n<p>Kit de shampoo, acondicionador y b\u00e1lsamo para cabello grueso, \u00e1spero y reseco. Su f\u00f3rmula limpia suavemente el cabello y lo mantiene hidratado. En el uso diario, le da al cabello un aspecto m\u00e1s saludable, con elasticidad y suavidad. Adem\u00e1s, restaura el brillo y reduce la rotura.<\/p>\n<div class=\"description-container\">\n<div class=\"description-row\">\n<div class=\"description-col-9\"><b><span dir=\"auto\">Restaura la hidrataci\u00f3n natural de tu cabello.<\/span><\/b><span dir=\"auto\">Hidrata, aportando suavidad y brillo al cabello seco, grueso o rizado.<\/span><\/p>\n<\/div>\n<\/div>\n<\/div>\n<div class=\"description-container\">\n<div class=\"description-row\">\n<div class=\"description-col-7\">\n<h3><span dir=\"auto\">Champ\u00fa reparador hidratante<\/span><\/h3>\n<p><span dir=\"auto\">El champ\u00fa hidratante proporciona 24 horas de hidrataci\u00f3n intensa, revitalizando el cabello seco y da\u00f1ado con una sola aplicaci\u00f3n. Con cada lavado, ayuda a restaurar la elasticidad y suavidad del cabello d\u00e9bil y quebradizo. Devuelve el brillo y reduce la rotura, reparando el cabello desde el interior. Limpia suavemente el cabello sin eliminar su humedad natural, ayudando a mantenerlo hidratado.<\/span><\/p>\n<\/div>\n<\/div>\n<\/div>\n<div class=\"description-container border\">\n<div class=\"description-row\">\n<div class=\"description-col-6\">\n<h3><span dir=\"auto\">Acondicionador reparador de hidrataci\u00f3n<\/span><\/h3>\n<p><span dir=\"auto\">\u00bfCabello extremadamente seco? El acondicionador Moisture Recovery es ideal, ya que proporciona 24 horas de hidrataci\u00f3n intensa y revitaliza el cabello seco y da\u00f1ado con una sola aplicaci\u00f3n. Restaura el brillo y reduce la rotura. Con este lujoso acondicionador, sentir\u00e1s tu cabello ligero y muy manejable. Adem\u00e1s de una apariencia mejorada, tu cabello estar\u00e1 sano porque lo restaura desde el interior, brind\u00e1ndole el doble de suavidad. Desenreda eficazmente, restaura el movimiento natural que tanto te gusta y sella la hidrataci\u00f3n para mantener tu cabello sano durante todo el d\u00eda.<\/span><\/p>\n<\/div>\n<\/div>\n<\/div>\n<div class=\"description-container\">\n<div class=\"description-row\">\n<div class=\"description-col-7\">\n<h3><span dir=\"auto\">Mascarilla b\u00e1lsamo de tratamiento hidratante<\/span><\/h3>\n<p><span dir=\"auto\">De 3 a 5 minutos: ese es el tiempo que necesita esta potente mascarilla para hidratar profundamente el cabello seco, fortaleci\u00e9ndolo, reduciendo la rotura y el encrespamiento, y mejorando su suavidad. Una nueva forma de usar la mascarilla como tratamiento hidratante nocturno. Apl\u00edcala sobre el cabello seco y usa un gorro de ducha para proteger tu almohada. Por la ma\u00f1ana, simplemente usa champ\u00fa y acondicionador como de costumbre y \u00a1disfruta de un cabello s\u00faper hidratado!<\/span><\/p>\n<h3>El set c<strong>ontiene<\/strong><\/h3>\n<ul>\n<li>Shampoo Joico Moisture Recovery 300ml.<\/li>\n<li>Acondicionador Joico Moisture Recovery 250ml.<\/li>\n<li>B\u00e1lsamo de tratamiento Joico Moisture Recovery 250ml.<\/li>\n<\/ul>\n<\/div>\n<\/div>\n<\/div>\n","protected":false},"excerpt":{"rendered":"<p>MOISTURE RECOVERY Kit de shampoo, acondicionador y b\u00e1lsamo para cabello grueso, \u00e1spero y reseco. Su f\u00f3rmula limpia suavemente el cabello<\/p>\n","protected":false},"featured_media":102385,"comment_status":"open","ping_status":"closed","template":"","meta":{"nf_dc_page":""},"product_brand":[1318],"product_cat":[85],"product_tag":[3517],"class_list":{"0":"post-102384","1":"product","2":"type-product","3":"status-publish","4":"has-post-thumbnail","6":"product_brand-joico","7":"product_cat-cosmeticos","8":"product_tag-3517","10":"first","11":"instock","12":"shipping-taxable","13":"purchasable","14":"product-type-simple"},"_links":{"self":[{"href":"https:\/\/brandss.com.py\/index\/wp-json\/wp\/v2\/product\/102384","targetHints":{"allow":["GET"]}}],"collection":[{"href":"https:\/\/brandss.com.py\/index\/wp-json\/wp\/v2\/product"}],"about":[{"href":"https:\/\/brandss.com.py\/index\/wp-json\/wp\/v2\/types\/product"}],"replies":[{"embeddable":true,"href":"https:\/\/brandss.com.py\/index\/wp-json\/wp\/v2\/comments?post=102384"}],"version-history":[{"count":1,"href":"https:\/\/brandss.com.py\/index\/wp-json\/wp\/v2\/product\/102384\/revisions"}],"predecessor-version":[{"id":102389,"href":"https:\/\/brandss.com.py\/index\/wp-json\/wp\/v2\/product\/102384\/revisions\/102389"}],"wp:featuredmedia":[{"embeddable":true,"href":"https:\/\/brandss.com.py\/index\/wp-json\/wp\/v2\/media\/102385"}],"wp:attachment":[{"href":"https:\/\/brandss.com.py\/index\/wp-json\/wp\/v2\/media?parent=102384"}],"wp:term":[{"taxonomy":"product_brand","embeddable":true,"href":"https:\/\/brandss.com.py\/index\/wp-json\/wp\/v2\/product_brand?post=102384"},{"taxonomy":"product_cat","embeddable":true,"href":"https:\/\/brandss.com.py\/index\/wp-json\/wp\/v2\/product_cat?post=102384"},{"taxonomy":"product_tag","embeddable":true,"href":"https:\/\/brandss.com.py\/index\/wp-json\/wp\/v2\/product_tag?post=102384"}],"curies":[{"name":"wp","href":"https:\/\/api.w.org\/{rel}","templated":true}]}}