{"id":102390,"date":"2026-04-20T17:49:51","date_gmt":"2026-04-20T17:49:51","guid":{"rendered":"https:\/\/brandss.com.py\/index\/?post_type=product&#038;p=102390"},"modified":"2026-04-20T17:50:23","modified_gmt":"2026-04-20T17:50:23","slug":"aceite-capilar-joico-blonde-life-brilliant-glow-100ml","status":"publish","type":"product","link":"https:\/\/brandss.com.py\/index\/producto\/aceite-capilar-joico-blonde-life-brilliant-glow-100ml\/","title":{"rendered":"ACEITE CAPILAR JOICO BLONDE LIFE BRILLIANT GLOW 100ML"},"content":{"rendered":"<p><img loading=\"lazy\" decoding=\"async\" class=\"\" src=\"https:\/\/recursos.joico.com.br\/\/i\/SVG-diversos\/LOGO%20(2).hlog.svg\" alt=\"Joico | Produtos Profissionais para Cabelos\" width=\"114\" height=\"96\" \/><\/p>\n<h1>BLONDE LIFE BRILLIANT GLOW<\/h1>\n<p class=\"vc_custom_heading cesis_text_transform_none wpb_animate_when_almost_visible wpb_fadeIn fadeIn wpb_start_animation animated\" data-delay=\"750\">Prep\u00e1rate para una explosi\u00f3n de brillo cristalino y suavidad que pone un foco de atenci\u00f3n poderoso en las rubias. Solo una aplicaci\u00f3n del Aceite Brillante Brillo Brillante acelera instant\u00e1neamente el resplandor de includeleteso el cabello m\u00e1s claro, nutriendo y protegiendo cada delicada hebra con un brillo de megavatios.<img loading=\"lazy\" decoding=\"async\" class=\"alignleft\" src=\"https:\/\/http2.mlstatic.com\/D_NQ_NP_2X_650081-MLB108701548479_032026-F.webp\" width=\"652\" height=\"652\" \/><\/p>\n<p><span dir=\"auto\">Blonde Life Brilliant Glow es un aceite capilar indicado para cabello rubio. Proporciona un brillo incre\u00edble al instante, combate <\/span><span dir=\"auto\">el encrespamiento<\/span><span dir=\"auto\">\u00a0y protege el cabello. Con ex\u00f3ticos aceites de monoi y tamanu, el aceite iluminador Joico Blonde Life Brilliant Glow nutre y suaviza el cabello, a la vez que reduce la rotura en un 87% al peinarlo. Esto revela\u00a0<\/span><span dir=\"auto\">un cabello<\/span><span dir=\"auto\">\u00a0nutrido, radiante y con un tacto sedoso. <\/span><\/p>\n<h3><\/h3>\n<h3><span dir=\"auto\">Ingredientes clave<\/span><\/h3>\n<p><span dir=\"auto\"><strong>Arginina:<\/strong> aumenta la resistencia del cabello y previene la rotura. <\/span><\/p>\n<p><span dir=\"auto\"><strong>Aceites de tamanu y monoi:<\/strong> ayudan a prevenir el amarilleamiento del cabello rubio, los tonos apagados y el da\u00f1o diario. Tambi\u00e9n nutren, ayudan a proteger el cabello y le aportan brillo. <\/span><\/p>\n<p><span dir=\"auto\"><strong>Complejo de p\u00e9ptidos bio-avanzados:<\/strong> un conjunto de 19 amino\u00e1cidos id\u00e9nticos a los que componen la queratina natural del cabello, que aseguran la reparaci\u00f3n de las zonas da\u00f1adas y una hidrataci\u00f3n prolongada. <\/span><\/p>\n<h3><\/h3>\n<h3>Beneficios<\/h3>\n<div class=\"wpb_column vc_column_container vc_col-sm-6\">\n<div class=\"vc_column-inner\">\n<div class=\"wpb_wrapper\">\n<div class=\"cesis_icon_list cesis_il_1    \" data-delay=\"0\">\n<div class=\"cesis_single_list \" data-delay=\"0\">\n<div class=\"cesis_icon_list_ctn\">\n<ul>\n<li class=\"cesis_list_text main_font\">Aumenta el brillo para un cabello rubio m\u00e1s brillante.<\/li>\n<li class=\"cesis_list_text main_font\">No manchar\u00e1 incluso los tonos m\u00e1s p\u00e1lidos de rubia.<\/li>\n<li class=\"cesis_list_text main_font\">Los ingredientes alisantes combaten el encrespamiento.<\/li>\n<li class=\"cesis_list_text main_font\">El cabello se siente instant\u00e1neamente hidratado, sedoso y suave.<\/li>\n<li class=\"cesis_list_text main_font\">Proporciona un 87% menos de roturas en el cabello limpio y da\u00f1ado.<\/li>\n<\/ul>\n<\/div>\n<\/div>\n<\/div>\n<\/div>\n<\/div>\n<\/div>\n<h3><span dir=\"auto\">Modo de uso<\/span><\/h3>\n<ol>\n<li><span dir=\"auto\">Aplicar 1-2 pulsaciones sobre el cabello h\u00famedo o seco.<\/span><\/li>\n<li>Peinar como se desee.<\/li>\n<li>Para protecci\u00f3n t\u00e9rmica, usar antes del secado con secador para conseguir un cabello m\u00e1s suave y brillante.<\/li>\n<\/ol>\n<h3><span dir=\"auto\">Los expertos recomiendan<\/span><\/h3>\n<ul>\n<li><span dir=\"auto\">Aplica primero el aceite capilar en tus manos para una distribuci\u00f3n m\u00e1s uniforme.<\/span><\/li>\n<li>Frota y pasa los dedos por todo el cabello como si fuera un peine, extendi\u00e9ndolo de manera uniforme.<\/li>\n<li>Resultado: Cabello suave, sin frizz y con un brillo intenso.<\/li>\n<\/ul>\n","protected":false},"excerpt":{"rendered":"<p>BLONDE LIFE BRILLIANT GLOW Prep\u00e1rate para una explosi\u00f3n de brillo cristalino y suavidad que pone un foco de atenci\u00f3n poderoso<\/p>\n","protected":false},"featured_media":102391,"comment_status":"open","ping_status":"closed","template":"","meta":{"nf_dc_page":""},"product_brand":[1318],"product_cat":[85],"product_tag":[3518],"class_list":{"0":"post-102390","1":"product","2":"type-product","3":"status-publish","4":"has-post-thumbnail","6":"product_brand-joico","7":"product_cat-cosmeticos","8":"product_tag-3518","10":"first","11":"instock","12":"shipping-taxable","13":"purchasable","14":"product-type-simple"},"_links":{"self":[{"href":"https:\/\/brandss.com.py\/index\/wp-json\/wp\/v2\/product\/102390","targetHints":{"allow":["GET"]}}],"collection":[{"href":"https:\/\/brandss.com.py\/index\/wp-json\/wp\/v2\/product"}],"about":[{"href":"https:\/\/brandss.com.py\/index\/wp-json\/wp\/v2\/types\/product"}],"replies":[{"embeddable":true,"href":"https:\/\/brandss.com.py\/index\/wp-json\/wp\/v2\/comments?post=102390"}],"version-history":[{"count":1,"href":"https:\/\/brandss.com.py\/index\/wp-json\/wp\/v2\/product\/102390\/revisions"}],"predecessor-version":[{"id":102397,"href":"https:\/\/brandss.com.py\/index\/wp-json\/wp\/v2\/product\/102390\/revisions\/102397"}],"wp:featuredmedia":[{"embeddable":true,"href":"https:\/\/brandss.com.py\/index\/wp-json\/wp\/v2\/media\/102391"}],"wp:attachment":[{"href":"https:\/\/brandss.com.py\/index\/wp-json\/wp\/v2\/media?parent=102390"}],"wp:term":[{"taxonomy":"product_brand","embeddable":true,"href":"https:\/\/brandss.com.py\/index\/wp-json\/wp\/v2\/product_brand?post=102390"},{"taxonomy":"product_cat","embeddable":true,"href":"https:\/\/brandss.com.py\/index\/wp-json\/wp\/v2\/product_cat?post=102390"},{"taxonomy":"product_tag","embeddable":true,"href":"https:\/\/brandss.com.py\/index\/wp-json\/wp\/v2\/product_tag?post=102390"}],"curies":[{"name":"wp","href":"https:\/\/api.w.org\/{rel}","templated":true}]}}