{"id":102448,"date":"2026-04-21T17:05:24","date_gmt":"2026-04-21T17:05:24","guid":{"rendered":"https:\/\/brandss.com.py\/index\/?post_type=product&#038;p=102448"},"modified":"2026-04-21T17:06:04","modified_gmt":"2026-04-21T17:06:04","slug":"perfume-femenino-marc-joseph-belief-red-edp-100ml","status":"publish","type":"product","link":"https:\/\/brandss.com.py\/index\/producto\/perfume-femenino-marc-joseph-belief-red-edp-100ml\/","title":{"rendered":"PERFUME FEMENINO MARC JOSEPH BELIEF RED EDP 100ML"},"content":{"rendered":"<p><img loading=\"lazy\" decoding=\"async\" class=\"\" src=\"https:\/\/www.feelingsexy.com.au\/images\/Designer\/MARC_JOSEPH.png\" alt=\"Marc Joseph - Buy Marc Joseph for Sale | Australia\" width=\"102\" height=\"84\" \/><\/p>\n<h1>BELIEF RED<\/h1>\n<p>Descubre la esencia de la feminidad con Belief Red. Con 100 ml de pura sofisticaci\u00f3n, este perfume es una celebraci\u00f3n de notas florales y frutales que resaltan la delicadeza de las rosas rojas. Ideal para mujeres que buscan una fragancia impactante y cautivadora, perfecta para cualquier ocasi\u00f3n. Belief Red ofrece una duraci\u00f3n aproximada de 12 horas, asegurando que su presencia se sienta durante todo el d\u00eda. Su composici\u00f3n \u00fanica es ideal para quienes desean expresar su personalidad fuerte y aut\u00e9ntica, convirti\u00e9ndose en una extensi\u00f3n de su estilo. Experimenta la combinaci\u00f3n perfecta de elegancia y frescura que Belief Red te brinda. D\u00e9jate envolver por esta fragancia que irradia confianza y encanto, haciendo que cada momento sea especial e inolvidable.<\/p>\n<p>&nbsp;<\/p>\n<h3>Notas Olfativas<\/h3>\n<p>&nbsp;<\/p>\n<p>El perfume femenino Belief Red es una fragancia floral envolvente que combina la dulzura frutal de la grosella negra y el melocot\u00f3n con un toque c\u00edtrico y caramelizado. Su coraz\u00f3n revela la elegancia del jazm\u00edn junto a la calidez del s\u00e1ndalo y matices especiados, mientras el fondo de \u00e1mbar y vainilla a\u00f1ade profundidad y sensualidad. Ideal para mujeres seguras que buscan un aroma sofisticado y duradero.<\/p>\n<p><strong>Notas de salida:<\/strong> grosella negra, durazno, bergamota, toronja, caramelo.<br \/>\n<strong>Notas de coraz\u00f3n:<\/strong> jazm\u00edn, pimienta rosa, pachul\u00ed, vetiver, s\u00e1ndalo.<br \/>\n<strong>Notas de fondo:<\/strong> \u00e1mbar, vainilla.<\/p>\n","protected":false},"excerpt":{"rendered":"<p>BELIEF RED Descubre la esencia de la feminidad con Belief Red. Con 100 ml de pura sofisticaci\u00f3n, este perfume es<\/p>\n","protected":false},"featured_media":102449,"comment_status":"open","ping_status":"closed","template":"","meta":{"nf_dc_page":""},"product_brand":[3528],"product_cat":[84],"product_tag":[3530],"class_list":{"0":"post-102448","1":"product","2":"type-product","3":"status-publish","4":"has-post-thumbnail","6":"product_brand-marc-joseph","7":"product_cat-perfumeria","8":"product_tag-3530","10":"first","11":"instock","12":"shipping-taxable","13":"purchasable","14":"product-type-simple"},"_links":{"self":[{"href":"https:\/\/brandss.com.py\/index\/wp-json\/wp\/v2\/product\/102448","targetHints":{"allow":["GET"]}}],"collection":[{"href":"https:\/\/brandss.com.py\/index\/wp-json\/wp\/v2\/product"}],"about":[{"href":"https:\/\/brandss.com.py\/index\/wp-json\/wp\/v2\/types\/product"}],"replies":[{"embeddable":true,"href":"https:\/\/brandss.com.py\/index\/wp-json\/wp\/v2\/comments?post=102448"}],"version-history":[{"count":1,"href":"https:\/\/brandss.com.py\/index\/wp-json\/wp\/v2\/product\/102448\/revisions"}],"predecessor-version":[{"id":102453,"href":"https:\/\/brandss.com.py\/index\/wp-json\/wp\/v2\/product\/102448\/revisions\/102453"}],"wp:featuredmedia":[{"embeddable":true,"href":"https:\/\/brandss.com.py\/index\/wp-json\/wp\/v2\/media\/102449"}],"wp:attachment":[{"href":"https:\/\/brandss.com.py\/index\/wp-json\/wp\/v2\/media?parent=102448"}],"wp:term":[{"taxonomy":"product_brand","embeddable":true,"href":"https:\/\/brandss.com.py\/index\/wp-json\/wp\/v2\/product_brand?post=102448"},{"taxonomy":"product_cat","embeddable":true,"href":"https:\/\/brandss.com.py\/index\/wp-json\/wp\/v2\/product_cat?post=102448"},{"taxonomy":"product_tag","embeddable":true,"href":"https:\/\/brandss.com.py\/index\/wp-json\/wp\/v2\/product_tag?post=102448"}],"curies":[{"name":"wp","href":"https:\/\/api.w.org\/{rel}","templated":true}]}}