{"id":102466,"date":"2026-04-21T18:41:53","date_gmt":"2026-04-21T18:41:53","guid":{"rendered":"https:\/\/brandss.com.py\/index\/?post_type=product&#038;p=102466"},"modified":"2026-04-21T18:42:12","modified_gmt":"2026-04-21T18:42:12","slug":"perfume-masculino-prestigious-parfums-paris-senatus-black-edp-100ml","status":"publish","type":"product","link":"https:\/\/brandss.com.py\/index\/producto\/perfume-masculino-prestigious-parfums-paris-senatus-black-edp-100ml\/","title":{"rendered":"PERFUME MASCULINO PRESTIGIOUS PARFUMS PARIS SENATUS BLACK EDP 100ML"},"content":{"rendered":"<p><img loading=\"lazy\" decoding=\"async\" class=\"\" src=\"https:\/\/i0.wp.com\/www.prestigeparfums.com\/wp-content\/uploads\/2023\/03\/logo-noir.png?fit=300%2C177&amp;ssl=1\" alt=\"Prestige Parfums Paris - Established in Paris in 1978\" width=\"105\" height=\"62\" \/><\/p>\n<h1>SENATUS BLACK<\/h1>\n<p>Es una fragancia masculina vibrante y audaz que refleja la energ\u00eda y el carisma de quienes est\u00e1n destinados a destacar. Este perfume combina notas especiadas, amaderadas y un toque fresco, creando un aroma \u00fanico y moderno. Perfecto para hombres que buscan una esencia que los represente en cada aspecto de su vida. La seductora fragancia Senatus Black cautiva desde el primer encuentro. Expresa verdaderos valores masculinos: nobleza y masculinidad.<\/p>\n<h3>Notas Olfativas<\/h3>\n<p>Los acordes iniciales de la composici\u00f3n reflejan la inmutabilidad de la bergamota junto con la suave pimienta rosa, picante y al mismo tiempo fr\u00eda. El coraz\u00f3n de la fragancia est\u00e1 representado por un dulce ramo de flores, un aceite agradable y un geranio relajante y ricamente expresivo. Una impresi\u00f3n inolvidable permanece en las notas de fondo de cedro tranquilo y est\u00e1tico, reflejos c\u00e1lidos y embriagadores de pachul\u00ed y l\u00e1dano almizclado.<\/p>\n<p><span class=\"font-italic font-weight-bold\"><span dir=\"auto\"><strong>Notas de salida:<\/strong> <\/span><\/span><span dir=\"auto\">bergamota, pimienta<\/span><\/p>\n<p><span class=\"font-italic font-weight-bold\"><span dir=\"auto\"><strong>Notas de coraz\u00f3n:<\/strong> rosa, elem\u00ed, geranio.<\/span><\/span><\/p>\n<p><span class=\"font-italic font-weight-bold\"><span dir=\"auto\"><strong>Notas de fondo:<\/strong> cedro, pachul\u00ed, l\u00e1udamo.<\/span><\/span><\/p>\n","protected":false},"excerpt":{"rendered":"<p>SENATUS BLACK Es una fragancia masculina vibrante y audaz que refleja la energ\u00eda y el carisma de quienes est\u00e1n destinados<\/p>\n","protected":false},"featured_media":102467,"comment_status":"open","ping_status":"closed","template":"","meta":{"nf_dc_page":""},"product_brand":[2627],"product_cat":[84],"product_tag":[3533],"class_list":{"0":"post-102466","1":"product","2":"type-product","3":"status-publish","4":"has-post-thumbnail","6":"product_brand-prestigious","7":"product_cat-perfumeria","8":"product_tag-3533","10":"first","11":"instock","12":"shipping-taxable","13":"purchasable","14":"product-type-simple"},"_links":{"self":[{"href":"https:\/\/brandss.com.py\/index\/wp-json\/wp\/v2\/product\/102466","targetHints":{"allow":["GET"]}}],"collection":[{"href":"https:\/\/brandss.com.py\/index\/wp-json\/wp\/v2\/product"}],"about":[{"href":"https:\/\/brandss.com.py\/index\/wp-json\/wp\/v2\/types\/product"}],"replies":[{"embeddable":true,"href":"https:\/\/brandss.com.py\/index\/wp-json\/wp\/v2\/comments?post=102466"}],"version-history":[{"count":1,"href":"https:\/\/brandss.com.py\/index\/wp-json\/wp\/v2\/product\/102466\/revisions"}],"predecessor-version":[{"id":102470,"href":"https:\/\/brandss.com.py\/index\/wp-json\/wp\/v2\/product\/102466\/revisions\/102470"}],"wp:featuredmedia":[{"embeddable":true,"href":"https:\/\/brandss.com.py\/index\/wp-json\/wp\/v2\/media\/102467"}],"wp:attachment":[{"href":"https:\/\/brandss.com.py\/index\/wp-json\/wp\/v2\/media?parent=102466"}],"wp:term":[{"taxonomy":"product_brand","embeddable":true,"href":"https:\/\/brandss.com.py\/index\/wp-json\/wp\/v2\/product_brand?post=102466"},{"taxonomy":"product_cat","embeddable":true,"href":"https:\/\/brandss.com.py\/index\/wp-json\/wp\/v2\/product_cat?post=102466"},{"taxonomy":"product_tag","embeddable":true,"href":"https:\/\/brandss.com.py\/index\/wp-json\/wp\/v2\/product_tag?post=102466"}],"curies":[{"name":"wp","href":"https:\/\/api.w.org\/{rel}","templated":true}]}}