{"id":102477,"date":"2026-04-22T11:15:02","date_gmt":"2026-04-22T11:15:02","guid":{"rendered":"https:\/\/brandss.com.py\/index\/?post_type=product&#038;p=102477"},"modified":"2026-04-22T11:15:28","modified_gmt":"2026-04-22T11:15:28","slug":"perfume-masculino-jack-hope-paris-magic-life-edp-100ml","status":"publish","type":"product","link":"https:\/\/brandss.com.py\/index\/producto\/perfume-masculino-jack-hope-paris-magic-life-edp-100ml\/","title":{"rendered":"PERFUME MASCULINO JACK HOPE PARIS MAGIC LIFE EDP 100ML"},"content":{"rendered":"<p><img loading=\"lazy\" decoding=\"async\" class=\"alignnone  wp-image-102478\" src=\"https:\/\/brandss.com.py\/index\/wp-content\/uploads\/2026\/04\/JACK.png\" alt=\"\" width=\"144\" height=\"63\" srcset=\"https:\/\/brandss.com.py\/index\/wp-content\/uploads\/2026\/04\/JACK.png 300w, https:\/\/brandss.com.py\/index\/wp-content\/uploads\/2026\/04\/JACK-150x66.png 150w\" sizes=\"auto, (max-width: 144px) 100vw, 144px\" \/><\/p>\n<h1>MAGIC LIFE<\/h1>\n<p class=\"tw-data-text tw-text-large tw-ta\" dir=\"ltr\" role=\"text\" data-placeholder=\"Traducci\u00f3n\" data-ved=\"2ahUKEwjwnrHIp4GUAxV5rZUCHatTA4oQ3ewLegQIDBAV\" aria-label=\"Texto traducido: Encantador y peligroso, como el hombre que lo inspir\u00f3.\nCardamomo y canela provocativos, madera y pimienta adictivas, una combinaci\u00f3n gourmet y lasciva de aroma y m\u00fasica.\nUn perfume masculino seductor, llamativo, confiado y cautivador.\nLas primeras notas son bergamota, pomelo, menta, cardamomo, canela.\nNotas de coraz\u00f3n: pimienta, cilantro, pachul\u00ed y madera blanca.\nNotas de fondo: haba tonka, \u00e1mbar, almizcle.\"><span class=\"Y2IQFc\" lang=\"es\">Encantador y peligroso, como el hombre que lo inspir\u00f3. <\/span><span class=\"Y2IQFc\" lang=\"es\">Un perfume masculino seductor, llamativo, confiado y cautivador. D\u00e9jese llevar por la magia con Magic Life de Jack Hope. Su composici\u00f3n brillante y din\u00e1mica cautiva con una rica paleta de colores, expresividad y profundidad. Jack Hope Magic Life es una fragancia que anima la rutina diaria.<\/span><\/p>\n<h3 dir=\"ltr\" role=\"text\" data-placeholder=\"Traducci\u00f3n\" data-ved=\"2ahUKEwjwnrHIp4GUAxV5rZUCHatTA4oQ3ewLegQIDBAV\" aria-label=\"Texto traducido: Encantador y peligroso, como el hombre que lo inspir\u00f3.\nCardamomo y canela provocativos, madera y pimienta adictivas, una combinaci\u00f3n gourmet y lasciva de aroma y m\u00fasica.\nUn perfume masculino seductor, llamativo, confiado y cautivador.\nLas primeras notas son bergamota, pomelo, menta, cardamomo, canela.\nNotas de coraz\u00f3n: pimienta, cilantro, pachul\u00ed y madera blanca.\nNotas de fondo: haba tonka, \u00e1mbar, almizcle.\">Notas Olfativas<\/h3>\n<p dir=\"ltr\" role=\"text\" data-placeholder=\"Traducci\u00f3n\" data-ved=\"2ahUKEwjwnrHIp4GUAxV5rZUCHatTA4oQ3ewLegQIDBAV\" aria-label=\"Texto traducido: Encantador y peligroso, como el hombre que lo inspir\u00f3.\nCardamomo y canela provocativos, madera y pimienta adictivas, una combinaci\u00f3n gourmet y lasciva de aroma y m\u00fasica.\nUn perfume masculino seductor, llamativo, confiado y cautivador.\nLas primeras notas son bergamota, pomelo, menta, cardamomo, canela.\nNotas de coraz\u00f3n: pimienta, cilantro, pachul\u00ed y madera blanca.\nNotas de fondo: haba tonka, \u00e1mbar, almizcle.\">Magic Life Homm\u00a0es una fragancia de la familia olfativa Oriental Especiada para Hombres. <span class=\"Y2IQFc\" lang=\"es\">Cardamomo y canela provocativos, madera y pimienta adictivas, una combinaci\u00f3n gourmet y lasciva de aroma y m\u00fasica. <\/span><span dir=\"auto\">Los toques especiados realzan la frescura chispeante de la menta, el pomelo y la bergamota. <\/span><span dir=\"auto\">La pimienta y el cilantro realzan la imponente naturaleza del pachul\u00ed y las maderas ligeras. <\/span><span dir=\"auto\">La estela de la fragancia est\u00e1 formada por notas de \u00e1mbar, almizcle y haba tonka.<\/span><\/p>\n<p dir=\"ltr\" role=\"text\" data-placeholder=\"Traducci\u00f3n\" data-ved=\"2ahUKEwjwnrHIp4GUAxV5rZUCHatTA4oQ3ewLegQIDBAV\" aria-label=\"Texto traducido: Encantador y peligroso, como el hombre que lo inspir\u00f3.\nCardamomo y canela provocativos, madera y pimienta adictivas, una combinaci\u00f3n gourmet y lasciva de aroma y m\u00fasica.\nUn perfume masculino seductor, llamativo, confiado y cautivador.\nLas primeras notas son bergamota, pomelo, menta, cardamomo, canela.\nNotas de coraz\u00f3n: pimienta, cilantro, pachul\u00ed y madera blanca.\nNotas de fondo: haba tonka, \u00e1mbar, almizcle.\"><strong>Notas de salida:<\/strong> cardamomo, toronja, bergamota, canela, menta.<\/p>\n<p dir=\"ltr\" role=\"text\" data-placeholder=\"Traducci\u00f3n\" data-ved=\"2ahUKEwjwnrHIp4GUAxV5rZUCHatTA4oQ3ewLegQIDBAV\" aria-label=\"Texto traducido: Encantador y peligroso, como el hombre que lo inspir\u00f3.\nCardamomo y canela provocativos, madera y pimienta adictivas, una combinaci\u00f3n gourmet y lasciva de aroma y m\u00fasica.\nUn perfume masculino seductor, llamativo, confiado y cautivador.\nLas primeras notas son bergamota, pomelo, menta, cardamomo, canela.\nNotas de coraz\u00f3n: pimienta, cilantro, pachul\u00ed y madera blanca.\nNotas de fondo: haba tonka, \u00e1mbar, almizcle.\"><strong>Notas de coraz\u00f3n:<\/strong> cilantro, madera blanca, pachul\u00ed, pimienta.<\/p>\n<p dir=\"ltr\" role=\"text\" data-placeholder=\"Traducci\u00f3n\" data-ved=\"2ahUKEwjwnrHIp4GUAxV5rZUCHatTA4oQ3ewLegQIDBAV\" aria-label=\"Texto traducido: Encantador y peligroso, como el hombre que lo inspir\u00f3.\nCardamomo y canela provocativos, madera y pimienta adictivas, una combinaci\u00f3n gourmet y lasciva de aroma y m\u00fasica.\nUn perfume masculino seductor, llamativo, confiado y cautivador.\nLas primeras notas son bergamota, pomelo, menta, cardamomo, canela.\nNotas de coraz\u00f3n: pimienta, cilantro, pachul\u00ed y madera blanca.\nNotas de fondo: haba tonka, \u00e1mbar, almizcle.\"><strong>Notas de fondo:<\/strong> \u00e1mbar, haba tonka, almizcle.<\/p>\n","protected":false},"excerpt":{"rendered":"<p>MAGIC LIFE Encantador y peligroso, como el hombre que lo inspir\u00f3. Un perfume masculino seductor, llamativo, confiado y cautivador. D\u00e9jese<\/p>\n","protected":false},"featured_media":102479,"comment_status":"open","ping_status":"closed","template":"","meta":{"nf_dc_page":""},"product_brand":[3536],"product_cat":[84],"product_tag":[3537],"class_list":{"0":"post-102477","1":"product","2":"type-product","3":"status-publish","4":"has-post-thumbnail","6":"product_brand-jack-hope","7":"product_cat-perfumeria","8":"product_tag-3537","10":"first","11":"instock","12":"shipping-taxable","13":"purchasable","14":"product-type-simple"},"_links":{"self":[{"href":"https:\/\/brandss.com.py\/index\/wp-json\/wp\/v2\/product\/102477","targetHints":{"allow":["GET"]}}],"collection":[{"href":"https:\/\/brandss.com.py\/index\/wp-json\/wp\/v2\/product"}],"about":[{"href":"https:\/\/brandss.com.py\/index\/wp-json\/wp\/v2\/types\/product"}],"replies":[{"embeddable":true,"href":"https:\/\/brandss.com.py\/index\/wp-json\/wp\/v2\/comments?post=102477"}],"version-history":[{"count":1,"href":"https:\/\/brandss.com.py\/index\/wp-json\/wp\/v2\/product\/102477\/revisions"}],"predecessor-version":[{"id":102483,"href":"https:\/\/brandss.com.py\/index\/wp-json\/wp\/v2\/product\/102477\/revisions\/102483"}],"wp:featuredmedia":[{"embeddable":true,"href":"https:\/\/brandss.com.py\/index\/wp-json\/wp\/v2\/media\/102479"}],"wp:attachment":[{"href":"https:\/\/brandss.com.py\/index\/wp-json\/wp\/v2\/media?parent=102477"}],"wp:term":[{"taxonomy":"product_brand","embeddable":true,"href":"https:\/\/brandss.com.py\/index\/wp-json\/wp\/v2\/product_brand?post=102477"},{"taxonomy":"product_cat","embeddable":true,"href":"https:\/\/brandss.com.py\/index\/wp-json\/wp\/v2\/product_cat?post=102477"},{"taxonomy":"product_tag","embeddable":true,"href":"https:\/\/brandss.com.py\/index\/wp-json\/wp\/v2\/product_tag?post=102477"}],"curies":[{"name":"wp","href":"https:\/\/api.w.org\/{rel}","templated":true}]}}