{"id":102790,"date":"2026-04-25T13:55:46","date_gmt":"2026-04-25T13:55:46","guid":{"rendered":"https:\/\/brandss.com.py\/index\/?post_type=product&#038;p=102790"},"modified":"2026-04-25T13:56:07","modified_gmt":"2026-04-25T13:56:07","slug":"exfoliante-facial-clinians-hydra-plus-attiva-purificante-cleansing-gel-150ml","status":"publish","type":"product","link":"https:\/\/brandss.com.py\/index\/producto\/exfoliante-facial-clinians-hydra-plus-attiva-purificante-cleansing-gel-150ml\/","title":{"rendered":"EXFOLIANTE FACIAL CLINIANS HYDRA PLUS ATTIVA PURIFICANTE CLEANSING GEL 150ML"},"content":{"rendered":"<p><img loading=\"lazy\" decoding=\"async\" class=\"\" src=\"https:\/\/clinians.it\/wp-content\/uploads\/2023\/04\/logo-clinias.jpg\" alt=\"Anti-Wrinkle Night Treatment \u2013 Clinians\" width=\"159\" height=\"45\" \/><\/p>\n<h1>HYDRA PLUS ATTIVA PURIFICANTE<\/h1>\n<div class=\"fusion-fullwidth fullwidth-box fusion-builder-row-3 fusion-flex-container hundred-percent-fullwidth non-hundred-percent-height-scrolling\">\n<div class=\"fusion-builder-row fusion-row fusion-flex-align-items-flex-start fusion-flex-content-wrap\">\n<div class=\"fusion-layout-column fusion_builder_column fusion-builder-column-4 fusion_builder_column_1_1 1_1 fusion-flex-column\">\n<div class=\"fusion-column-wrapper fusion-column-has-shadow fusion-flex-justify-content-flex-start fusion-content-layout-column\">\n<div class=\"fusion-content-tb fusion-content-tb-1\">\n<div id=\"textos\" class=\"fusion-fullwidth fullwidth-box fusion-builder-row-3-1 fusion-flex-container nonhundred-percent-fullwidth non-hundred-percent-height-scrolling\">\n<div class=\"fusion-builder-row fusion-row fusion-flex-align-items-flex-start fusion-flex-content-wrap\">\n<div class=\"fusion-layout-column fusion_builder_column fusion-builder-column-6 fusion_builder_column_2_3 2_3 fusion-flex-column\">\n<div class=\"fusion-column-wrapper fusion-column-has-shadow fusion-flex-justify-content-flex-start fusion-content-layout-column\">\n<div class=\"fusion-tabs fusion-tabs-1 classic nav-is-justified horizontal-tabs icon-position-left mobile-mode-accordion\">\n<div class=\"tab-content\">\n<div id=\"tab-ea6fd59d11f002b091b\" class=\"tab-pane fade fusion-clearfix in active\" role=\"tabpanel\" aria-labelledby=\"fusion-tab-description\">\n<p><span dir=\"auto\">El gel limpiador exfoliante Clinians Hydra Plus Attiva Purificante<\/span><span dir=\"auto\">\u00a0est\u00e1 dise\u00f1ado para mujeres con piel mixta o grasa. Su f\u00f3rmula, con part\u00edculas purificantes y exfoliantes de perlita, agua de t\u00e9 verde y extracto de pepino, limpia el rostro de forma eficaz y delicada, eliminando impurezas y exceso de sebo, y ayudando a mantener la piel limpia, purificada y suave.<\/span><\/p>\n<div class=\"fusion-title title fusion-title-2 fusion-sep-none fusion-title-text fusion-title-size-four\">\n<h4 class=\"fusion-title-heading title-heading-left fusion-responsive-typography-calculated\" data-fontsize=\"20\" data-lineheight=\"24px\"><span dir=\"auto\">HIDRA PLUS<\/span><\/h4>\n<\/div>\n<div class=\"fusion-text fusion-text-1\">\n<p><span dir=\"auto\">Hydra Plus es la l\u00ednea dise\u00f1ada espec\u00edficamente para pieles j\u00f3venes que responde a las necesidades de todo tipo de piel. \u00bfSensible, grasa o normal? Hydra Plus siempre es la respuesta ideal para el cuidado de tu piel. Formulada con ingredientes activos seleccionados, ofrece una amplia gama de productos para satisfacer tus necesidades.<\/span><\/p>\n<\/div>\n<h3><strong><span dir=\"auto\">Beneficios<\/span><\/strong><\/h3>\n<ul>\n<li><span dir=\"auto\">Limpia el rostro de forma eficaz y delicada.<\/span><\/li>\n<li><span dir=\"auto\">Elimina las impurezas y el exceso de sebo.<\/span><\/li>\n<li><span dir=\"auto\">Ayuda a mantener la piel limpia, purificada y suave.<\/span><\/li>\n<\/ul>\n<p><span dir=\"auto\">Si buscas un producto para limpiar y purificar la piel mixta o con impurezas, el gel limpiador exfoliante Clinians Hydra Plus Attiva Purificante es la opci\u00f3n ideal para ti.<\/span><\/p>\n<\/div>\n<\/div>\n<\/div>\n<\/div>\n<\/div>\n<div class=\"fusion-layout-column fusion_builder_column fusion-builder-column-7 fusion_builder_column_1_6 1_6 fusion-flex-column\">\n<h3 class=\"fusion-column-wrapper fusion-column-has-shadow fusion-flex-justify-content-flex-start fusion-content-layout-column\">Modo de uso<\/h3>\n<ol>\n<li>Aplicar sobre el rostro h\u00famedo, masajeando suavemente y prestando especial atenci\u00f3n a la zona T (frente, nariz y ment\u00f3n).<\/li>\n<li>Enjuagar bien con agua tibia.<\/li>\n<\/ol>\n<div class=\"fusion-column-wrapper fusion-column-has-shadow fusion-flex-justify-content-flex-start fusion-content-layout-column\">\n<p><span dir=\"auto\">Se recomienda combinarlo con la crema hidratante matificante Clinians Hydra Plus. Evitar el contacto con los ojos.<\/span><\/p>\n<\/div>\n<\/div>\n<\/div>\n<\/div>\n<\/div>\n<\/div>\n<\/div>\n<\/div>\n<\/div>\n<div class=\"fusion-fullwidth fullwidth-box fusion-builder-row-4 fusion-flex-container has-pattern-background has-mask-background nonhundred-percent-fullwidth non-hundred-percent-height-scrolling\">\n<div class=\"fusion-builder-row fusion-row fusion-flex-align-items-flex-start fusion-flex-content-wrap\">\n<div class=\"fusion-layout-column fusion_builder_column fusion-builder-column-9 fusion_builder_column_1_2 1_2 fusion-flex-column fusion-flex-align-self-stretch fusion-animated\" data-animationtype=\"revealInRight\" data-animationduration=\"0.5\" data-animationdelay=\"0.3\" data-animationoffset=\"top-into-view\">\n<div class=\"fusion-column-wrapper fusion-column-has-shadow fusion-flex-justify-content-center fusion-content-layout-column\">\n<div class=\"fusion-title title fusion-title-2 fusion-sep-none fusion-title-text fusion-title-size-four\"><\/div>\n<div class=\"fusion-text fusion-text-1\">\n<p>&nbsp;<\/p>\n<\/div>\n<\/div>\n<\/div>\n<\/div>\n<\/div>\n","protected":false},"excerpt":{"rendered":"<p>HYDRA PLUS ATTIVA PURIFICANTE El gel limpiador exfoliante Clinians Hydra Plus Attiva Purificante\u00a0est\u00e1 dise\u00f1ado para mujeres con piel mixta o<\/p>\n","protected":false},"featured_media":102791,"comment_status":"open","ping_status":"closed","template":"","meta":{"nf_dc_page":""},"product_brand":[1442],"product_cat":[104],"product_tag":[3585],"class_list":{"0":"post-102790","1":"product","2":"type-product","3":"status-publish","4":"has-post-thumbnail","6":"product_brand-clinians","7":"product_cat-skin-care","8":"product_tag-3585","10":"first","11":"instock","12":"shipping-taxable","13":"purchasable","14":"product-type-simple"},"_links":{"self":[{"href":"https:\/\/brandss.com.py\/index\/wp-json\/wp\/v2\/product\/102790","targetHints":{"allow":["GET"]}}],"collection":[{"href":"https:\/\/brandss.com.py\/index\/wp-json\/wp\/v2\/product"}],"about":[{"href":"https:\/\/brandss.com.py\/index\/wp-json\/wp\/v2\/types\/product"}],"replies":[{"embeddable":true,"href":"https:\/\/brandss.com.py\/index\/wp-json\/wp\/v2\/comments?post=102790"}],"version-history":[{"count":1,"href":"https:\/\/brandss.com.py\/index\/wp-json\/wp\/v2\/product\/102790\/revisions"}],"predecessor-version":[{"id":102793,"href":"https:\/\/brandss.com.py\/index\/wp-json\/wp\/v2\/product\/102790\/revisions\/102793"}],"wp:featuredmedia":[{"embeddable":true,"href":"https:\/\/brandss.com.py\/index\/wp-json\/wp\/v2\/media\/102791"}],"wp:attachment":[{"href":"https:\/\/brandss.com.py\/index\/wp-json\/wp\/v2\/media?parent=102790"}],"wp:term":[{"taxonomy":"product_brand","embeddable":true,"href":"https:\/\/brandss.com.py\/index\/wp-json\/wp\/v2\/product_brand?post=102790"},{"taxonomy":"product_cat","embeddable":true,"href":"https:\/\/brandss.com.py\/index\/wp-json\/wp\/v2\/product_cat?post=102790"},{"taxonomy":"product_tag","embeddable":true,"href":"https:\/\/brandss.com.py\/index\/wp-json\/wp\/v2\/product_tag?post=102790"}],"curies":[{"name":"wp","href":"https:\/\/api.w.org\/{rel}","templated":true}]}}