{"id":102863,"date":"2026-04-28T11:37:39","date_gmt":"2026-04-28T11:37:39","guid":{"rendered":"https:\/\/brandss.com.py\/index\/?post_type=product&#038;p=102863"},"modified":"2026-04-28T11:37:59","modified_gmt":"2026-04-28T11:37:59","slug":"perfume-masculino-camara-monarch-man-edp-90ml","status":"publish","type":"product","link":"https:\/\/brandss.com.py\/index\/producto\/perfume-masculino-camara-monarch-man-edp-90ml\/","title":{"rendered":"PERFUME MASCULINO CAMARA MONARCH MAN EDP 90ML"},"content":{"rendered":"<p><img loading=\"lazy\" decoding=\"async\" class=\"\" src=\"https:\/\/aunmasguapa.com\/cdn\/shop\/collections\/Captura_de_pantalla_2025-01-12_a_las_20.12.24.png?v=1736709579&amp;width=1500\" alt=\"PERFUME FEMENINO CAMARA POSH POWDERY EDP 100ML \u2013 Brands\" width=\"107\" height=\"99\" \/><\/p>\n<h3>MONARCH MAN<\/h3>\n<p>La fragancia est\u00e1 pensada para el hombre aut\u00e9ntico. Perfecta para cualquier \u00e9poca del a\u00f1o, el hombre Monarch es descrito por sus seguidores como un hombre pulcro, elegante, amable y seguro de s\u00ed mismo. Monarch es una fragancia ideal tanto para la oficina como para salir por la noche.<\/p>\n<h3>Notas Olfativas<\/h3>\n<p>Monarch Homme es una fragancia de la familia olfativa Amaderada Especiada para Hombres.\u00a0Monarch Homme\u00a0se lanz\u00f3 en 2019.<\/p>\n<p><span dir=\"auto\"><strong>Notas de salida:<\/strong> picante, terpeno, especiado.<\/span><\/p>\n<p><span dir=\"auto\"><strong>Notas de coraz\u00f3n:<\/strong> cuero, madera de cedro, madera de guayaco.<\/span><\/p>\n<p><span dir=\"auto\"><strong>Notas de fondo:<\/strong> pachul\u00ed, terroso, \u00e1mbar.<\/span><\/p>\n","protected":false},"excerpt":{"rendered":"<p>MONARCH MAN La fragancia est\u00e1 pensada para el hombre aut\u00e9ntico. Perfecta para cualquier \u00e9poca del a\u00f1o, el hombre Monarch es<\/p>\n","protected":false},"featured_media":102864,"comment_status":"open","ping_status":"closed","template":"","meta":{"nf_dc_page":""},"product_brand":[1992],"product_cat":[84],"product_tag":[3599],"class_list":{"0":"post-102863","1":"product","2":"type-product","3":"status-publish","4":"has-post-thumbnail","6":"product_brand-camara","7":"product_cat-perfumeria","8":"product_tag-3599","10":"first","11":"instock","12":"shipping-taxable","13":"purchasable","14":"product-type-simple"},"_links":{"self":[{"href":"https:\/\/brandss.com.py\/index\/wp-json\/wp\/v2\/product\/102863","targetHints":{"allow":["GET"]}}],"collection":[{"href":"https:\/\/brandss.com.py\/index\/wp-json\/wp\/v2\/product"}],"about":[{"href":"https:\/\/brandss.com.py\/index\/wp-json\/wp\/v2\/types\/product"}],"replies":[{"embeddable":true,"href":"https:\/\/brandss.com.py\/index\/wp-json\/wp\/v2\/comments?post=102863"}],"version-history":[{"count":1,"href":"https:\/\/brandss.com.py\/index\/wp-json\/wp\/v2\/product\/102863\/revisions"}],"predecessor-version":[{"id":102868,"href":"https:\/\/brandss.com.py\/index\/wp-json\/wp\/v2\/product\/102863\/revisions\/102868"}],"wp:featuredmedia":[{"embeddable":true,"href":"https:\/\/brandss.com.py\/index\/wp-json\/wp\/v2\/media\/102864"}],"wp:attachment":[{"href":"https:\/\/brandss.com.py\/index\/wp-json\/wp\/v2\/media?parent=102863"}],"wp:term":[{"taxonomy":"product_brand","embeddable":true,"href":"https:\/\/brandss.com.py\/index\/wp-json\/wp\/v2\/product_brand?post=102863"},{"taxonomy":"product_cat","embeddable":true,"href":"https:\/\/brandss.com.py\/index\/wp-json\/wp\/v2\/product_cat?post=102863"},{"taxonomy":"product_tag","embeddable":true,"href":"https:\/\/brandss.com.py\/index\/wp-json\/wp\/v2\/product_tag?post=102863"}],"curies":[{"name":"wp","href":"https:\/\/api.w.org\/{rel}","templated":true}]}}